{"id":2314,"date":"2025-10-08T10:16:49","date_gmt":"2025-10-08T10:16:49","guid":{"rendered":"https:\/\/www.ull.es\/eventos\/genealogia-en-canarias\/?page_id=2314"},"modified":"2025-10-08T10:16:49","modified_gmt":"2025-10-08T10:16:49","slug":"creditos","status":"publish","type":"page","link":"https:\/\/www.ull.es\/eventos\/genealogia-en-canarias\/creditos\/","title":{"rendered":"Cr\u00e9ditos"},"content":{"rendered":"<h2>Comisarios<\/h2>\n<p>Jos\u00e9 Antonio Gonz\u00e1lez Marrero<br \/>\nProfesor Titular de Filolog\u00eda Latina de la Universidad de La laguna<\/p>\n<p>Mar\u00eda Candelaria Gonz\u00e1lez Gonz\u00e1lez<br \/>\nResponsable del Fondo Antiguo de la Biblioteca de la Universidad de La laguna<\/p>\n<h2>Equipo de la exposici\u00f3n<\/h2>\n<p>Fernando D. Rossi-Ferraroli Delgado (presidente de la SEGEHECA)<br \/>\nDolores Carmen Garc\u00eda-Ramos Medina<br \/>\nJos\u00e9 Manuel Erbez Rodr\u00edguez<br \/>\nDaniel Garc\u00eda Pulido<br \/>\nCarmen Lahuerta Hern\u00e1ndez<br \/>\nBeatriz Est\u00e9vez Almeda<\/p>\n<h2>Dise\u00f1o gr\u00e1fico<\/h2>\n<p>Ismael Garc\u00eda<\/p>\n","protected":false},"excerpt":{"rendered":"<p>Comisarios Jos\u00e9 Antonio Gonz\u00e1lez Marrero Profesor Titular de Filolog\u00eda Latina de la Universidad de La laguna Mar\u00eda Candelaria Gonz\u00e1lez Gonz\u00e1lez Responsable del Fondo Antiguo de la Biblioteca de la Universidad de La laguna Equipo de la exposici\u00f3n Fernando D. Rossi-Ferraroli Delgado (presidente de la SEGEHECA) Dolores Carmen Garc\u00eda-Ramos Medina Jos\u00e9 Manuel Erbez Rodr\u00edguez Daniel Garc\u00eda&#8230;<\/p>\n","protected":false},"author":41,"featured_media":0,"parent":0,"menu_order":0,"comment_status":"closed","ping_status":"closed","template":"","meta":{"footnotes":""},"class_list":["post-2314","page","type-page","status-publish","hentry"],"_links":{"self":[{"href":"https:\/\/www.ull.es\/eventos\/genealogia-en-canarias\/wp-json\/wp\/v2\/pages\/2314"}],"collection":[{"href":"https:\/\/www.ull.es\/eventos\/genealogia-en-canarias\/wp-json\/wp\/v2\/pages"}],"about":[{"href":"https:\/\/www.ull.es\/eventos\/genealogia-en-canarias\/wp-json\/wp\/v2\/types\/page"}],"author":[{"embeddable":true,"href":"https:\/\/www.ull.es\/eventos\/genealogia-en-canarias\/wp-json\/wp\/v2\/users\/41"}],"replies":[{"embeddable":true,"href":"https:\/\/www.ull.es\/eventos\/genealogia-en-canarias\/wp-json\/wp\/v2\/comments?post=2314"}],"version-history":[{"count":3,"href":"https:\/\/www.ull.es\/eventos\/genealogia-en-canarias\/wp-json\/wp\/v2\/pages\/2314\/revisions"}],"predecessor-version":[{"id":2344,"href":"https:\/\/www.ull.es\/eventos\/genealogia-en-canarias\/wp-json\/wp\/v2\/pages\/2314\/revisions\/2344"}],"wp:attachment":[{"href":"https:\/\/www.ull.es\/eventos\/genealogia-en-canarias\/wp-json\/wp\/v2\/media?parent=2314"}],"curies":[{"name":"wp","href":"https:\/\/api.w.org\/{rel}","templated":true}]}}