{"id":86,"date":"2021-02-01T12:30:38","date_gmt":"2021-02-01T12:30:38","guid":{"rendered":"http:\/\/www.ull.es\/eventos\/gonzalezvicen\/?page_id=86"},"modified":"2022-09-02T10:08:41","modified_gmt":"2022-09-02T10:08:41","slug":"biografia","status":"publish","type":"page","link":"https:\/\/www.ull.es\/eventos\/gonzalezvicen\/biografia\/","title":{"rendered":"Biograf\u00eda"},"content":{"rendered":"<p>[vc_row][vc_column width=\u00bb1\/4&#8243;][vc_empty_space][vc_custom_heading text=\u00bbFelipe Gonz\u00e1lez Vic\u00e9n\u00bb font_container=\u00bbtag:h1|font_size:3em|text_align:left|color:%23020202|line_height:100%25&#8243; google_fonts=\u00bbfont_family:Playfair%20Display%3Aregular%2Citalic%2C700%2C700italic%2C900%2C900italic|font_style:700%20bold%20italic%3A700%3Aitalic\u00bb link=\u00bburl:https%3A%2F%2Fwww.ull.es%2Feventos%2Fgonzalezvicen%2Fpresentacion%2F\u00bb][vc_empty_space][\/vc_column][vc_column width=\u00bb3\/4&#8243;][\/vc_column][\/vc_row][vc_row][vc_column width=\u00bb1\/4&#8243;][vc_separator color=\u00bbcustom\u00bb accent_color=\u00bb#8e8e8e\u00bb][vc_empty_space][vc_custom_heading text=\u00bbBiograf\u00eda\u00bb font_container=\u00bbtag:h2|text_align:left|color:%23020202&#8243; google_fonts=\u00bbfont_family:Playfair%20Display%3Aregular%2Citalic%2C700%2C700italic%2C900%2C900italic|font_style:400%20italic%3A400%3Aitalic\u00bb][\/vc_column][vc_column width=\u00bb3\/4&#8243;][vc_separator color=\u00bbcustom\u00bb accent_color=\u00bb#8e8e8e\u00bb][vc_tta_accordion active_section=\u00bb\u00bb no_fill=\u00bbtrue\u00bb collapsible_all=\u00bbtrue\u00bb][vc_tta_section title=\u00bbFormaci\u00f3n y primeros a\u00f1os de docencia (1908-1936)\u00bb tab_id=\u00bb1612440868367-7f679316-f018&#8243;][vc_media_grid element_width=\u00bb2&#8243; gap=\u00bb0&#8243; item=\u00bbmediaGrid_ScaleWithRotation\u00bb grid_id=\u00bbvc_gid:1619177254414-9fa827f3-239d-5&#8243; include=\u00bb163,326,186,164,325&#8243;][vc_column_text]<\/p>\n<div class=\"vc_tta-panel-body\">\n<div class=\"wpb_text_column wpb_content_element \">\n<div class=\"wpb_wrapper\">\n<p>Felipe Gonz\u00e1lez Vic\u00e9n recibe su formaci\u00f3n intelectual en los albores de la Segunda Rep\u00fablica, en una \u00e9poca de florecimiento cultural. En las aulas universitarias se puede escuchar a Cajal, a Ortega, a Unamuno, a Negr\u00edn, a Jim\u00e9nez de As\u00faa, a Gaos\u2026 En ese tiempo, adem\u00e1s, encuentra el empuje y la posibilidad de conocer otros mundos acad\u00e9micos como los de Cambridge o Marburgo.<\/p>\n<h4>1908<\/h4>\n<p>Nace en Santo\u00f1a (Santander).<\/p>\n<h4>1925<\/h4>\n<p>Comienza sus estudios superiores en las Universidades de Valladolid, Salamanca y Madrid. Su inter\u00e9s por la filosof\u00eda le har\u00e1 frecuentar las clases de Ortega, Besteiro y Gaos. En 1929 finaliza los estudios de Derecho en la Universidad de Salamanca.<\/p>\n<h4>1930-1932<\/h4>\n<p>Trabaja como Ayudante de C\u00e1tedra en la Universidad de Valladolid. Fue disc\u00edpulo de Recas\u00e9ns Siches. Imparte clases pr\u00e1cticas de Introducci\u00f3n a la Ciencia Jur\u00eddica y de Filosof\u00eda del Derecho. Colabora ocasionalmente en el diario <em>El Norte de Castilla. <\/em><\/p>\n<h4>1932<\/h4>\n<p>Desde el 4 de abril de 1932 ejerce de Profesor Auxiliar en la Facultad de Derecho de Valladolid. Es becado por la Junta de Ampliaci\u00f3n de Estudios en Italia, Inglaterra y Alemania. De ese per\u00edodo procede su inter\u00e9s por el pensamiento alem\u00e1n.<\/p>\n<p>Publica su primer libro <em>Teor\u00eda de la revoluci\u00f3n. Sistema e historia. <\/em><\/p>\n<h4>1933<\/h4>\n<p>Lee su Tesis Doctoral <em>Problemas en torno a la ruptura violenta del orden jur\u00eddico con especial consideraci\u00f3n del fen\u00f3meno revolucionario, <\/em>en la Universidad Central de Madrid. Entre los miembros del tribunal se encuentra Jos\u00e9 Ortega y Gasset. Elabora, en Berl\u00edn, su memoria de c\u00e1tedra bajo el t\u00edtulo<em> En torno a la esencia y m\u00e9todo de la filosof\u00eda del derecho.<\/em><\/p>\n<h4>1934<\/h4>\n<p>En Alemania conoce a Werner Krauss y, a trav\u00e9s de \u00e9ste, a la que ser\u00e1 su mujer Ruth D\u00f6rner.<\/p>\n<h4>1935<\/h4>\n<p>Obtiene la C\u00e1tedra de Filosof\u00eda del Derecho en la Universidad de Sevilla. Entre los miembros del tribunal de la oposici\u00f3n se encuentran Jos\u00e9 Gaos y Manuel Garc\u00eda Morente. Prepara la traducci\u00f3n de la obra <em>Filosof\u00eda del Derecho de Hegel <\/em>que publicar\u00e1 la editorial Revista de Occidente.<\/p>\n<h4>1936<\/h4>\n<p>Le sorprende el estallido de la Guerra Civil en Berl\u00edn, mientras se encontraba disfrutando de una beca concedida por la Universidad de Sevilla. En noviembre, decide incorporarse a la docencia en esta Universidad, pero ya se le hab\u00eda incoado expediente y se inclu\u00eda en la relaci\u00f3n del personal docente que hab\u00eda sido objeto de sanci\u00f3n (Bolet\u00edn Oficial del Estado, 3 de diciembre de 1936).<\/p>\n<h4>1937<\/h4>\n<p>Es separado de la docencia e inhabilitado para el desempe\u00f1o de cargos directivos y de confianza en instituciones culturales y de ense\u00f1anza. En abril, con la ayuda de familiares y amigos, sale de Espa\u00f1a y llega a Alemania, donde encontrar\u00e1 ciertas condiciones de subsistencia, trabajando como traductor y profesor de espa\u00f1ol en la Universidad de Berl\u00edn.<\/p>\n<\/div>\n<\/div>\n<\/div>\n<p>[\/vc_column_text][\/vc_tta_section][vc_tta_section title=\u00bbAlemania, entre cultura y barbarie (1937-1945)\u00bb tab_id=\u00bb1612440868389-7c913ecb-bd49&#8243;][vc_media_grid element_width=\u00bb2&#8243; gap=\u00bb0&#8243; item=\u00bbmediaGrid_ScaleWithRotation\u00bb grid_id=\u00bbvc_gid:1619177254416-d4fc06b7-bd02-0&#8243; include=\u00bb328,203,204,205,206&#8243;][vc_column_text]Felipe Gonz\u00e1lez Vic\u00e9n vivi\u00f3 con desgarramiento la miseria cotidiana, moral e intelectual que supusieron la guerra civil espa\u00f1ola y la Segunda Guerra Mundial. La hecatombe que asolaba a Europa daba cuenta no s\u00f3lo del fin de la \u00e9poca liberal, sino de que la cultura europea se asentaba sobre pilares de barro. De ello dan cuenta algunos de sus textos que se inscriben en este periodo.<\/p>\n<h4>1937<\/h4>\n<p>Se instala con su familia en Berl\u00edn. No corren buenos tiempos en Alemania: el ej\u00e9rcito alem\u00e1n se prepara para invadir Europa. Se inicia la atroz represi\u00f3n y se persigue a quienes no piensan seg\u00fan los c\u00e1nones del Partido Nacional-Socialista. Sin embargo, en ese mundo siniestro Gonz\u00e1lez Vic\u00e9n entabla contactos con intelectuales de la talla de H.-G. Gadamer, M. Kommerell, K. Vossler o W. Krauss. Publica <em>Deutsche und spanische Rechtsphilosophie der Gegenwart.<\/em> Rese\u00f1a obras de W. Krauss, K. Vossler o C. Coss\u00edo.<\/p>\n<h4>1938<\/h4>\n<p>Publica en la revista berlinesa <em>Geist der Zeit<\/em> \u00abUnamuno und das Problem Spaniens\u00bb.<\/p>\n<h4>1940<\/h4>\n<p>Pronuncia una conferencia en Leipzig titulada \u00abDonoso Cort\u00e9s als Deuter seiner Zeit\u00bb.<\/p>\n<h4>1941<\/h4>\n<p>Publica en <em>Geist der Zeit<\/em> \u00abDas Dekadenzproblem im nationalen Deken Spaniens um Jahrhundertwende\u00bb.<\/p>\n<p>Trabaja como lector de espa\u00f1ol en la Universidad de Berl\u00edn.<\/p>\n<h4>1943<\/h4>\n<p>Publica en<em> Romanische Forschungen<\/em> \u00abLa figura de Don Quijote y el donquijotismo en el pensamiento de Miguel de Unamuno\u00bb.<\/p>\n<h4>1944<\/h4>\n<p>La situaci\u00f3n en Alemania se hace insostenible. Felipe Gonz\u00e1lez Vic\u00e9n prepara su regreso a Espa\u00f1a.<\/p>\n<p>Traduce a K. Vossler, R. Guardini, H. Freyer y P. Rassow.[\/vc_column_text][\/vc_tta_section][vc_tta_section title=\u00bbLa Laguna : una soledad fruct\u00edfera (1946-1978)\u00bb tab_id=\u00bb1612441074477-275834db-f823&#8243;][vc_media_grid element_width=\u00bb2&#8243; gap=\u00bb0&#8243; item=\u00bbmediaGrid_ScaleWithRotation\u00bb grid_id=\u00bbvc_gid:1619177254416-b7c8d915-e9c1-9&#8243; include=\u00bb208,209,207,210,330&#8243;][vc_column_text]El magisterio de Felipe Gonz\u00e1lez Vic\u00e9n en la Universidad de La Laguna constituye un esfuerzo por introducir la gran cultura europea en las Islas. Desde 1946, alejado de los centros de producci\u00f3n intelectual, y en la soledad de La Laguna, Felipe Gonz\u00e1lez Vic\u00e9n pronuncia conferencias, traduce (del ingl\u00e9s, del franc\u00e9s, del italiano, del alem\u00e1n) y escribe numerosos trabajos. Su actividad te\u00f3rica da cuenta de que el aislamiento no ser\u00eda un obst\u00e1culo para situarse en el n\u00facleo de las cuestiones que ocupan a las figuras intelectuales de relieve internacional. Desde La Laguna mantiene contactos, entre otros, con Vossler, Gadamer, Schmitt, Harri Maier, Betti, Bobbio, Coss\u00edo, Recas\u00e9ns y Curtius. A partir de los a\u00f1os cincuenta ser\u00e1 Profesor visitante en Heidelberg. All\u00ed conocer\u00e1 a K. L\u00f6with.<\/p>\n<h4>1945<\/h4>\n<p>Se instala provisionalmente en Madrid donde trabaja como traductor para las editoriales Nueva \u00c9poca y Espasa Calpe.<\/p>\n<h4>1946<\/h4>\n<p>Se incorpora al servicio activo, siendo nombrado por O.M. de 27 de julio de 1946 catedr\u00e1tico de Filosof\u00eda del Derecho de la Universidad de La Laguna. Se traslada a Tenerife y fija su residencia en La Laguna. Inicia su actividad docente.<\/p>\n<p>Traduce obras de K. Vossler, R. Konetzke, J. Burckhardt, F. Guicciardini y W. Naef.<\/p>\n<h4>1947<\/h4>\n<p>Es nombrado Vicedecano de la Facultad de Derecho.<\/p>\n<p>El 3 de octubre, con motivo de la inauguraci\u00f3n del curso acad\u00e9mico 1947-1948, imparte la lecci\u00f3n titulada \u00abKant y la Filosof\u00eda del Estado\u00bb<\/p>\n<p>En ese a\u00f1o pronuncia m\u00faltiples conferencias, entre ellas, dos en Radio Club Tenerife, tituladas \u00abRainer Maria Rilke\u00bb (31.03.1947) y \u00abFausto y el mito de Occidente\u00bb (11.05.1947).<\/p>\n<h4>1948-50<\/h4>\n<p>Por estos a\u00f1os es miembro de distintos Organismos y Academias: Instituto Argentino de Filosof\u00eda Jur\u00eddica y Social (Buenos Aires),Internationale Vereinigung f\u00fcr Rechts und Sozialphilosophie (Berlin), Philosophische Gesellschaft (Leipzig), Museo Canario (Las Palmas de Gran Canaria) y colaborador del Instituto de Estudios Pol\u00edticos (Madrid). Traduce a G. Berkeley, G.B. Vico y H.V. Kleist.<\/p>\n<h4>1951-62<\/h4>\n<p>Contin\u00faa con su labor docente en la Universidad de La Laguna que combina con varias estancias en la Universidad de Heidelberg. Es un per\u00edodo en el que destaca su actividad como conferenciante y traductor. Lleva a cabo traducciones de J. Austin, F. Nietzsche, I. Kant, J.J. Bachofen, H. Welzel, A. Hauser y E.v. Aster.<\/p>\n<h4><i> <\/i>1952<\/h4>\n<p>Aparece publicada <i>La Filosof\u00eda<\/i><i> del Estado en Kant<\/i> [Lecci\u00f3n inaugural del<i> <\/i>Curso 1947-1948].<\/p>\n<h4>1963<\/h4>\n<p>Es nombrado Decano de la Facultad de Derecho.<\/p>\n<h4>1976<\/h4>\n<p>Es nombrado Rector en funciones de la Universidad de La Laguna.<\/p>\n<h4>1978<\/h4>\n<p>Se jubila como profesor de la Universidad de La Laguna.[\/vc_column_text][\/vc_tta_section][vc_tta_section title=\u00bbLa Laguna: \u00faltimos a\u00f1os (1979-1991)\u00bb tab_id=\u00bb1612441110549-5c8273b6-d9a4&#8243;][vc_media_grid element_width=\u00bb2&#8243; gap=\u00bb0&#8243; item=\u00bbmediaGrid_ScaleWithRotation\u00bb grid_id=\u00bbvc_gid:1619177254417-d6b3055d-036e-8&#8243; include=\u00bb211,212,332,213,214&#8243;][vc_column_text]Despu\u00e9s de pronunciar, en 1978, en el acto homenaje de la Facultad de Derecho la que ser\u00eda su \u00faltima lecci\u00f3n, Felipe Gonz\u00e1lez Vic\u00e9n concluye su actividad docente. Ello le permite retomar trabajos inacabados y reanudar con intensidad su actividad de traductor e investigador. De esta \u00e9poca cabr\u00eda destacar su espl\u00e9ndida traducci\u00f3n de <em>El principio esperanza<\/em> de Ernst Bloch o su trabajo sobre \u00abLa obediencia al Derecho\u00bb (que refleja un elemento de continuidad con respecto a sus primeros trabajos) y que suscitar\u00eda un interesante debate. Gonzalez Vic\u00e9n continuar\u00e1 investigando y escribiendo hasta sus \u00faltimos d\u00edas. En este periodo su labor comienza a tener un cierto reconocimiento p\u00fablico.<\/p>\n<h4>1978<\/h4>\n<p>Con motivo de su jubilaci\u00f3n, la Universidad de La Laguna celebra un acto de homenaje en el Aula Magna de la Facultad de Derecho.<\/p>\n<h4>1980<\/h4>\n<p>La Facultad de Derecho le rinde un homenaje, mediante la presentaci\u00f3n y edici\u00f3n de la obra recopilatoria de sus trabajos titulada <em>Estudios de Filosof\u00eda del Derecho<\/em>. Entre ellos, aparece su trabajo in\u00e9dito \u00abLa obediencia al Derecho\u00bb.<\/p>\n<h4>1987<\/h4>\n<p>Se le concede la Medalla de Oro de la Universidad de La Laguna.<\/p>\n<p>Se le otorga la Gran Cruz de la Orden Civil de Alfonso X el Sabio.<\/p>\n<p>La Universidad de Alicante le rinde un homenaje en la ciudad de Elche.<\/p>\n<p>La Universidad Internacional Men\u00e9ndez y Pelayo le concede la Medalla de Honor.<\/p>\n<h4>1990<\/h4>\n<p>Publica su \u00faltima rese\u00f1a en el n\u00fam. 97 de la revista <em>Sistema <\/em>publica su \u00faltima rese\u00f1a, dedicada a la obra <em>Kant despu\u00e9s de Kant. E<\/em><em>n el bicentenario de la Cr\u00edtica de la raz\u00f3n pr\u00e1ctica<\/em>. En esta obra Gonz\u00e1lez Vic\u00e9n tambi\u00e9n publica la \u00abLecci\u00f3n inaugural\u00bb.<\/p>\n<h4>1991<\/h4>\n<p>El 22 de febrero, a los 83 a\u00f1os de edad, fallece en su domicilio lagunero.[\/vc_column_text][\/vc_tta_section][\/vc_tta_accordion][vc_empty_space][vc_separator color=\u00bbcustom\u00bb accent_color=\u00bb#8e8e8e\u00bb][\/vc_column][\/vc_row]<\/p>\n","protected":false},"excerpt":{"rendered":"<p>[vc_row][vc_column width=\u00bb1\/4&#8243;][vc_empty_space][vc_custom_heading text=\u00bbFelipe Gonz\u00e1lez Vic\u00e9n\u00bb font_container=\u00bbtag:h1|font_size:3em|text_align:left|color:%23020202|line_height:100%25&#8243; google_fonts=\u00bbfont_family:Playfair%20Display%3Aregular%2Citalic%2C700%2C700italic%2C900%2C900italic|font_style:700%20bold%20italic%3A700%3Aitalic\u00bb link=\u00bburl:https%3A%2F%2Fwww.ull.es%2Feventos%2Fgonzalezvicen%2Fpresentacion%2F\u00bb][vc_empty_space][\/vc_column][vc_column width=\u00bb3\/4&#8243;][\/vc_column][\/vc_row][vc_row][vc_column width=\u00bb1\/4&#8243;][vc_separator color=\u00bbcustom\u00bb accent_color=\u00bb#8e8e8e\u00bb][vc_empty_space][vc_custom_heading text=\u00bbBiograf\u00eda\u00bb font_container=\u00bbtag:h2|text_align:left|color:%23020202&#8243; google_fonts=\u00bbfont_family:Playfair%20Display%3Aregular%2Citalic%2C700%2C700italic%2C900%2C900italic|font_style:400%20italic%3A400%3Aitalic\u00bb][\/vc_column][vc_column width=\u00bb3\/4&#8243;][vc_separator color=\u00bbcustom\u00bb accent_color=\u00bb#8e8e8e\u00bb][vc_tta_accordion active_section=\u00bb\u00bb no_fill=\u00bbtrue\u00bb collapsible_all=\u00bbtrue\u00bb][vc_tta_section title=\u00bbFormaci\u00f3n y primeros a\u00f1os de docencia (1908-1936)\u00bb tab_id=\u00bb1612440868367-7f679316-f018&#8243;][vc_media_grid element_width=\u00bb2&#8243; gap=\u00bb0&#8243; item=\u00bbmediaGrid_ScaleWithRotation\u00bb grid_id=\u00bbvc_gid:1619177254414-9fa827f3-239d-5&#8243; include=\u00bb163,326,186,164,325&#8243;][vc_column_text] Felipe Gonz\u00e1lez Vic\u00e9n recibe su formaci\u00f3n intelectual en los albores de la Segunda Rep\u00fablica, en una \u00e9poca de florecimiento cultural. En&#8230;<\/p>\n","protected":false},"author":14,"featured_media":0,"parent":0,"menu_order":0,"comment_status":"closed","ping_status":"closed","template":"templates\/template-no-title.php","meta":{"footnotes":""},"class_list":["post-86","page","type-page","status-publish","hentry"],"_links":{"self":[{"href":"https:\/\/www.ull.es\/eventos\/gonzalezvicen\/wp-json\/wp\/v2\/pages\/86"}],"collection":[{"href":"https:\/\/www.ull.es\/eventos\/gonzalezvicen\/wp-json\/wp\/v2\/pages"}],"about":[{"href":"https:\/\/www.ull.es\/eventos\/gonzalezvicen\/wp-json\/wp\/v2\/types\/page"}],"author":[{"embeddable":true,"href":"https:\/\/www.ull.es\/eventos\/gonzalezvicen\/wp-json\/wp\/v2\/users\/14"}],"replies":[{"embeddable":true,"href":"https:\/\/www.ull.es\/eventos\/gonzalezvicen\/wp-json\/wp\/v2\/comments?post=86"}],"version-history":[{"count":44,"href":"https:\/\/www.ull.es\/eventos\/gonzalezvicen\/wp-json\/wp\/v2\/pages\/86\/revisions"}],"predecessor-version":[{"id":340,"href":"https:\/\/www.ull.es\/eventos\/gonzalezvicen\/wp-json\/wp\/v2\/pages\/86\/revisions\/340"}],"wp:attachment":[{"href":"https:\/\/www.ull.es\/eventos\/gonzalezvicen\/wp-json\/wp\/v2\/media?parent=86"}],"curies":[{"name":"wp","href":"https:\/\/api.w.org\/{rel}","templated":true}]}}