{"id":226,"date":"2024-04-08T12:26:23","date_gmt":"2024-04-08T12:26:23","guid":{"rendered":"https:\/\/www.ull.es\/eventos\/hacer-historia\/?page_id=226"},"modified":"2024-04-25T13:07:08","modified_gmt":"2024-04-25T13:07:08","slug":"el-archivo-de-la-transicion-democratica-en-canarias-atdc-de-la-biblioteca-de-la-ull","status":"publish","type":"page","link":"https:\/\/www.ull.es\/eventos\/hacer-historia\/el-archivo-de-la-transicion-democratica-en-canarias-atdc-de-la-biblioteca-de-la-ull\/","title":{"rendered":"El Archivo de la Transici\u00f3n Democr\u00e1tica en Canarias (ATDC)\u00a0de la Biblioteca de la ULL"},"content":{"rendered":"\n<div class=\"wp-block-columns is-layout-flex wp-container-core-columns-is-layout-7 wp-block-columns-is-layout-flex\">\n<div class=\"wp-block-column is-layout-flow wp-block-column-is-layout-flow\" style=\"flex-basis:75%\">\n<div class=\"wp-block-columns is-layout-flex wp-container-core-columns-is-layout-1 wp-block-columns-is-layout-flex\">\n<div class=\"wp-block-column is-layout-flow wp-block-column-is-layout-flow\" style=\"flex-basis:33.33%\"><\/div>\n\n\n\n<div class=\"wp-block-column is-layout-flow wp-block-column-is-layout-flow\" style=\"flex-basis:66.66%\"><h2 class=\"wp-block-post-title\">El Archivo de la Transici\u00f3n Democr\u00e1tica en Canarias (ATDC)\u00a0de la Biblioteca de la ULL<\/h2><\/div>\n<\/div>\n\n\n\n<div class=\"wp-block-columns is-layout-flex wp-container-core-columns-is-layout-2 wp-block-columns-is-layout-flex\">\n<div class=\"wp-block-column is-layout-flow wp-block-column-is-layout-flow\" style=\"flex-basis:66.66%\"><\/div>\n\n\n\n<div class=\"wp-block-column is-layout-flow wp-block-column-is-layout-flow\" style=\"flex-basis:33.33%\"><\/div>\n<\/div>\n\n\n\n<div class=\"wp-block-columns is-layout-flex wp-container-core-columns-is-layout-3 wp-block-columns-is-layout-flex\">\n<div class=\"wp-block-column is-layout-flow wp-block-column-is-layout-flow\" style=\"flex-basis:33.33%\"><\/div>\n\n\n\n<div class=\"wp-block-column is-layout-flow wp-block-column-is-layout-flow\" style=\"flex-basis:66.66%\">\n<p>El <em>Archivo Hist\u00f3rico de la Transici\u00f3n Democr\u00e1tica en Canarias <\/em>(ATDC)<em> <\/em>es un proyecto iniciado en el a\u00f1o 2002 por la Biblioteca y el Departamento de Historia de la Universidad de La Laguna -al que m\u00e1s recientemente se uni\u00f3 el Departamento de Sociolog\u00eda y Antropolog\u00eda- con el objetivo de reunir, conservar y preservar en las mejores condiciones posibles la documentaci\u00f3n producida durante el tardofranquismo, la transici\u00f3n pol\u00edtica y la consolidaci\u00f3n de la democracia en las Islas. Su objetivo fundamental es facilitar el uso y consulta del personal investigador y de ciudadan\u00eda interesada en este periodo, mediante la digitalizaci\u00f3n de estos materiales, contribuyendo de este modo a preservar la memoria democr\u00e1tica de las Islas junto a otros proyectos similares.<\/p>\n<\/div>\n<\/div>\n\n\n\n<div style=\"height:60px\" aria-hidden=\"true\" class=\"wp-block-spacer\"><\/div>\n\n\n\n<div class=\"wp-block-columns is-layout-flex wp-container-core-columns-is-layout-4 wp-block-columns-is-layout-flex\">\n<div class=\"wp-block-column is-layout-flow wp-block-column-is-layout-flow\" style=\"flex-basis:90%\">\n<figure class=\"wp-block-gallery has-nested-images columns-4 is-cropped wp-block-gallery-1 is-layout-flex wp-block-gallery-is-layout-flex\">\n<figure class=\"wp-block-image size-large is-style-default\"><a href=\"http:\/\/www.ull.es\/eventos\/hacer-historia\/wp-content\/uploads\/sites\/56\/2024\/04\/Foto-006_96ppp.jpg\" target=\"_blank\" rel=\"noopener\"><img loading=\"lazy\" decoding=\"async\" width=\"1024\" height=\"576\" src=\"http:\/\/www.ull.es\/eventos\/hacer-historia\/wp-content\/uploads\/sites\/56\/2024\/04\/Foto-006_96ppp-1024x576.jpg\" alt=\"\" class=\"wp-image-228\" srcset=\"https:\/\/www.ull.es\/eventos\/hacer-historia\/wp-content\/uploads\/sites\/56\/2024\/04\/Foto-006_96ppp-1024x576.jpg 1024w, https:\/\/www.ull.es\/eventos\/hacer-historia\/wp-content\/uploads\/sites\/56\/2024\/04\/Foto-006_96ppp-300x169.jpg 300w, https:\/\/www.ull.es\/eventos\/hacer-historia\/wp-content\/uploads\/sites\/56\/2024\/04\/Foto-006_96ppp-768x432.jpg 768w, https:\/\/www.ull.es\/eventos\/hacer-historia\/wp-content\/uploads\/sites\/56\/2024\/04\/Foto-006_96ppp-375x211.jpg 375w, https:\/\/www.ull.es\/eventos\/hacer-historia\/wp-content\/uploads\/sites\/56\/2024\/04\/Foto-006_96ppp-750x422.jpg 750w, https:\/\/www.ull.es\/eventos\/hacer-historia\/wp-content\/uploads\/sites\/56\/2024\/04\/Foto-006_96ppp-1140x641.jpg 1140w, https:\/\/www.ull.es\/eventos\/hacer-historia\/wp-content\/uploads\/sites\/56\/2024\/04\/Foto-006_96ppp.jpg 1280w\" sizes=\"(max-width: 1024px) 100vw, 1024px\" \/><\/a><\/figure>\n\n\n\n<figure class=\"wp-block-image size-large\"><a href=\"http:\/\/www.ull.es\/eventos\/hacer-historia\/wp-content\/uploads\/sites\/56\/2024\/04\/Foto-007-scaled.jpg\" target=\"_blank\" rel=\"noopener\"><img loading=\"lazy\" decoding=\"async\" width=\"709\" height=\"1024\" src=\"http:\/\/www.ull.es\/eventos\/hacer-historia\/wp-content\/uploads\/sites\/56\/2024\/04\/Foto-007-709x1024.jpg\" alt=\"\" class=\"wp-image-229\" srcset=\"https:\/\/www.ull.es\/eventos\/hacer-historia\/wp-content\/uploads\/sites\/56\/2024\/04\/Foto-007-709x1024.jpg 709w, https:\/\/www.ull.es\/eventos\/hacer-historia\/wp-content\/uploads\/sites\/56\/2024\/04\/Foto-007-208x300.jpg 208w, https:\/\/www.ull.es\/eventos\/hacer-historia\/wp-content\/uploads\/sites\/56\/2024\/04\/Foto-007-768x1109.jpg 768w, https:\/\/www.ull.es\/eventos\/hacer-historia\/wp-content\/uploads\/sites\/56\/2024\/04\/Foto-007-1063x1536.jpg 1063w, https:\/\/www.ull.es\/eventos\/hacer-historia\/wp-content\/uploads\/sites\/56\/2024\/04\/Foto-007-1418x2048.jpg 1418w, https:\/\/www.ull.es\/eventos\/hacer-historia\/wp-content\/uploads\/sites\/56\/2024\/04\/Foto-007-375x542.jpg 375w, https:\/\/www.ull.es\/eventos\/hacer-historia\/wp-content\/uploads\/sites\/56\/2024\/04\/Foto-007-750x1083.jpg 750w, https:\/\/www.ull.es\/eventos\/hacer-historia\/wp-content\/uploads\/sites\/56\/2024\/04\/Foto-007-1140x1647.jpg 1140w, https:\/\/www.ull.es\/eventos\/hacer-historia\/wp-content\/uploads\/sites\/56\/2024\/04\/Foto-007-scaled.jpg 1772w\" sizes=\"(max-width: 709px) 100vw, 709px\" \/><\/a><\/figure>\n\n\n\n<figure class=\"wp-block-image size-large\"><a href=\"http:\/\/www.ull.es\/eventos\/hacer-historia\/wp-content\/uploads\/sites\/56\/2024\/04\/Foto-005_96ppp.jpg\" target=\"_blank\" rel=\"noopener\"><img loading=\"lazy\" decoding=\"async\" width=\"1024\" height=\"576\" src=\"http:\/\/www.ull.es\/eventos\/hacer-historia\/wp-content\/uploads\/sites\/56\/2024\/04\/Foto-005_96ppp-1024x576.jpg\" alt=\"\" class=\"wp-image-227\" srcset=\"https:\/\/www.ull.es\/eventos\/hacer-historia\/wp-content\/uploads\/sites\/56\/2024\/04\/Foto-005_96ppp-1024x576.jpg 1024w, https:\/\/www.ull.es\/eventos\/hacer-historia\/wp-content\/uploads\/sites\/56\/2024\/04\/Foto-005_96ppp-300x169.jpg 300w, https:\/\/www.ull.es\/eventos\/hacer-historia\/wp-content\/uploads\/sites\/56\/2024\/04\/Foto-005_96ppp-768x432.jpg 768w, https:\/\/www.ull.es\/eventos\/hacer-historia\/wp-content\/uploads\/sites\/56\/2024\/04\/Foto-005_96ppp-1536x864.jpg 1536w, https:\/\/www.ull.es\/eventos\/hacer-historia\/wp-content\/uploads\/sites\/56\/2024\/04\/Foto-005_96ppp-375x211.jpg 375w, https:\/\/www.ull.es\/eventos\/hacer-historia\/wp-content\/uploads\/sites\/56\/2024\/04\/Foto-005_96ppp-750x422.jpg 750w, https:\/\/www.ull.es\/eventos\/hacer-historia\/wp-content\/uploads\/sites\/56\/2024\/04\/Foto-005_96ppp-1140x641.jpg 1140w, https:\/\/www.ull.es\/eventos\/hacer-historia\/wp-content\/uploads\/sites\/56\/2024\/04\/Foto-005_96ppp.jpg 2048w\" sizes=\"(max-width: 1024px) 100vw, 1024px\" \/><\/a><\/figure>\n<figcaption class=\"blocks-gallery-caption wp-element-caption\"><code><br>Diversas im\u00e1genes del Archivo de la Transici\u00f3n Democr\u00e1tica en Canaria<\/code><br><br><code><br>Ecos: Estudios y correspondencia obrera y socialista. Tenerife: Uni\u00f3n General de Trabajadores de Espa\u00f1a, Federaci\u00f3n de Tenerife, 1975.<\/code><br><br><code><br>Algunos de los m\u00e1s de 1500 t\u00edtulos de publicaciones peri\u00f3dicas que se encuentran en el ATDC<\/code><br><\/figcaption><\/figure>\n<\/div>\n\n\n\n<div class=\"wp-block-column is-layout-flow wp-block-column-is-layout-flow\" style=\"flex-basis:10%\"><\/div>\n<\/div>\n\n\n\n<div style=\"height:60px\" aria-hidden=\"true\" class=\"wp-block-spacer\"><\/div>\n\n\n\n<div class=\"wp-block-columns is-layout-flex wp-container-core-columns-is-layout-5 wp-block-columns-is-layout-flex\">\n<div class=\"wp-block-column is-layout-flow wp-block-column-is-layout-flow\" style=\"flex-basis:33.33%\"><\/div>\n\n\n\n<div class=\"wp-block-column is-layout-flow wp-block-column-is-layout-flow\" style=\"flex-basis:66.66%\">\n<p>Con&nbsp; la creaci\u00f3n en 2018 de un grupo de trabajo formado por profesorado de los Departamentos de Historia y Sociolog\u00eda, personal t\u00e9cnico de la Biblioteca, personas voluntarias jubiladas y alumnado de la titulaci\u00f3n de Historia, el proyecto ha comenzado a tener frutos m\u00e1s visibles. El apoyo de la Direcci\u00f3n General de Patrimonio Cultural, a trav\u00e9s del Convenio de Colaboraci\u00f3n entre el Gobierno de Canarias y la Universidad de La Laguna, ha supuesto un espaldarazo decisivo al facilitar la incorporaci\u00f3n, con dedicaci\u00f3n exclusiva, de personal t\u00e9cnico especializado a las labores del Archivo.<\/p>\n\n\n\n<p>El ATDC es un archivo en construcci\u00f3n, que ha ido conform\u00e1ndose a partir de la importante donaci\u00f3n del profesor Jos\u00e9 Luis Escohotado, a la que han seguido m\u00e1s de una veintena de donaciones de variado tama\u00f1o e importancia. Si bien los fondos y colecciones incorporados hasta ahora provienen mayoritariamente del espectro de la izquierda pol\u00edtica canaria, se persigue la&nbsp; incorporaci\u00f3n de fondos de otras personas y organizaciones de todo el espectro pol\u00edtico, sindical o social, que hayan desplegado su actividad en las Islas.<\/p>\n\n\n\n<p>La mayor parte de la documentaci\u00f3n custodiada en el ATDC es de \u00e1mbito canario, aunque tambi\u00e9n hay documentaci\u00f3n estatal o internacional. Su contenido es eminentemente pol\u00edtico y abarca los m\u00e1s diversos temas del per\u00edodo. Al tratarse de documentaci\u00f3n generada por un ampl\u00edsimo conjunto de entidades (sindicatos, partidos o asociaciones vecinales, feministas, ecologistas, antimilitaristas, estudiantiles y ciudadanas) podemos afirmar que el ATDC constituye tambi\u00e9n una suerte de archivo hist\u00f3rico de los movimientos sociales que han desarrollado su actividad en las Islas.Finalmente, antes de entrar a detallar algunas de las donaciones que componen el ATDC, daremos algunos datos globales que ayuden a dimensionar y visualizar el volumen de documentaci\u00f3n de diversa tipolog\u00eda con que cuenta en la actualidad: 1525 t\u00edtulos de publicaciones peri\u00f3dicas (455 de ellas canarias); m\u00e1s de 400 archivadores de otros documentos textuales; 1550 carteles; 1784 pegatinas; 1614 fotograf\u00edas; en torno a 100 documentos sonoros (entrevistas personales, grabaciones diversas en casetes, algunos discos&#8230;); 100 documentos audiovisuales aprox.; un n\u00famero incontable de otros materiales gr\u00e1ficos as\u00ed como diversos objetos (radio, banderas, etc.).<\/p>\n<\/div>\n<\/div>\n\n\n\n<div style=\"height:60px\" aria-hidden=\"true\" class=\"wp-block-spacer\"><\/div>\n\n\n\n<div class=\"wp-block-columns is-layout-flex wp-container-core-columns-is-layout-6 wp-block-columns-is-layout-flex\">\n<div class=\"wp-block-column is-layout-flow wp-block-column-is-layout-flow\" style=\"flex-basis:33.33%\"><\/div>\n\n\n\n<div class=\"wp-block-column is-layout-flow wp-block-column-is-layout-flow\" style=\"flex-basis:66.66%\">\n<div style=\"height:40px\" aria-hidden=\"true\" class=\"wp-block-spacer\"><\/div>\n\n\n\n<h5 class=\"wp-block-heading\">Materiales expuestos<\/h5>\n\n\n\n<iframe loading=\"lazy\" width=\"560\" height=\"315\" src=\"https:\/\/www.youtube.com\/embed\/Mymmsr3RSlE?si=ouXP86aGyQxf3mpK\" title=\"YouTube video player\" frameborder=\"0\" allow=\"accelerometer; autoplay; clipboard-write; encrypted-media; gyroscope; picture-in-picture; web-share\" referrerpolicy=\"strict-origin-when-cross-origin\" allowfullscreen><\/iframe>\n<\/div>\n<\/div>\n<\/div>\n\n\n\n<div class=\"wp-block-column is-layout-flow wp-block-column-is-layout-flow\" style=\"flex-basis:25%\"><\/div>\n<\/div>\n","protected":false},"excerpt":{"rendered":"<p>El Archivo Hist\u00f3rico de la Transici\u00f3n Democr\u00e1tica en Canarias (ATDC) es un proyecto iniciado en el a\u00f1o 2002 por la Biblioteca y el Departamento de Historia de la Universidad de La Laguna -al que m\u00e1s recientemente se uni\u00f3 el Departamento de Sociolog\u00eda y Antropolog\u00eda- con el objetivo de reunir, conservar y preservar en las mejores&#8230;<\/p>\n","protected":false},"author":14,"featured_media":0,"parent":0,"menu_order":0,"comment_status":"closed","ping_status":"closed","template":"templates\/template-no-title.php","meta":{"footnotes":""},"class_list":["post-226","page","type-page","status-publish","hentry"],"_links":{"self":[{"href":"https:\/\/www.ull.es\/eventos\/hacer-historia\/wp-json\/wp\/v2\/pages\/226"}],"collection":[{"href":"https:\/\/www.ull.es\/eventos\/hacer-historia\/wp-json\/wp\/v2\/pages"}],"about":[{"href":"https:\/\/www.ull.es\/eventos\/hacer-historia\/wp-json\/wp\/v2\/types\/page"}],"author":[{"embeddable":true,"href":"https:\/\/www.ull.es\/eventos\/hacer-historia\/wp-json\/wp\/v2\/users\/14"}],"replies":[{"embeddable":true,"href":"https:\/\/www.ull.es\/eventos\/hacer-historia\/wp-json\/wp\/v2\/comments?post=226"}],"version-history":[{"count":14,"href":"https:\/\/www.ull.es\/eventos\/hacer-historia\/wp-json\/wp\/v2\/pages\/226\/revisions"}],"predecessor-version":[{"id":674,"href":"https:\/\/www.ull.es\/eventos\/hacer-historia\/wp-json\/wp\/v2\/pages\/226\/revisions\/674"}],"wp:attachment":[{"href":"https:\/\/www.ull.es\/eventos\/hacer-historia\/wp-json\/wp\/v2\/media?parent=226"}],"curies":[{"name":"wp","href":"https:\/\/api.w.org\/{rel}","templated":true}]}}

El Archivo de la Transición Democrática en Canarias (ATDC) de la Biblioteca de la ULL

<div class="wp-block-columns is-layout-flex wp-container-core-columns-is-layout-7 wp-block-columns-is-layout-flex">
<div class="wp-block-column is-layout-flow wp-block-column-is-layout-flow" style="flex-basis:75%">
<div class="wp-block-columns is-layout-flex wp-container-core-columns-is-layout-1 wp-block-columns-is-layout-flex">
<div class="wp-block-column is-layout-flow wp-block-column-is-layout-flow" style="flex-basis:33.33%"></div>



<div class="wp-block-column is-layout-flow wp-block-column-is-layout-flow" style="flex-basis:66.66%"><h2 class="wp-block-post-title">El Archivo de la Transición Democrática en Canarias (ATDC) de la Biblioteca de la ULL</h2></div>
</div>



<div class="wp-block-columns is-layout-flex wp-container-core-columns-is-layout-2 wp-block-columns-is-layout-flex">
<div class="wp-block-column is-layout-flow wp-block-column-is-layout-flow" style="flex-basis:66.66%"></div>



<div class="wp-block-column is-layout-flow wp-block-column-is-layout-flow" style="flex-basis:33.33%"></div>
</div>



<div class="wp-block-columns is-layout-flex wp-container-core-columns-is-layout-3 wp-block-columns-is-layout-flex">
<div class="wp-block-column is-layout-flow wp-block-column-is-layout-flow" style="flex-basis:33.33%"></div>



<div class="wp-block-column is-layout-flow wp-block-column-is-layout-flow" style="flex-basis:66.66%">
<p>El <em>Archivo Histórico de la Transición Democrática en Canarias </em>(ATDC)<em> </em>es un proyecto iniciado en el año 2002 por la Biblioteca y el Departamento de Historia de la Universidad de La Laguna -al que más recientemente se unió el Departamento de Sociología y Antropología- con el objetivo de reunir, conservar y preservar en las mejores condiciones posibles la documentación producida durante el tardofranquismo, la transición política y la consolidación de la democracia en las Islas. Su objetivo fundamental es facilitar el uso y consulta del personal investigador y de ciudadanía interesada en este periodo, mediante la digitalización de estos materiales, contribuyendo de este modo a preservar la memoria democrática de las Islas junto a otros proyectos similares.</p>
</div>
</div>



<div style="height:60px" aria-hidden="true" class="wp-block-spacer"></div>



<div class="wp-block-columns is-layout-flex wp-container-core-columns-is-layout-4 wp-block-columns-is-layout-flex">
<div class="wp-block-column is-layout-flow wp-block-column-is-layout-flow" style="flex-basis:90%">
<figure class="wp-block-gallery has-nested-images columns-4 is-cropped wp-block-gallery-1 is-layout-flex wp-block-gallery-is-layout-flex">
<figure class="wp-block-image size-large is-style-default"><a href="http://www.ull.es/eventos/hacer-historia/wp-content/uploads/sites/56/2024/04/Foto-006_96ppp.jpg" target="_blank" rel="noopener"><img loading="lazy" decoding="async" width="1024" height="576" src="http://www.ull.es/eventos/hacer-historia/wp-content/uploads/sites/56/2024/04/Foto-006_96ppp-1024x576.jpg" alt="" class="wp-image-228" srcset="https://www.ull.es/eventos/hacer-historia/wp-content/uploads/sites/56/2024/04/Foto-006_96ppp-1024x576.jpg 1024w, https://www.ull.es/eventos/hacer-historia/wp-content/uploads/sites/56/2024/04/Foto-006_96ppp-300x169.jpg 300w, https://www.ull.es/eventos/hacer-historia/wp-content/uploads/sites/56/2024/04/Foto-006_96ppp-768x432.jpg 768w, https://www.ull.es/eventos/hacer-historia/wp-content/uploads/sites/56/2024/04/Foto-006_96ppp-375x211.jpg 375w, https://www.ull.es/eventos/hacer-historia/wp-content/uploads/sites/56/2024/04/Foto-006_96ppp-750x422.jpg 750w, https://www.ull.es/eventos/hacer-historia/wp-content/uploads/sites/56/2024/04/Foto-006_96ppp-1140x641.jpg 1140w, https://www.ull.es/eventos/hacer-historia/wp-content/uploads/sites/56/2024/04/Foto-006_96ppp.jpg 1280w" sizes="(max-width: 1024px) 100vw, 1024px" /></a></figure>



<figure class="wp-block-image size-large"><a href="http://www.ull.es/eventos/hacer-historia/wp-content/uploads/sites/56/2024/04/Foto-007-scaled.jpg" target="_blank" rel="noopener"><img loading="lazy" decoding="async" width="709" height="1024" src="http://www.ull.es/eventos/hacer-historia/wp-content/uploads/sites/56/2024/04/Foto-007-709x1024.jpg" alt="" class="wp-image-229" srcset="https://www.ull.es/eventos/hacer-historia/wp-content/uploads/sites/56/2024/04/Foto-007-709x1024.jpg 709w, https://www.ull.es/eventos/hacer-historia/wp-content/uploads/sites/56/2024/04/Foto-007-208x300.jpg 208w, https://www.ull.es/eventos/hacer-historia/wp-content/uploads/sites/56/2024/04/Foto-007-768x1109.jpg 768w, https://www.ull.es/eventos/hacer-historia/wp-content/uploads/sites/56/2024/04/Foto-007-1063x1536.jpg 1063w, https://www.ull.es/eventos/hacer-historia/wp-content/uploads/sites/56/2024/04/Foto-007-1418x2048.jpg 1418w, https://www.ull.es/eventos/hacer-historia/wp-content/uploads/sites/56/2024/04/Foto-007-375x542.jpg 375w, https://www.ull.es/eventos/hacer-historia/wp-content/uploads/sites/56/2024/04/Foto-007-750x1083.jpg 750w, https://www.ull.es/eventos/hacer-historia/wp-content/uploads/sites/56/2024/04/Foto-007-1140x1647.jpg 1140w, https://www.ull.es/eventos/hacer-historia/wp-content/uploads/sites/56/2024/04/Foto-007-scaled.jpg 1772w" sizes="(max-width: 709px) 100vw, 709px" /></a></figure>



<figure class="wp-block-image size-large"><a href="http://www.ull.es/eventos/hacer-historia/wp-content/uploads/sites/56/2024/04/Foto-005_96ppp.jpg" target="_blank" rel="noopener"><img loading="lazy" decoding="async" width="1024" height="576" src="http://www.ull.es/eventos/hacer-historia/wp-content/uploads/sites/56/2024/04/Foto-005_96ppp-1024x576.jpg" alt="" class="wp-image-227" srcset="https://www.ull.es/eventos/hacer-historia/wp-content/uploads/sites/56/2024/04/Foto-005_96ppp-1024x576.jpg 1024w, https://www.ull.es/eventos/hacer-historia/wp-content/uploads/sites/56/2024/04/Foto-005_96ppp-300x169.jpg 300w, https://www.ull.es/eventos/hacer-historia/wp-content/uploads/sites/56/2024/04/Foto-005_96ppp-768x432.jpg 768w, https://www.ull.es/eventos/hacer-historia/wp-content/uploads/sites/56/2024/04/Foto-005_96ppp-1536x864.jpg 1536w, https://www.ull.es/eventos/hacer-historia/wp-content/uploads/sites/56/2024/04/Foto-005_96ppp-375x211.jpg 375w, https://www.ull.es/eventos/hacer-historia/wp-content/uploads/sites/56/2024/04/Foto-005_96ppp-750x422.jpg 750w, https://www.ull.es/eventos/hacer-historia/wp-content/uploads/sites/56/2024/04/Foto-005_96ppp-1140x641.jpg 1140w, https://www.ull.es/eventos/hacer-historia/wp-content/uploads/sites/56/2024/04/Foto-005_96ppp.jpg 2048w" sizes="(max-width: 1024px) 100vw, 1024px" /></a></figure>
<figcaption class="blocks-gallery-caption wp-element-caption"><code><br>Diversas imágenes del Archivo de la Transición Democrática en Canaria</code><br><br><code><br>Ecos: Estudios y correspondencia obrera y socialista. Tenerife: Unión General de Trabajadores de España, Federación de Tenerife, 1975.</code><br><br><code><br>Algunos de los más de 1500 títulos de publicaciones periódicas que se encuentran en el ATDC</code><br></figcaption></figure>
</div>



<div class="wp-block-column is-layout-flow wp-block-column-is-layout-flow" style="flex-basis:10%"></div>
</div>



<div style="height:60px" aria-hidden="true" class="wp-block-spacer"></div>



<div class="wp-block-columns is-layout-flex wp-container-core-columns-is-layout-5 wp-block-columns-is-layout-flex">
<div class="wp-block-column is-layout-flow wp-block-column-is-layout-flow" style="flex-basis:33.33%"></div>



<div class="wp-block-column is-layout-flow wp-block-column-is-layout-flow" style="flex-basis:66.66%">
<p>Con&nbsp; la creación en 2018 de un grupo de trabajo formado por profesorado de los Departamentos de Historia y Sociología, personal técnico de la Biblioteca, personas voluntarias jubiladas y alumnado de la titulación de Historia, el proyecto ha comenzado a tener frutos más visibles. El apoyo de la Dirección General de Patrimonio Cultural, a través del Convenio de Colaboración entre el Gobierno de Canarias y la Universidad de La Laguna, ha supuesto un espaldarazo decisivo al facilitar la incorporación, con dedicación exclusiva, de personal técnico especializado a las labores del Archivo.</p>



<p>El ATDC es un archivo en construcción, que ha ido conformándose a partir de la importante donación del profesor José Luis Escohotado, a la que han seguido más de una veintena de donaciones de variado tamaño e importancia. Si bien los fondos y colecciones incorporados hasta ahora provienen mayoritariamente del espectro de la izquierda política canaria, se persigue la&nbsp; incorporación de fondos de otras personas y organizaciones de todo el espectro político, sindical o social, que hayan desplegado su actividad en las Islas.</p>



<p>La mayor parte de la documentación custodiada en el ATDC es de ámbito canario, aunque también hay documentación estatal o internacional. Su contenido es eminentemente político y abarca los más diversos temas del período. Al tratarse de documentación generada por un amplísimo conjunto de entidades (sindicatos, partidos o asociaciones vecinales, feministas, ecologistas, antimilitaristas, estudiantiles y ciudadanas) podemos afirmar que el ATDC constituye también una suerte de archivo histórico de los movimientos sociales que han desarrollado su actividad en las Islas.Finalmente, antes de entrar a detallar algunas de las donaciones que componen el ATDC, daremos algunos datos globales que ayuden a dimensionar y visualizar el volumen de documentación de diversa tipología con que cuenta en la actualidad: 1525 títulos de publicaciones periódicas (455 de ellas canarias); más de 400 archivadores de otros documentos textuales; 1550 carteles; 1784 pegatinas; 1614 fotografías; en torno a 100 documentos sonoros (entrevistas personales, grabaciones diversas en casetes, algunos discos&#8230;); 100 documentos audiovisuales aprox.; un número incontable de otros materiales gráficos así como diversos objetos (radio, banderas, etc.).</p>
</div>
</div>



<div style="height:60px" aria-hidden="true" class="wp-block-spacer"></div>



<div class="wp-block-columns is-layout-flex wp-container-core-columns-is-layout-6 wp-block-columns-is-layout-flex">
<div class="wp-block-column is-layout-flow wp-block-column-is-layout-flow" style="flex-basis:33.33%"></div>



<div class="wp-block-column is-layout-flow wp-block-column-is-layout-flow" style="flex-basis:66.66%">
<div style="height:40px" aria-hidden="true" class="wp-block-spacer"></div>



<h5 class="wp-block-heading">Materiales expuestos</h5>



<iframe loading="lazy" width="560" height="315" src="https://www.youtube.com/embed/Mymmsr3RSlE?si=ouXP86aGyQxf3mpK" title="YouTube video player" frameborder="0" allow="accelerometer; autoplay; clipboard-write; encrypted-media; gyroscope; picture-in-picture; web-share" referrerpolicy="strict-origin-when-cross-origin" allowfullscreen></iframe>
</div>
</div>
</div>



<div class="wp-block-column is-layout-flow wp-block-column-is-layout-flow" style="flex-basis:25%"></div>
</div>

<p>El Archivo Histórico de la Transición Democrática en Canarias (ATDC) es un proyecto iniciado en el año 2002 por la Biblioteca y el Departamento de Historia de la Universidad de La Laguna -al que más recientemente se unió el Departamento de Sociología y Antropología- con el objetivo de reunir, conservar y preservar en las mejores&#8230;</p>
