{"id":249,"date":"2024-04-10T10:06:42","date_gmt":"2024-04-10T10:06:42","guid":{"rendered":"https:\/\/www.ull.es\/eventos\/hacer-historia\/?page_id=249"},"modified":"2024-04-22T12:40:59","modified_gmt":"2024-04-22T12:40:59","slug":"izquierda-radical-en-canarias","status":"publish","type":"page","link":"https:\/\/www.ull.es\/eventos\/hacer-historia\/izquierda-radical-en-canarias\/","title":{"rendered":"Izquierda radical en Canarias"},"content":{"rendered":"\n<div class=\"wp-block-columns cabecera is-layout-flex wp-container-core-columns-is-layout-1 wp-block-columns-is-layout-flex\">\n<div class=\"wp-block-column is-layout-flow wp-block-column-is-layout-flow\">\n<figure class=\"wp-block-image size-half is-resized\"><a href=\"https:\/\/www.ull.es\/eventos\/hacer-historia\" target=\"_blank\" rel=\"noopener\"><img loading=\"lazy\" decoding=\"async\" width=\"375\" height=\"68\" src=\"https:\/\/www.ull.es\/eventos\/hacer-historia\/wp-content\/uploads\/sites\/56\/2024\/04\/hacer_historia_horizontal-375x68.png\" alt=\"\" class=\"wp-image-115\" style=\"width:200px\" srcset=\"https:\/\/www.ull.es\/eventos\/hacer-historia\/wp-content\/uploads\/sites\/56\/2024\/04\/hacer_historia_horizontal-375x68.png 375w, https:\/\/www.ull.es\/eventos\/hacer-historia\/wp-content\/uploads\/sites\/56\/2024\/04\/hacer_historia_horizontal-300x54.png 300w, https:\/\/www.ull.es\/eventos\/hacer-historia\/wp-content\/uploads\/sites\/56\/2024\/04\/hacer_historia_horizontal-768x139.png 768w, https:\/\/www.ull.es\/eventos\/hacer-historia\/wp-content\/uploads\/sites\/56\/2024\/04\/hacer_historia_horizontal-750x135.png 750w, https:\/\/www.ull.es\/eventos\/hacer-historia\/wp-content\/uploads\/sites\/56\/2024\/04\/hacer_historia_horizontal.png 969w\" sizes=\"(max-width: 375px) 100vw, 375px\" \/><\/a><\/figure>\n<\/div>\n\n\n\n<div class=\"wp-block-column is-layout-flow wp-block-column-is-layout-flow\"><\/div>\n<\/div>\n\n\n\n<div class=\"wp-block-columns is-layout-flex wp-container-core-columns-is-layout-8 wp-block-columns-is-layout-flex\">\n<div class=\"wp-block-column is-layout-flow wp-block-column-is-layout-flow\" style=\"flex-basis:75%\">\n<div class=\"wp-block-columns is-layout-flex wp-container-core-columns-is-layout-2 wp-block-columns-is-layout-flex\">\n<div class=\"wp-block-column is-layout-flow wp-block-column-is-layout-flow\" style=\"flex-basis:33.33%\"><\/div>\n\n\n\n<div class=\"wp-block-column is-layout-flow wp-block-column-is-layout-flow\" style=\"flex-basis:66.66%\"><h2 class=\"wp-block-post-title\">Izquierda radical en Canarias<\/h2>\n\n\n<h6 class=\"wp-block-heading\"><strong>El archivo del Partido de Unificaci\u00f3n Comunista de Canarias (PUCC) y de la Liga Comunista Revolucionaria (LCR)<\/strong><\/h6>\n<\/div>\n<\/div>\n\n\n\n<div class=\"wp-block-columns is-layout-flex wp-container-core-columns-is-layout-3 wp-block-columns-is-layout-flex\">\n<div class=\"wp-block-column is-layout-flow wp-block-column-is-layout-flow\" style=\"flex-basis:66.66%\"><\/div>\n\n\n\n<div class=\"wp-block-column is-layout-flow wp-block-column-is-layout-flow\" style=\"flex-basis:33.33%\"><\/div>\n<\/div>\n\n\n\n<div class=\"wp-block-columns is-layout-flex wp-container-core-columns-is-layout-4 wp-block-columns-is-layout-flex\">\n<div class=\"wp-block-column is-layout-flow wp-block-column-is-layout-flow\" style=\"flex-basis:33.33%\"><\/div>\n\n\n\n<div class=\"wp-block-column is-layout-flow wp-block-column-is-layout-flow\" style=\"flex-basis:66.66%\">\n<p>Este archivo fue donado en el a\u00f1o 2002 a la Biblioteca Universitaria.<\/p>\n\n\n\n<p>El Fondo del PUCC incluye documentaci\u00f3n sobre organizaciones vinculadas a la lucha antifranquista en la clandestinidad, cuyas actividades comenzaron despu\u00e9s de que la crisis ocurrida en el VIII Congreso del PCE diese paso en Canarias a la constituci\u00f3n de la Oposici\u00f3n de Izquierdas (OPI) en 1974. A partir de la OPI se crear\u00eda el Partido de Unificaci\u00f3n Comunista de Canarias (PUCC), legalizado en 1977. El Archivo tambi\u00e9n contiene alguna documentaci\u00f3n de las derechas y grupos franquistas.<\/p>\n<\/div>\n<\/div>\n\n\n\n<div style=\"height:60px\" aria-hidden=\"true\" class=\"wp-block-spacer\"><\/div>\n\n\n\n<div class=\"wp-block-columns is-layout-flex wp-container-core-columns-is-layout-5 wp-block-columns-is-layout-flex\">\n<div class=\"wp-block-column is-layout-flow wp-block-column-is-layout-flow\" style=\"flex-basis:90%\">\n<figure class=\"wp-block-gallery has-nested-images columns-4 is-cropped wp-block-gallery-1 is-layout-flex wp-block-gallery-is-layout-flex\">\n<figure class=\"wp-block-image size-large is-style-default\"><a href=\"http:\/\/www.ull.es\/eventos\/hacer-historia\/wp-content\/uploads\/sites\/56\/2024\/04\/Foto-012_R.jpg\" target=\"_blank\" rel=\"noopener\"><img loading=\"lazy\" decoding=\"async\" width=\"1024\" height=\"775\" src=\"http:\/\/www.ull.es\/eventos\/hacer-historia\/wp-content\/uploads\/sites\/56\/2024\/04\/Foto-012_R-1024x775.jpg\" alt=\"\" class=\"wp-image-254\" srcset=\"https:\/\/www.ull.es\/eventos\/hacer-historia\/wp-content\/uploads\/sites\/56\/2024\/04\/Foto-012_R-1024x775.jpg 1024w, https:\/\/www.ull.es\/eventos\/hacer-historia\/wp-content\/uploads\/sites\/56\/2024\/04\/Foto-012_R-300x227.jpg 300w, https:\/\/www.ull.es\/eventos\/hacer-historia\/wp-content\/uploads\/sites\/56\/2024\/04\/Foto-012_R-768x581.jpg 768w, https:\/\/www.ull.es\/eventos\/hacer-historia\/wp-content\/uploads\/sites\/56\/2024\/04\/Foto-012_R-1536x1163.jpg 1536w, https:\/\/www.ull.es\/eventos\/hacer-historia\/wp-content\/uploads\/sites\/56\/2024\/04\/Foto-012_R-375x284.jpg 375w, https:\/\/www.ull.es\/eventos\/hacer-historia\/wp-content\/uploads\/sites\/56\/2024\/04\/Foto-012_R-750x568.jpg 750w, https:\/\/www.ull.es\/eventos\/hacer-historia\/wp-content\/uploads\/sites\/56\/2024\/04\/Foto-012_R-1140x863.jpg 1140w, https:\/\/www.ull.es\/eventos\/hacer-historia\/wp-content\/uploads\/sites\/56\/2024\/04\/Foto-012_R-108x81.jpg 108w, https:\/\/www.ull.es\/eventos\/hacer-historia\/wp-content\/uploads\/sites\/56\/2024\/04\/Foto-012_R.jpg 1872w\" sizes=\"(max-width: 1024px) 100vw, 1024px\" \/><\/a><\/figure>\n\n\n\n<figure class=\"wp-block-image size-large\"><a href=\"http:\/\/www.ull.es\/eventos\/hacer-historia\/wp-content\/uploads\/sites\/56\/2024\/04\/Foto-013-scaled.jpg\" target=\"_blank\" rel=\"noopener\"><img loading=\"lazy\" decoding=\"async\" width=\"710\" height=\"1024\" src=\"http:\/\/www.ull.es\/eventos\/hacer-historia\/wp-content\/uploads\/sites\/56\/2024\/04\/Foto-013-710x1024.jpg\" alt=\"\" class=\"wp-image-255\" srcset=\"https:\/\/www.ull.es\/eventos\/hacer-historia\/wp-content\/uploads\/sites\/56\/2024\/04\/Foto-013-710x1024.jpg 710w, https:\/\/www.ull.es\/eventos\/hacer-historia\/wp-content\/uploads\/sites\/56\/2024\/04\/Foto-013-208x300.jpg 208w, https:\/\/www.ull.es\/eventos\/hacer-historia\/wp-content\/uploads\/sites\/56\/2024\/04\/Foto-013-768x1107.jpg 768w, https:\/\/www.ull.es\/eventos\/hacer-historia\/wp-content\/uploads\/sites\/56\/2024\/04\/Foto-013-1066x1536.jpg 1066w, https:\/\/www.ull.es\/eventos\/hacer-historia\/wp-content\/uploads\/sites\/56\/2024\/04\/Foto-013-1421x2048.jpg 1421w, https:\/\/www.ull.es\/eventos\/hacer-historia\/wp-content\/uploads\/sites\/56\/2024\/04\/Foto-013-375x540.jpg 375w, https:\/\/www.ull.es\/eventos\/hacer-historia\/wp-content\/uploads\/sites\/56\/2024\/04\/Foto-013-750x1081.jpg 750w, https:\/\/www.ull.es\/eventos\/hacer-historia\/wp-content\/uploads\/sites\/56\/2024\/04\/Foto-013-1140x1643.jpg 1140w, https:\/\/www.ull.es\/eventos\/hacer-historia\/wp-content\/uploads\/sites\/56\/2024\/04\/Foto-013-scaled.jpg 1776w\" sizes=\"(max-width: 710px) 100vw, 710px\" \/><\/a><\/figure>\n\n\n\n<figure class=\"wp-block-image size-large\"><a href=\"http:\/\/www.ull.es\/eventos\/hacer-historia\/wp-content\/uploads\/sites\/56\/2024\/04\/Foto-014-scaled.jpg\" target=\"_blank\" rel=\"noopener\"><img loading=\"lazy\" decoding=\"async\" width=\"700\" height=\"1024\" src=\"http:\/\/www.ull.es\/eventos\/hacer-historia\/wp-content\/uploads\/sites\/56\/2024\/04\/Foto-014-700x1024.jpg\" alt=\"\" class=\"wp-image-256\" srcset=\"https:\/\/www.ull.es\/eventos\/hacer-historia\/wp-content\/uploads\/sites\/56\/2024\/04\/Foto-014-700x1024.jpg 700w, https:\/\/www.ull.es\/eventos\/hacer-historia\/wp-content\/uploads\/sites\/56\/2024\/04\/Foto-014-205x300.jpg 205w, https:\/\/www.ull.es\/eventos\/hacer-historia\/wp-content\/uploads\/sites\/56\/2024\/04\/Foto-014-768x1123.jpg 768w, https:\/\/www.ull.es\/eventos\/hacer-historia\/wp-content\/uploads\/sites\/56\/2024\/04\/Foto-014-1050x1536.jpg 1050w, https:\/\/www.ull.es\/eventos\/hacer-historia\/wp-content\/uploads\/sites\/56\/2024\/04\/Foto-014-1400x2048.jpg 1400w, https:\/\/www.ull.es\/eventos\/hacer-historia\/wp-content\/uploads\/sites\/56\/2024\/04\/Foto-014-375x549.jpg 375w, https:\/\/www.ull.es\/eventos\/hacer-historia\/wp-content\/uploads\/sites\/56\/2024\/04\/Foto-014-750x1097.jpg 750w, https:\/\/www.ull.es\/eventos\/hacer-historia\/wp-content\/uploads\/sites\/56\/2024\/04\/Foto-014-1140x1667.jpg 1140w, https:\/\/www.ull.es\/eventos\/hacer-historia\/wp-content\/uploads\/sites\/56\/2024\/04\/Foto-014-scaled.jpg 1750w\" sizes=\"(max-width: 700px) 100vw, 700px\" \/><\/a><\/figure>\n\n\n\n<figure class=\"wp-block-image size-large\"><a href=\"http:\/\/www.ull.es\/eventos\/hacer-historia\/wp-content\/uploads\/sites\/56\/2024\/04\/Foto-015bis_R_ed.jpg\" target=\"_blank\" rel=\"noopener\"><img loading=\"lazy\" decoding=\"async\" width=\"1024\" height=\"710\" src=\"http:\/\/www.ull.es\/eventos\/hacer-historia\/wp-content\/uploads\/sites\/56\/2024\/04\/Foto-015bis_R_ed-1024x710.jpg\" alt=\"\" class=\"wp-image-258\" srcset=\"https:\/\/www.ull.es\/eventos\/hacer-historia\/wp-content\/uploads\/sites\/56\/2024\/04\/Foto-015bis_R_ed-1024x710.jpg 1024w, https:\/\/www.ull.es\/eventos\/hacer-historia\/wp-content\/uploads\/sites\/56\/2024\/04\/Foto-015bis_R_ed-300x208.jpg 300w, https:\/\/www.ull.es\/eventos\/hacer-historia\/wp-content\/uploads\/sites\/56\/2024\/04\/Foto-015bis_R_ed-768x532.jpg 768w, https:\/\/www.ull.es\/eventos\/hacer-historia\/wp-content\/uploads\/sites\/56\/2024\/04\/Foto-015bis_R_ed-375x260.jpg 375w, https:\/\/www.ull.es\/eventos\/hacer-historia\/wp-content\/uploads\/sites\/56\/2024\/04\/Foto-015bis_R_ed-750x520.jpg 750w, https:\/\/www.ull.es\/eventos\/hacer-historia\/wp-content\/uploads\/sites\/56\/2024\/04\/Foto-015bis_R_ed-1140x790.jpg 1140w, https:\/\/www.ull.es\/eventos\/hacer-historia\/wp-content\/uploads\/sites\/56\/2024\/04\/Foto-015bis_R_ed.jpg 1503w\" sizes=\"(max-width: 1024px) 100vw, 1024px\" \/><\/a><\/figure>\n<figcaption class=\"blocks-gallery-caption wp-element-caption\"><br><code><br>Fernando Sagaseta en el I Congreso del PUCC (Las Palmas de Gran Canaria, 1977). En la mesa: Francisco Tovar, Pablo R\u00f3denas y Enrique Caro<\/code><br><code><br>Cartel de Uni\u00f3n del Pueblo Canario (UPC), elecciones locales del 8 de mayo de 1983<\/code><br><code><br>Cartel de la Liga Comunista Revolucionaria (LCR) \u201cNi bases ni subdesarrollo. Fuera la autonom\u00eda de UCD\u201d, depositado ante la Junta Electoral Provincial de Santa Cruz de Tenerife (1983)<\/code><br><code><br>Acto de la Liga Comunista Revolucionaria (LCR) en la Escuela de Magisterio<br>en Tenerife en el contexto de las elecciones al Parlamento Europeo (1989). En la imagen: Bego\u00f1a Zabala (LKI), Carmiacu P\u00e9rez y Anselmo Fari\u00f1a (Canarias) Alain Krivine (Francia), secretario de la IV Internacional<\/code><br><\/figcaption><\/figure>\n<\/div>\n\n\n\n<div class=\"wp-block-column is-layout-flow wp-block-column-is-layout-flow\" style=\"flex-basis:10%\"><\/div>\n<\/div>\n\n\n\n<div style=\"height:60px\" aria-hidden=\"true\" class=\"wp-block-spacer\"><\/div>\n\n\n\n<div class=\"wp-block-columns is-layout-flex wp-container-core-columns-is-layout-6 wp-block-columns-is-layout-flex\">\n<div class=\"wp-block-column is-layout-flow wp-block-column-is-layout-flow\" style=\"flex-basis:33.33%\"><\/div>\n\n\n\n<div class=\"wp-block-column is-layout-flow wp-block-column-is-layout-flow\" style=\"flex-basis:66.66%\">\n<p>En la trayectoria del PUCC, que a lo largo de los a\u00f1os cambi\u00f3 su denominaci\u00f3n (Movimiento de Izquierda Revolucionaria del Archipi\u00e9lago Canario -MIRAC- en 1980 y posteriormente Uni\u00f3n de Nacionalistas de Izquierda -UNI-, desde 1984-85), destaca su papel como impulsor y part\u00edcipe de numerosas iniciativas, tanto en la pol\u00edtica institucional y electoral como en el activismo social. Form\u00f3 parte de diversas coaliciones electorales.&nbsp;&nbsp;<\/p>\n\n\n\n<p>En 1977, en la provincia de Las Palmas, con el Partido del Trabajo Espa\u00f1ol (PTE) respaldaron al Frente Democr\u00e1tico de Izquierdas (FDI) y, en Santa Cruz de Tenerife, a Izquierda Canaria Unida (ICU). En 1979 forma parte de las candidaturas de la Uni\u00f3n del Pueblo Canario (UPC), en la que participa hasta su disoluci\u00f3n en 1984, con representaci\u00f3n propia en el Cabildo de Tenerife y diversos ayuntamientos. A partir de la crisis de la UPC da el paso a impulsar UNI, como plataforma pol\u00edtica y electoral.&nbsp;<\/p>\n\n\n\n<p>La LCR, de orientaci\u00f3n trotskista, fue una organizaci\u00f3n de car\u00e1cter estatal fundada en 1971 y legalizada en 1977. Su papel pol\u00edtico en Canarias se desarrolla en los movimientos sociales y diversos procesos electorales. A finales de la d\u00e9cada de 1980 comienza un periodo de colaboraci\u00f3n y unidad de acci\u00f3n entre la LCR y el MIRAC manteniendo cada organizaci\u00f3n su independencia, hasta que se afronta un proceso de unificaci\u00f3n que culmina con la integraci\u00f3n de la LCR en UNI en 1991.<\/p>\n\n\n\n<p>Ambos partidos participan en la coalici\u00f3n ICAN (Iniciativa Canaria Nacionalista) a trav\u00e9s de UNI, junto con ICU (Izquierda Canaria Unida) y ACN (Asamblea Nacionalista Canaria), hasta que en 1992 UNI decide disolverse como partido y configurarse como una asociaci\u00f3n sociopol\u00edtica (Canarias Alternativa), abandonando la actividad pol\u00edtico-institucional cuando ICAN decide integrarse en Coalici\u00f3n Canaria. Desde entonces centraron sus esfuerzos en el activismo social y cultural, hasta la d\u00e9cada de los 2000.&nbsp;<\/p>\n\n\n\n<p>Ambas organizaciones han dejado una huella profunda en la historia sociopol\u00edtica de Canarias por su participaci\u00f3n en la acci\u00f3n colectiva desplegada desde finales de la dictadura, con aportaciones en los campos de la formaci\u00f3n, la reflexi\u00f3n, el an\u00e1lisis de la realidad y la formulaci\u00f3n de propuestas pol\u00edticas y de intervenci\u00f3n espec\u00edficas y singulares de Canarias y para Canarias.<\/p>\n<\/div>\n<\/div>\n\n\n\n<div style=\"height:40px\" aria-hidden=\"true\" class=\"wp-block-spacer\"><\/div>\n\n\n\n<div class=\"wp-block-columns is-layout-flex wp-container-core-columns-is-layout-7 wp-block-columns-is-layout-flex\">\n<div class=\"wp-block-column is-layout-flow wp-block-column-is-layout-flow\" style=\"flex-basis:33.33%\"><\/div>\n\n\n\n<div class=\"wp-block-column is-layout-flow wp-block-column-is-layout-flow\" style=\"flex-basis:66.66%\">\n<h5 class=\"wp-block-heading\">Materiales expuestos<\/h5>\n\n\n\n<div style=\"height:40px\" aria-hidden=\"true\" class=\"wp-block-spacer\"><\/div>\n\n\n\n<iframe loading=\"lazy\" width=\"560\" height=\"315\" src=\"https:\/\/www.youtube.com\/embed\/q7U9P09dfBc?si=HL2Y3lw7GOcUOeBH\" title=\"YouTube video player\" frameborder=\"0\" allow=\"accelerometer; autoplay; clipboard-write; encrypted-media; gyroscope; picture-in-picture; web-share\" referrerpolicy=\"strict-origin-when-cross-origin\" allowfullscreen><\/iframe>\n<\/div>\n<\/div>\n<\/div>\n\n\n\n<div class=\"wp-block-column is-layout-flow wp-block-column-is-layout-flow\" style=\"flex-basis:25%\"><\/div>\n<\/div>\n","protected":false},"excerpt":{"rendered":"<p>El archivo del Partido de Unificaci\u00f3n Comunista de Canarias (PUCC) y de la Liga Comunista Revolucionaria (LCR) Este archivo fue donado en el a\u00f1o 2002 a la Biblioteca Universitaria. El Fondo del PUCC incluye documentaci\u00f3n sobre organizaciones vinculadas a la lucha antifranquista en la clandestinidad, cuyas actividades comenzaron despu\u00e9s de que la crisis ocurrida en&#8230;<\/p>\n","protected":false},"author":14,"featured_media":0,"parent":0,"menu_order":0,"comment_status":"closed","ping_status":"closed","template":"templates\/template-no-title.php","meta":{"footnotes":""},"class_list":["post-249","page","type-page","status-publish","hentry"],"_links":{"self":[{"href":"https:\/\/www.ull.es\/eventos\/hacer-historia\/wp-json\/wp\/v2\/pages\/249"}],"collection":[{"href":"https:\/\/www.ull.es\/eventos\/hacer-historia\/wp-json\/wp\/v2\/pages"}],"about":[{"href":"https:\/\/www.ull.es\/eventos\/hacer-historia\/wp-json\/wp\/v2\/types\/page"}],"author":[{"embeddable":true,"href":"https:\/\/www.ull.es\/eventos\/hacer-historia\/wp-json\/wp\/v2\/users\/14"}],"replies":[{"embeddable":true,"href":"https:\/\/www.ull.es\/eventos\/hacer-historia\/wp-json\/wp\/v2\/comments?post=249"}],"version-history":[{"count":6,"href":"https:\/\/www.ull.es\/eventos\/hacer-historia\/wp-json\/wp\/v2\/pages\/249\/revisions"}],"predecessor-version":[{"id":628,"href":"https:\/\/www.ull.es\/eventos\/hacer-historia\/wp-json\/wp\/v2\/pages\/249\/revisions\/628"}],"wp:attachment":[{"href":"https:\/\/www.ull.es\/eventos\/hacer-historia\/wp-json\/wp\/v2\/media?parent=249"}],"curies":[{"name":"wp","href":"https:\/\/api.w.org\/{rel}","templated":true}]}}