{"id":939,"date":"2024-10-11T08:48:24","date_gmt":"2024-10-11T08:48:24","guid":{"rendered":"https:\/\/www.ull.es\/eventos\/isla-surrealista\/?page_id=939"},"modified":"2024-10-25T07:17:21","modified_gmt":"2024-10-25T07:17:21","slug":"creditos","status":"publish","type":"page","link":"https:\/\/www.ull.es\/eventos\/isla-surrealista\/creditos\/","title":{"rendered":"Cr\u00e9ditos"},"content":{"rendered":"<p>[vc_row gap=\u00bb35&#8243; equal_height=\u00bbyes\u00bb content_placement=\u00bbbottom\u00bb css=\u00bb.vc_custom_1727692271162{background-position: center !important;background-repeat: no-repeat !important;background-size: cover !important;}\u00bb][vc_column width=\u00bb1\/3&#8243;][vc_single_image image=\u00bb826&#8243; img_size=\u00bbmedium\u00bb onclick=\u00bbcustom_link\u00bb link=\u00bbhttps:\/\/www.ull.es\/eventos\/isla-surrealista\u00bb][\/vc_column][vc_column width=\u00bb2\/3&#8243;][\/vc_column][\/vc_row][vc_row gap=\u00bb35&#8243; content_placement=\u00bbtop\u00bb css=\u00bb.vc_custom_1727692820016{padding-right: 90px !important;padding-left: 90px !important;background-color: #ffffff !important;}\u00bb][vc_column width=\u00bb1\/3&#8243;][vc_separator color=\u00bbcustom\u00bb accent_color=\u00bb#8e8e8e\u00bb][vc_custom_heading source=\u00bbpost_title\u00bb font_container=\u00bbtag:h1|font_size:1.8em|text_align:left|color:%23000000|line_height:100%25&#8243; google_fonts=\u00bbfont_family:Roboto%3A100%2C100italic%2C300%2C300italic%2Cregular%2Citalic%2C500%2C500italic%2C700%2C700italic%2C900%2C900italic|font_style:300%20light%20regular%3A300%3Anormal\u00bb][vc_separator color=\u00bbcustom\u00bb accent_color=\u00bb#8e8e8e\u00bb][vc_empty_space][\/vc_column][vc_column width=\u00bb2\/3&#8243;][vc_separator color=\u00bbcustom\u00bb accent_color=\u00bb#8e8e8e\u00bb][vc_column_text]<\/p>\n<h3><b>Equipo Acad\u00e9mico<\/b><\/h3>\n<p>Isabel Castells Molina<br \/>\nAlberto Ismael Garc\u00eda Aguilar<\/p>\n<p>&nbsp;<\/p>\n<h3><b>Equipo de la Biblioteca<\/b><\/h3>\n<p>F\u00e1tima Sainz<br \/>\nLiti Garc\u00eda-Ramos<br \/>\nCarmen Lahuerta<br \/>\nVer\u00f3nica Salcedo<br \/>\nRosa Afonso<br \/>\nMar\u00eda Luisa Morales Ayala<\/p>\n<p>&nbsp;<\/p>\n<h3>Dise\u00f1o gr\u00e1fico<\/h3>\n<p>Ismael Garc\u00eda<\/p>\n<p>&nbsp;<\/p>\n<h3>Colaboradoras<\/h3>\n<p>Ana Febles<br \/>\nBeatriz Est\u00e9vez Almeda<\/p>\n<p>&nbsp;<\/p>\n<p><b>Escultura<\/b><\/p>\n<p>Alumnado de la Facultad de Bellas Artes, bajo la direcci\u00f3n de Ithaisa P\u00e9rez Conesa<\/p>\n<p>&nbsp;<\/p>\n<h3><b>Organiza<\/b><\/h3>\n<p>Vicerrectorado de Cultura y Extensi\u00f3n Universitaria<br \/>\nServicio de Biblioteca de la Universidad de La Laguna<\/p>\n<p>&nbsp;<\/p>\n<h3><b>Entidades colaboradoras<\/b><\/h3>\n<p>Museo de Historia y Antropolog\u00eda de Tenerife (MHAT)<br \/>\nArchivo Hist\u00f3rico Provincial de Santa Cruz de Tenerife<br \/>\nAgrupaci\u00f3n de Teatro de Filolog\u00eda de la ULL<\/p>\n<p>&nbsp;<\/p>\n<h3><b>Agradecimientos a donantes y personas colaboradoras<\/b><\/h3>\n<p>Ithaisa P\u00e9rez Conesa<br \/>\nElisa Diaz<br \/>\nCarlos Rodr\u00edguez Morales<br \/>\nRuth Rufino<br \/>\nMagdalena Goya<br \/>\nAna Guti\u00e9rrez Barrios<br \/>\nDaniel Garc\u00eda Pulido[\/vc_column_text][\/vc_column][\/vc_row][vc_row gap=\u00bb30&#8243; css=\u00bb.vc_custom_1727697933407{padding-right: 90px !important;padding-left: 90px !important;background-color: #ffffff !important;}\u00bb][vc_column width=\u00bb1\/3&#8243;][vc_separator color=\u00bbcustom\u00bb accent_color=\u00bb#8e8e8e\u00bb][\/vc_column][vc_column width=\u00bb2\/3&#8243;][vc_separator color=\u00bbcustom\u00bb accent_color=\u00bb#8e8e8e\u00bb][\/vc_column][\/vc_row]<\/p>\n","protected":false},"excerpt":{"rendered":"<p>[vc_row gap=\u00bb35&#8243; equal_height=\u00bbyes\u00bb content_placement=\u00bbbottom\u00bb css=\u00bb.vc_custom_1727692271162{background-position: center !important;background-repeat: no-repeat !important;background-size: cover !important;}\u00bb][vc_column width=\u00bb1\/3&#8243;][vc_single_image image=\u00bb826&#8243; img_size=\u00bbmedium\u00bb onclick=\u00bbcustom_link\u00bb link=\u00bbhttps:\/\/www.ull.es\/eventos\/isla-surrealista\u00bb][\/vc_column][vc_column width=\u00bb2\/3&#8243;][\/vc_column][\/vc_row][vc_row gap=\u00bb35&#8243; content_placement=\u00bbtop\u00bb css=\u00bb.vc_custom_1727692820016{padding-right: 90px !important;padding-left: 90px !important;background-color: #ffffff !important;}\u00bb][vc_column width=\u00bb1\/3&#8243;][vc_separator color=\u00bbcustom\u00bb accent_color=\u00bb#8e8e8e\u00bb][vc_custom_heading source=\u00bbpost_title\u00bb font_container=\u00bbtag:h1|font_size:1.8em|text_align:left|color:%23000000|line_height:100%25&#8243; google_fonts=\u00bbfont_family:Roboto%3A100%2C100italic%2C300%2C300italic%2Cregular%2Citalic%2C500%2C500italic%2C700%2C700italic%2C900%2C900italic|font_style:300%20light%20regular%3A300%3Anormal\u00bb][vc_separator color=\u00bbcustom\u00bb accent_color=\u00bb#8e8e8e\u00bb][vc_empty_space][\/vc_column][vc_column width=\u00bb2\/3&#8243;][vc_separator color=\u00bbcustom\u00bb accent_color=\u00bb#8e8e8e\u00bb][vc_column_text] Equipo Acad\u00e9mico Isabel Castells Molina Alberto Ismael Garc\u00eda Aguilar &nbsp; Equipo de la Biblioteca F\u00e1tima Sainz Liti Garc\u00eda-Ramos&#8230;<\/p>\n","protected":false},"author":14,"featured_media":0,"parent":0,"menu_order":0,"comment_status":"closed","ping_status":"closed","template":"templates\/template-no-title.php","meta":{"footnotes":""},"class_list":["post-939","page","type-page","status-publish","hentry"],"_links":{"self":[{"href":"https:\/\/www.ull.es\/eventos\/isla-surrealista\/wp-json\/wp\/v2\/pages\/939"}],"collection":[{"href":"https:\/\/www.ull.es\/eventos\/isla-surrealista\/wp-json\/wp\/v2\/pages"}],"about":[{"href":"https:\/\/www.ull.es\/eventos\/isla-surrealista\/wp-json\/wp\/v2\/types\/page"}],"author":[{"embeddable":true,"href":"https:\/\/www.ull.es\/eventos\/isla-surrealista\/wp-json\/wp\/v2\/users\/14"}],"replies":[{"embeddable":true,"href":"https:\/\/www.ull.es\/eventos\/isla-surrealista\/wp-json\/wp\/v2\/comments?post=939"}],"version-history":[{"count":7,"href":"https:\/\/www.ull.es\/eventos\/isla-surrealista\/wp-json\/wp\/v2\/pages\/939\/revisions"}],"predecessor-version":[{"id":966,"href":"https:\/\/www.ull.es\/eventos\/isla-surrealista\/wp-json\/wp\/v2\/pages\/939\/revisions\/966"}],"wp:attachment":[{"href":"https:\/\/www.ull.es\/eventos\/isla-surrealista\/wp-json\/wp\/v2\/media?parent=939"}],"curies":[{"name":"wp","href":"https:\/\/api.w.org\/{rel}","templated":true}]}}