{"id":49,"date":"2023-01-24T11:23:45","date_gmt":"2023-01-24T11:23:45","guid":{"rendered":"https:\/\/www.ull.es\/eventos\/javier-muguerza-carpintier\/?page_id=49"},"modified":"2025-11-19T13:54:17","modified_gmt":"2025-11-19T13:54:17","slug":"biblioteca","status":"publish","type":"page","link":"https:\/\/www.ull.es\/eventos\/javier-muguerza-carpintier\/biblioteca\/","title":{"rendered":"Biblioteca"},"content":{"rendered":"<p>[vc_row][vc_column width=\u00bb1\/4&#8243;][vc_empty_space][vc_custom_heading text=\u00bbJavier Muguerza Carpintier\u00bb font_container=\u00bbtag:h1|font_size:3em|text_align:left|color:%23020202|line_height:100%25&#8243; google_fonts=\u00bbfont_family:Playfair%20Display%3Aregular%2Citalic%2C700%2C700italic%2C900%2C900italic|font_style:700%20bold%20italic%3A700%3Aitalic\u00bb link=\u00bburl:https%3A%2F%2Fwww.ull.es%2Feventos%2Fjavier-muguerza-carpintier%2F\u00bb][vc_empty_space][\/vc_column][vc_column width=\u00bb3\/4&#8243;][\/vc_column][\/vc_row][vc_row][vc_column width=\u00bb1\/4&#8243;][vc_separator color=\u00bbcustom\u00bb accent_color=\u00bb#8e8e8e\u00bb][vc_empty_space][vc_custom_heading source=\u00bbpost_title\u00bb font_container=\u00bbtag:h2|text_align:left|color:%23020202&#8243; google_fonts=\u00bbfont_family:Playfair%20Display%3Aregular%2Citalic%2C700%2C700italic%2C900%2C900italic|font_style:400%20italic%3A400%3Aitalic\u00bb][\/vc_column][vc_column width=\u00bb3\/4&#8243;][vc_separator color=\u00bbcustom\u00bb accent_color=\u00bb#8e8e8e\u00bb][vc_empty_space][vc_media_grid element_width=\u00bb2&#8243; gap=\u00bb0&#8243; grid_id=\u00bbvc_gid:1763560299760-2fd9c912-b1c1-1&#8243; include=\u00bb213,313,216,214,314,215&#8243;][vc_empty_space][vc_column_text]La biblioteca de Javier Muguerza fue donada, junto con el archivo, a la <a href=\"https:\/\/es.wikipedia.org\/wiki\/Biblioteca_de_la_Universidad_de_La_Laguna\" target=\"_blank\" rel=\"noopener\" target=\"_blank\" rel=\"noopener\">Biblioteca de la Universidad de La Laguna<\/a>\u00a0 por \u00e9l y Concepci\u00f3n L\u00f3pez Noguera en 2018.<\/p>\n<p>La biblioteca contiene unas <a href=\"https:\/\/absysnetweb.bbtk.ull.es\/cgi-bin\/abnetopac\/O7126\/ID9052a579?ACC=135&amp;EXP=(JMC*+Y+PLT1*).T852.\" target=\"_blank\" rel=\"noopener\" target=\"_blank\" rel=\"noopener\">9000 obras<\/a>, muchas de ellas dedicadas, <a href=\"https:\/\/absysnetweb.bbtk.ull.es\/cgi-bin\/abnetopac\/O7126\/ID9052a579?ACC=135&amp;EXP=(FAN*+Y+Javier+Muguerza*).T852.\" target=\"_blank\" rel=\"noopener\" target=\"_blank\" rel=\"noopener\">con libros de Fondo Antiguo (17 obras)<\/a>. Acompa\u00f1a a la biblioteca una hemeroteca formada po<a href=\"https:\/\/absysnetweb.bbtk.ull.es\/cgi-bin\/abnetopac\/O7008\/ID57240587?ACC=135&amp;EXP=(FAN*+Y+Javier+Muguerza*).T852.\" target=\"_blank\" rel=\"noopener\">r <\/a><a href=\"https:\/\/absysnetweb.bbtk.ull.es\/cgi-bin\/abnetopac\/O7297\/ID90270f57?ACC=135&amp;EXP=(JMC+%26+(H.T852.))+%26+(S.L040.)\" target=\"_blank\" rel=\"noopener\" target=\"_blank\" rel=\"noopener\">487 t\u00edtulos<\/a> de publicaciones peri\u00f3dicas, una colecci\u00f3n de separatas y folletos, as\u00ed como t<a href=\"https:\/\/absysnetweb.bbtk.ull.es\/cgi-bin\/abnetopac\/O7126\/ID9052a579?ACC=135&amp;EXP=(JMC+T+Y+PLT1*).T852.\" target=\"_blank\" rel=\"noopener\" target=\"_blank\" rel=\"noopener\">esis doctorales<\/a>, incluida la suya, las que \u00e9l dirigi\u00f3 y aquellas en las que particip\u00f3 como miembro del tribunal que las evalu\u00f3.<\/p>\n<p>Se trata de un fondo multidisciplinar que refleja la riqueza y el alcance de los autores y temas que le interesaron a lo largo de su actividad investigadora y acad\u00e9mica. El fondo incluye la totalidad de la <a href=\"https:\/\/bit.ly\/2IgNivB\" target=\"_blank\" rel=\"noopener\" target=\"_blank\" rel=\"noopener\">obra <\/a>de creaci\u00f3n publicada por Javier Muguerza Carpintier.<\/p>\n<p>Localizaci\u00f3n: Sala de Legados (planta 1\u00aa) de la <a href=\"https:\/\/www.ull.es\/servicios\/biblioteca\/sede\/biblioteca-general-y-de-humanidades\/\" target=\"_blank\" rel=\"noopener\" target=\"_blank\" rel=\"noopener\">Biblioteca General y de Humanidades del Campus de Guajara.<\/a>[\/vc_column_text][vc_empty_space][vc_row_inner][vc_column_inner width=\u00bb1\/2&#8243;][vc_btn title=\u00bbAcceso al Archivo y Biblioteca de Javier Muguerza Carpintier\u00bb size=\u00bblg\u00bb i_icon_fontawesome=\u00bbfas fa-arrow-right\u00bb add_icon=\u00bbtrue\u00bb link=\u00bburl:http%3A%2F%2Fabsysnetweb.bbtk.ull.es%2Fcgi-bin%2Fabnetopac%3FTITN%3D614799|target:_blank\u00bb][\/vc_column_inner][vc_column_inner width=\u00bb1\/2&#8243;][\/vc_column_inner][\/vc_row_inner][vc_separator color=\u00bbcustom\u00bb accent_color=\u00bb#8e8e8e\u00bb][\/vc_column][\/vc_row]<\/p>\n","protected":false},"excerpt":{"rendered":"<p>[vc_row][vc_column width=\u00bb1\/4&#8243;][vc_empty_space][vc_custom_heading text=\u00bbJavier Muguerza Carpintier\u00bb font_container=\u00bbtag:h1|font_size:3em|text_align:left|color:%23020202|line_height:100%25&#8243; google_fonts=\u00bbfont_family:Playfair%20Display%3Aregular%2Citalic%2C700%2C700italic%2C900%2C900italic|font_style:700%20bold%20italic%3A700%3Aitalic\u00bb link=\u00bburl:https%3A%2F%2Fwww.ull.es%2Feventos%2Fjavier-muguerza-carpintier%2F\u00bb][vc_empty_space][\/vc_column][vc_column width=\u00bb3\/4&#8243;][\/vc_column][\/vc_row][vc_row][vc_column width=\u00bb1\/4&#8243;][vc_separator color=\u00bbcustom\u00bb accent_color=\u00bb#8e8e8e\u00bb][vc_empty_space][vc_custom_heading source=\u00bbpost_title\u00bb font_container=\u00bbtag:h2|text_align:left|color:%23020202&#8243; google_fonts=\u00bbfont_family:Playfair%20Display%3Aregular%2Citalic%2C700%2C700italic%2C900%2C900italic|font_style:400%20italic%3A400%3Aitalic\u00bb][\/vc_column][vc_column width=\u00bb3\/4&#8243;][vc_separator color=\u00bbcustom\u00bb accent_color=\u00bb#8e8e8e\u00bb][vc_empty_space][vc_media_grid element_width=\u00bb2&#8243; gap=\u00bb0&#8243; grid_id=\u00bbvc_gid:1763560299760-2fd9c912-b1c1-1&#8243; include=\u00bb213,313,216,214,314,215&#8243;][vc_empty_space][vc_column_text]La biblioteca de Javier Muguerza fue donada, junto con el archivo, a la Biblioteca de la Universidad de La Laguna\u00a0 por \u00e9l y Concepci\u00f3n L\u00f3pez Noguera en 2018. La biblioteca contiene unas 9000 obras,&#8230;<\/p>\n","protected":false},"author":14,"featured_media":0,"parent":0,"menu_order":0,"comment_status":"closed","ping_status":"closed","template":"templates\/template-no-title.php","meta":{"footnotes":""},"class_list":["post-49","page","type-page","status-publish","hentry"],"_links":{"self":[{"href":"https:\/\/www.ull.es\/eventos\/javier-muguerza-carpintier\/wp-json\/wp\/v2\/pages\/49"}],"collection":[{"href":"https:\/\/www.ull.es\/eventos\/javier-muguerza-carpintier\/wp-json\/wp\/v2\/pages"}],"about":[{"href":"https:\/\/www.ull.es\/eventos\/javier-muguerza-carpintier\/wp-json\/wp\/v2\/types\/page"}],"author":[{"embeddable":true,"href":"https:\/\/www.ull.es\/eventos\/javier-muguerza-carpintier\/wp-json\/wp\/v2\/users\/14"}],"replies":[{"embeddable":true,"href":"https:\/\/www.ull.es\/eventos\/javier-muguerza-carpintier\/wp-json\/wp\/v2\/comments?post=49"}],"version-history":[{"count":9,"href":"https:\/\/www.ull.es\/eventos\/javier-muguerza-carpintier\/wp-json\/wp\/v2\/pages\/49\/revisions"}],"predecessor-version":[{"id":316,"href":"https:\/\/www.ull.es\/eventos\/javier-muguerza-carpintier\/wp-json\/wp\/v2\/pages\/49\/revisions\/316"}],"wp:attachment":[{"href":"https:\/\/www.ull.es\/eventos\/javier-muguerza-carpintier\/wp-json\/wp\/v2\/media?parent=49"}],"curies":[{"name":"wp","href":"https:\/\/api.w.org\/{rel}","templated":true}]}}