{"id":53,"date":"2023-01-24T11:25:25","date_gmt":"2023-01-24T11:25:25","guid":{"rendered":"https:\/\/www.ull.es\/eventos\/javier-muguerza-carpintier\/?page_id=53"},"modified":"2025-11-19T13:51:32","modified_gmt":"2025-11-19T13:51:32","slug":"enlaces-de-interes","status":"publish","type":"page","link":"https:\/\/www.ull.es\/eventos\/javier-muguerza-carpintier\/enlaces-de-interes\/","title":{"rendered":"Enlaces de inter\u00e9s"},"content":{"rendered":"<p>[vc_row][vc_column width=\u00bb1\/4&#8243;][vc_empty_space][vc_custom_heading text=\u00bbJavier Muguerza Carpintier\u00bb font_container=\u00bbtag:h1|font_size:3em|text_align:left|color:%23020202|line_height:100%25&#8243; google_fonts=\u00bbfont_family:Playfair%20Display%3Aregular%2Citalic%2C700%2C700italic%2C900%2C900italic|font_style:700%20bold%20italic%3A700%3Aitalic\u00bb link=\u00bburl:https%3A%2F%2Fwww.ull.es%2Feventos%2Fjavier-muguerza-carpintier%2F\u00bb][vc_empty_space][\/vc_column][vc_column width=\u00bb3\/4&#8243;][\/vc_column][\/vc_row][vc_row][vc_column width=\u00bb1\/4&#8243;][vc_separator color=\u00bbcustom\u00bb accent_color=\u00bb#8e8e8e\u00bb][vc_empty_space][vc_custom_heading source=\u00bbpost_title\u00bb font_container=\u00bbtag:h2|text_align:left|color:%23020202&#8243; google_fonts=\u00bbfont_family:Playfair%20Display%3Aregular%2Citalic%2C700%2C700italic%2C900%2C900italic|font_style:400%20italic%3A400%3Aitalic\u00bb][\/vc_column][vc_column width=\u00bb3\/4&#8243;][vc_separator][vc_media_grid element_width=\u00bb2&#8243; grid_id=\u00bbvc_gid:1763560008088-c17f826c-22ca-8&#8243; include=\u00bb301,299,300,303,304,302&#8243;][vc_empty_space][vc_tta_accordion active_section=\u00bb\u00bb no_fill=\u00bbtrue\u00bb collapsible_all=\u00bbtrue\u00bb][vc_tta_section title=\u00bbAcceso a la obra de Javier Muguerza\u00bb tab_id=\u00bb1674559570841-72770854-0516&#8243;][vc_column_text]<a href=\"https:\/\/www.juntadeandalucia.es\/organismos\/culturaydeporte\/areas\/cultura\/bibliotecas-documentacion\/directorio-bibliotecas\/detalle\/712.html\" target=\"_blank\" rel=\"noopener\" target=\"_blank\" rel=\"noopener\">Biblioteca Municipal de Co\u00edn: Espacio Javier Muguerza<\/a>.<\/p>\n<p><a href=\"https:\/\/uned.primo.exlibrisgroup.com\/discovery\/search?query=any,contains,javier%20muguerza&amp;tab=tab1&amp;search_scope=MyInst_and_CI&amp;sortby=date_a&amp;vid=34UNED_INST:34UNED_VU1&amp;mode=Basic\" target=\"_blank\" rel=\"noopener\" target=\"_blank\" rel=\"noopener\">Biblioteca UNED. Cat\u00e1logo<\/a>.<\/p>\n<p><a href=\"https:\/\/ull.primo.exlibrisgroup.com\/discovery\/search?query=any,contains,Javier%20Muguerza&amp;tab=Everything&amp;search_scope=MyInst_and_CI&amp;sortby=date_a&amp;vid=34ULL_INST:ULL&amp;facet=creator,include,Muguerza%20Javier&amp;lang=es&amp;offset=0&amp;came_from=sort\" target=\"_blank\" rel=\"noopener\" target=\"_blank\" rel=\"noopener\">Biblioteca Universidad de La Laguna. Cat\u00e1logo.<\/a><\/p>\n<p><a href=\"https:\/\/www.ull.es\/eventos\/javier-muguerza-carpintier\/bibliografia\/\" target=\"_blank\" rel=\"noopener\" target=\"_blank\" rel=\"noopener\">Bibliograf\u00eda<\/a>. <a href=\"https:\/\/absysnet.bbtk.ull.es\/cgi-bin\/abnetopac?TITN=614799\" target=\"_blank\" rel=\"noopener\" target=\"_blank\" rel=\"noopener\">Archivo personal Javier Muguerza Carpintier (ULL)<\/a><\/p>\n<p><a href=\"https:\/\/dialnet.unirioja.es\/buscar\/documentos?querysDismax.DOCUMENTAL_TODO=javier+muguerza+carpintier\" target=\"_blank\" rel=\"noopener\" target=\"_blank\" rel=\"noopener\">Dialnet<\/a>.<\/p>\n<p><a href=\"https:\/\/rebiun.baratz.es\/OpacDiscovery\/public\/home\" target=\"_blank\" rel=\"noopener\" target=\"_blank\" rel=\"noopener\">Cat\u00e1logo REBIUN<\/a><b>.<\/b>[\/vc_column_text][\/vc_tta_section][vc_tta_section title=\u00bbAcceso a contenidos documentales\u00bb tab_id=\u00bb1674559570847-d0111c05-11ed\u00bb][vc_column_text]<a href=\"https:\/\/fundaciongarciaaguera.org\/acuerdo.php\" target=\"_blank\" rel=\"noopener\" target=\"_blank\" rel=\"noopener\">Archivo Fundaci\u00f3n Garc\u00eda Ag\u00fcera, Co\u00edn (M\u00e1laga)<\/a>.<\/p>\n<p><a href=\"https:\/\/www.base-search.net\/Search\/Results?lookfor=javier+muguerza&amp;l=en&amp;oaboost=1&amp;ling=1&amp;newsearch=1&amp;refid=dcadven&amp;name=\" target=\"_blank\" rel=\"noopener\" target=\"_blank\" rel=\"noopener\">Base: Bielefeld University Library Search Engine<\/a>: uno de los mayores buscadores del mundo especializado en recursos acad\u00e9micos de acceso abierto.<\/p>\n<p><a href=\"https:\/\/research.ebsco.com\/c\/df24kt\/search\/results?q=javier%20Muguerza&amp;autocorrect=n&amp;expanders=concept&amp;limiters=FT1%3AY%2CFT%3AY&amp;qm=W3sidmFsdWUiOiJqYXZpZXIgTXVndWVyemEiLCJ0eXBlIjoidGV4dCJ9XQ%3D%3D&amp;searchMode=boolean&amp;searchSegment=all-results\" target=\"_blank\" rel=\"noopener\" target=\"_blank\" rel=\"noopener\">Bibliotecas de la UNAM. M\u00e9xico.<\/a><\/p>\n<p><a href=\"https:\/\/catalogo.march.es\/cgi-bin\/koha\/opac-search.pl?idx=&amp;q=javier+muguerza&amp;weight_search=1\" target=\"_blank\" rel=\"noopener\" target=\"_blank\" rel=\"noopener\">Biblioteca Fundaci\u00f3n Juan March de Madrid<\/a>.<\/p>\n<p><a href=\"https:\/\/www.filosoficas.unam.mx\/sitio\/fallecimiento-javier-muguerza\" target=\"_blank\" rel=\"noopener\" target=\"_blank\" rel=\"noopener\">Biblioteca Eduardo Garc\u00eda M\u00e1ynez (Instituto de Investigaciones filos\u00f3ficas de la UNAM)<\/a>. M\u00e9xico.<\/p>\n<p><a href=\"https:\/\/www.ull.es\/eventos\/gonzalezvicen\/archivo\/\" target=\"_blank\" rel=\"noopener\" target=\"_blank\" rel=\"noopener\">Biblioteca Universidad de La Laguna. Archivo personal Felipe Gonz\u00e1lez Vic\u00e9n. Epistolario<\/a>.<\/p>\n<p><a href=\"https:\/\/absysnet.bbtk.ull.es\/cgi-bin\/abnetopac?TITN=614799\" target=\"_blank\" rel=\"noopener\" target=\"_blank\" rel=\"noopener\">Biblioteca Universidad de La Laguna. Archivo personal Javier Muguerza Carpintier. Cat\u00e1logo.<\/a><\/p>\n<p><a href=\"https:\/\/h3.bbtk.ull.es\/results.vm?o=&amp;w=javier+muguerza+carpintier&amp;f=&amp;s=0&amp;c=0&amp;lang=es&amp;view=general\" target=\"_blank\" rel=\"noopener\" target=\"_blank\" rel=\"noopener\">Biblioteca Universidad de La Laguna. Mares\u00eda: prensa digitalizada y patrimonio documental<\/a>.<\/p>\n<p><a href=\"https:\/\/e-spacio.uned.es\/search?query=javier%20muguerza\" target=\"_blank\" rel=\"noopener\" target=\"_blank\" rel=\"noopener\">Biblioteca Universidad Nacional a Distancia. e-Spacio\u00a0<\/a><\/p>\n<p><a href=\"https:\/\/dugifonsespecials.udg.edu\/discover?scope=%2F&amp;query=*javier+muguerza*&amp;sort_by=2&amp;order=ASC&amp;rpp=24&amp;submit=Ir\" target=\"_blank\" rel=\"noopener\" target=\"_blank\" rel=\"noopener\">Biblioteca Universitat de Girona. C\u00e1tedra Ferrater Mora. Epistolario<\/a>.<\/p>\n<p><a href=\"https:\/\/biblioteca.cchs.csic.es\/archivos\/Aranguren\/#descripcion\" target=\"_blank\" rel=\"noopener\" target=\"_blank\" rel=\"noopener\">Biblioteca Tom\u00e1s Navarro Tom\u00e1s (CCHS). Archivo Jos\u00e9 Luis L\u00f3pez Aranguren. Epistolario. Madrid.<\/a><\/p>\n<p><a href=\"https:\/\/csic-primo.hosted.exlibrisgroup.com\/primo-explore\/search?query=any,contains,javier%20muguerza&amp;tab=default_tab&amp;search_scope=default_scope&amp;vid=34CSIC_VU1&amp;offset=0\" target=\"_blank\" rel=\"noopener\" target=\"_blank\" rel=\"noopener\">Biblioteca Virtual. Red de Bibliotecas y Archivos del CSIC Madrid<\/a>.<\/p>\n<p><a href=\"https:\/\/hispana.mcu.es\/es\/consulta\/resultados_busqueda_restringida.do?idOrigen=12911&amp;tipoResultados&amp;busq_autorfaceta=Muguerza%2C+Javier&amp;descrip_autorfaceta=Muguerza%2C+Javier\" target=\"_blank\" rel=\"noopener\" target=\"_blank\" rel=\"noopener\">Hispana:<\/a> portal que re\u00fane las colecciones digitales de archivos, bibliotecas y museos espa\u00f1oles.<\/p>\n<p><a href=\"https:\/\/buscador.recolecta.fecyt.es\/buscador-recolecta?search_api_fulltext=javier+muguerza&amp;tipo-buscador=publicacion&amp;document-type=&amp;document-type-no=&amp;Buscar=Buscar\" target=\"_blank\" rel=\"noopener\">Recolecta<\/a>: <a href=\"https:\/\/buscador.recolecta.fecyt.es\/buscador-recolecta?search_api_fulltext=javier+muguerza&amp;tipo-buscador=publicacion&amp;document-type=&amp;document-type-no=&amp;Buscar=Buscar\" target=\"_blank\" rel=\"noopener\" target=\"_blank\" rel=\"noopener\">plataforma que agrupa a todos los repositorios cient\u00edficos espa\u00f1oles<\/a>.[\/vc_column_text][\/vc_tta_section][vc_tta_section title=\u00bbAcceso a contenidos audiovisuales\u00bb tab_id=\u00bb1674559694748-331de893-8ace\u00bb][vc_column_text]<a href=\"https:\/\/www.youtube.com\/@catedraculturaljaviermugue7530\/search?query=javier%20muguerza\" target=\"_blank\" rel=\"noopener\" target=\"_blank\" rel=\"noopener\">Canal C\u00e1tedra Javier Muguerza Universidad de La Laguna<\/a><\/p>\n<p><a href=\"https:\/\/canalcoin.com\/?s=javier+muguerza\" target=\"_blank\" rel=\"noopener\" target=\"_blank\" rel=\"noopener\">Canal Co\u00edn (M\u00e1laga)<\/a><\/p>\n<p><a href=\"https:\/\/canal.march.es\/es\/explorar?q=javier%20muguerza&amp;exactMatches\" target=\"_blank\" rel=\"noopener\" target=\"_blank\" rel=\"noopener\">Canal Juan March (Madrid)<\/a><\/p>\n<p><a href=\"https:\/\/www.youtube.com\/@CanalULL\/search?query=javier%20muguerza\" target=\"_blank\" rel=\"noopener\" target=\"_blank\" rel=\"noopener\">Canal ULL (La Laguna)<\/a><\/p>\n<p><a href=\"https:\/\/canal.uned.es\/buscador?q=javier+muguerza#gsc.tab=0&amp;gsc.q=javier%20muguerza&amp;gsc.page=1\" target=\"_blank\" rel=\"noopener\" target=\"_blank\" rel=\"noopener\">Canal UNED (Madrid)<\/a><\/p>\n<p><a href=\"https:\/\/www.youtube.com\/results?search_query=javier+muguerza+carpintier*\" target=\"_blank\" rel=\"noopener\" target=\"_blank\" rel=\"noopener\">Canal Youtube\u00a0 (General)\u00a0<\/a><\/p>\n<p><a href=\"https:\/\/www.residenciadeestudiantes.com\/mediateca?page=1&amp;search_string=javier+muguerza&amp;event_start_year=1984&amp;event_end_year=2025&amp;event_format=3&amp;event_format=5\" target=\"_blank\" rel=\"noopener\" target=\"_blank\" rel=\"noopener\">Residencia de Estudiantes. Mediateca.<\/a>[\/vc_column_text][\/vc_tta_section][vc_tta_section title=\u00bbAcceso a diccionarios\u00bb tab_id=\u00bb1763126041589-4a9aee2f-abde\u00bb][vc_column_text]<a href=\"https:\/\/es.wikipedia.org\/wiki\/Javier_Muguerza\" target=\"_blank\" rel=\"noopener\" target=\"_blank\" rel=\"noopener\">Javier Muguerza en la Wikipedia<\/a><\/p>\n<p><a href=\"https:\/\/www.diccionariodefilosofia.es\/es\/diccionario\/l\/2714-muguerza-javier.html\" target=\"_blank\" rel=\"noopener\" target=\"_blank\" rel=\"noopener\">Javier Muguerza en el Diccionario Ferrater Mora<\/a>[\/vc_column_text][\/vc_tta_section][vc_tta_section title=\u00bbNoticias\u00bb tab_id=\u00bb1763126091624-0f0eea26-1095&#8243;][vc_column_text]<a href=\"https:\/\/www.ull.es\/portal\/noticias\/tag\/javier-muguerza\/\" target=\"_blank\" rel=\"noopener\" target=\"_blank\" rel=\"noopener\">Portal Noticias ULL<\/a>.<\/p>\n<p><a href=\"https:\/\/www.uned.es\/universidad\/inicio\/noticias.html\" target=\"_blank\" rel=\"noopener\" target=\"_blank\" rel=\"noopener\">Portal Noticias UNED<\/a>.<\/p>\n<p><a href=\"https:\/\/ifs.csic.es\/es\/buscar?search_api_fulltext=javier+muguerza\" target=\"_blank\" rel=\"noopener\" target=\"_blank\" rel=\"noopener\">Instituto de Filosof\u00eda (IFS-CSIC)<\/a>. Madrid.<\/p>\n<p><a href=\"https:\/\/www.ull.es\/portal\/agenda\/organizador\/catedra-cultural-javier-muguerza\/\" target=\"_blank\" rel=\"noopener\" target=\"_blank\" rel=\"noopener\">C\u00e1tedra Javier Muguerza (La Laguna)<\/a>.[\/vc_column_text][\/vc_tta_section][vc_tta_section title=\u00bbPremios, cert\u00e1menes\u2026\u00bb tab_id=\u00bb1763126180292-a21fb7b8-b150&#8243;][vc_column_text]<a href=\"https:\/\/www.google.com\/search?q=Premio+Javier+Muguerza+Uned&amp;rlz=1C1GCEA_enES1169ES1169&amp;oq=Premio+Javier+Muguerza+Uned&amp;gs_lcrp=EgZjaHJvbWUyBggAEEUYOTIGCAEQRRg8MgYIAhBFGDwyBggDEEUYPNIBCTgxMTJqMGoxNagCCLACAfEFtQNiJ1dS8uw&amp;sourceid=chrome&amp;ie=UTF-8\" target=\"_blank\" rel=\"noopener\" target=\"_blank\" rel=\"noopener\">Premio Javier Muguerza de Investigaci\u00f3n en Filosof\u00eda UNED (Madrid)<b>: <\/b><b>\u00a0<\/b><\/a><br \/>\n<a href=\"https:\/\/canal.uned.es\/video\/6384a3fdb9130f18c1668e02\" target=\"_blank\" rel=\"noopener\" target=\"_blank\" rel=\"noopener\">2022<\/a> \u2014 \u00a0<a href=\"https:\/\/canal.uned.es\/video\/6557411e371fa01e81469f12\" target=\"_blank\" rel=\"noopener\" target=\"_blank\" rel=\"noopener\">2023<\/a>\u00a0 \u2014 \u00a0<a href=\"https:\/\/canal.uned.es\/video\/673dfd8684ac3885b30222c4\" target=\"_blank\" rel=\"noopener\" target=\"_blank\" rel=\"noopener\">2024<\/a> \u2014 <a href=\"https:\/\/www.uned.es\/universidad\/facultades\/escueladoctorado\/noticias\/mostrarnoticia.html?noticia=premio-javier-muguerza-de-investigacion-en-filosofia-cuarta-edicion\" target=\"_blank\" rel=\"noopener\" target=\"_blank\" rel=\"noopener\">2025<\/a> \u2014\u00a0 2026<\/p>\n<p>Conferencias Javier Muguerza de Filosof\u00eda (Co\u00edn, M\u00e1laga):<br \/>\n<a href=\"https:\/\/www.facebook.com\/CulturaCoin\/posts\/-este-viernes-1-de-octubre-estrenamos-las-i-conferencias-javier-muguerza-de-filo\/4697247250320172\/?locale=ms_MY\" target=\"_blank\" rel=\"noopener\" target=\"_blank\" rel=\"noopener\">2021<\/a> \u2014 <a href=\"https:\/\/www.facebook.com\/CulturaCoin\/posts\/-este-viernes-1-de-octubre-estrenamos-las-i-conferencias-javier-muguerza-de-filo\/4697247250320172\/?locale=ms_MY\" target=\"_blank\" rel=\"noopener\">\u00a0<\/a><a href=\"https:\/\/www.youtube.com\/watch?v=xp8d8QwhVis\" target=\"_blank\" rel=\"noopener\" target=\"_blank\" rel=\"noopener\">2022<\/a> \u00a0\u2014 <a href=\"https:\/\/www.youtube.com\/watch?v=QA-YRYWH-VY\" target=\"_blank\" rel=\"noopener\" target=\"_blank\" rel=\"noopener\">2023<\/a>\u00a0 \u00a0\u2014 <a href=\"https:\/\/www.facebook.com\/photo\/?fbid=527434386644064&amp;set=pcb.527434419977394\" target=\"_blank\" rel=\"noopener\" target=\"_blank\" rel=\"noopener\">2024<\/a><\/p>\n<p>Certamen de creaci\u00f3n filos\u00f3fica (Co\u00edn, M\u00e1laga):<br \/>\n<a href=\"https:\/\/www.facebook.com\/CulturaCoin\/posts\/-este-viernes-1-de-octubre-estrenamos-las-i-conferencias-javier-muguerza-de-filo\/4697247250320172\/?locale=ms_MY\" target=\"_blank\" rel=\"noopener\" target=\"_blank\" rel=\"noopener\">2021<\/a>\u00a0 \u2014\u00a0 <a href=\"https:\/\/www.visitacoin.com\/certamen-de-creacion-filosofica-javier-muguerza\/\" target=\"_blank\" rel=\"noopener\" target=\"_blank\" rel=\"noopener\">2022<\/a> \u00a0\u2014 <a href=\"https:\/\/canalcoin.com\/iii-certamen-de-filosofia-javier-muguerza-2023\/\" target=\"_blank\" rel=\"noopener\" target=\"_blank\" rel=\"noopener\">2023<\/a> \u00a0\u2014 <a href=\"https:\/\/coin.es\/evento\/conferencias-javier-muguerza-de-filosofia\" target=\"_blank\" rel=\"noopener\" target=\"_blank\" rel=\"noopener\">2024<\/a>[\/vc_column_text][\/vc_tta_section][vc_tta_section title=\u00bbExposiciones\u00bb tab_id=\u00bb1763126179742-e94c7824-8e9f\u00bb][vc_column_text]Javier Muguerza: muestra bibliogr\u00e1fica con motivo de su investidura como doctor<i> honoris causa<\/i> por la Universidad de La Laguna.<br \/>\n<a href=\"https:\/\/www.ull.es\/portal\/noticias\/2007\/la-biblioteca-de-la-ull-abre-una-muestra-bibliogrfica-de-sus-nuevos-doctores-honoris-causa\/\" target=\"_blank\" rel=\"noopener\" target=\"_blank\" rel=\"noopener\">2007<\/a><\/p>\n<p><a href=\"https:\/\/blogs.uned.es\/bibliounedabierta\/2023\/11\/18\/javier-muguerza-los-suenos-de-la-razon-la-razon-de-los-suenos\/\" target=\"_blank\" rel=\"noopener\" target=\"_blank\" rel=\"noopener\">Javier Muguerza: los sue\u00f1os de la raz\u00f3n, la raz\u00f3n de los sue\u00f1os<\/a> (UNED\/ULL).<br \/>\n<a href=\"https:\/\/www.youtube.com\/watch?v=lfXtitetcBg\" target=\"_blank\" rel=\"noopener\" target=\"_blank\" rel=\"noopener\">2022 <\/a>\u00a0\u2014\u00a0 <a href=\"https:\/\/www.youtube.com\/watch?v=jQrgVgRVBWo\" target=\"_blank\" rel=\"noopener\" target=\"_blank\" rel=\"noopener\">2023\u00a0<\/a>[\/vc_column_text][\/vc_tta_section][\/vc_tta_accordion][vc_empty_space][vc_separator color=\u00bbcustom\u00bb accent_color=\u00bb#8e8e8e\u00bb][\/vc_column][\/vc_row]<\/p>\n","protected":false},"excerpt":{"rendered":"<p>[vc_row][vc_column width=\u00bb1\/4&#8243;][vc_empty_space][vc_custom_heading text=\u00bbJavier Muguerza Carpintier\u00bb font_container=\u00bbtag:h1|font_size:3em|text_align:left|color:%23020202|line_height:100%25&#8243; google_fonts=\u00bbfont_family:Playfair%20Display%3Aregular%2Citalic%2C700%2C700italic%2C900%2C900italic|font_style:700%20bold%20italic%3A700%3Aitalic\u00bb link=\u00bburl:https%3A%2F%2Fwww.ull.es%2Feventos%2Fjavier-muguerza-carpintier%2F\u00bb][vc_empty_space][\/vc_column][vc_column width=\u00bb3\/4&#8243;][\/vc_column][\/vc_row][vc_row][vc_column width=\u00bb1\/4&#8243;][vc_separator color=\u00bbcustom\u00bb accent_color=\u00bb#8e8e8e\u00bb][vc_empty_space][vc_custom_heading source=\u00bbpost_title\u00bb font_container=\u00bbtag:h2|text_align:left|color:%23020202&#8243; google_fonts=\u00bbfont_family:Playfair%20Display%3Aregular%2Citalic%2C700%2C700italic%2C900%2C900italic|font_style:400%20italic%3A400%3Aitalic\u00bb][\/vc_column][vc_column width=\u00bb3\/4&#8243;][vc_separator][vc_media_grid element_width=\u00bb2&#8243; grid_id=\u00bbvc_gid:1763560008088-c17f826c-22ca-8&#8243; include=\u00bb301,299,300,303,304,302&#8243;][vc_empty_space][vc_tta_accordion active_section=\u00bb\u00bb no_fill=\u00bbtrue\u00bb collapsible_all=\u00bbtrue\u00bb][vc_tta_section title=\u00bbAcceso a la obra de Javier Muguerza\u00bb tab_id=\u00bb1674559570841-72770854-0516&#8243;][vc_column_text]Biblioteca Municipal de Co\u00edn: Espacio Javier Muguerza. Biblioteca UNED. Cat\u00e1logo. Biblioteca Universidad de La Laguna. Cat\u00e1logo. Bibliograf\u00eda. Archivo personal Javier Muguerza Carpintier (ULL) Dialnet. Cat\u00e1logo REBIUN.[\/vc_column_text][\/vc_tta_section][vc_tta_section&#8230;<\/p>\n","protected":false},"author":14,"featured_media":0,"parent":0,"menu_order":0,"comment_status":"closed","ping_status":"closed","template":"templates\/template-no-title.php","meta":{"footnotes":""},"class_list":["post-53","page","type-page","status-publish","hentry"],"_links":{"self":[{"href":"https:\/\/www.ull.es\/eventos\/javier-muguerza-carpintier\/wp-json\/wp\/v2\/pages\/53"}],"collection":[{"href":"https:\/\/www.ull.es\/eventos\/javier-muguerza-carpintier\/wp-json\/wp\/v2\/pages"}],"about":[{"href":"https:\/\/www.ull.es\/eventos\/javier-muguerza-carpintier\/wp-json\/wp\/v2\/types\/page"}],"author":[{"embeddable":true,"href":"https:\/\/www.ull.es\/eventos\/javier-muguerza-carpintier\/wp-json\/wp\/v2\/users\/14"}],"replies":[{"embeddable":true,"href":"https:\/\/www.ull.es\/eventos\/javier-muguerza-carpintier\/wp-json\/wp\/v2\/comments?post=53"}],"version-history":[{"count":13,"href":"https:\/\/www.ull.es\/eventos\/javier-muguerza-carpintier\/wp-json\/wp\/v2\/pages\/53\/revisions"}],"predecessor-version":[{"id":305,"href":"https:\/\/www.ull.es\/eventos\/javier-muguerza-carpintier\/wp-json\/wp\/v2\/pages\/53\/revisions\/305"}],"wp:attachment":[{"href":"https:\/\/www.ull.es\/eventos\/javier-muguerza-carpintier\/wp-json\/wp\/v2\/media?parent=53"}],"curies":[{"name":"wp","href":"https:\/\/api.w.org\/{rel}","templated":true}]}}