{"id":645,"date":"2024-10-08T12:41:37","date_gmt":"2024-10-08T10:41:37","guid":{"rendered":"https:\/\/www.ull.es\/eventos\/jesus-sanchez-navarro\/?page_id=645"},"modified":"2026-04-28T13:48:43","modified_gmt":"2026-04-28T11:48:43","slug":"645-2","status":"publish","type":"page","link":"https:\/\/www.ull.es\/eventos\/jesus-sanchez-navarro\/","title":{"rendered":"Presentaci\u00f3n"},"content":{"rendered":"<p>[vc_row equal_height=\u00bbyes\u00bb content_placement=\u00bbbottom\u00bb css=\u00bb.vc_custom_1618472651893{background-position: center !important;background-repeat: no-repeat !important;background-size: cover !important;}\u00bb][vc_column width=\u00bb1\/4&#8243;][vc_empty_space][vc_custom_heading text=\u00bbJes\u00fas S\u00e1nchez Navarro\u00bb font_container=\u00bbtag:h1|font_size:3em|text_align:left|color:%23020202|line_height:100%25&#8243; google_fonts=\u00bbfont_family:Playfair%20Display%3Aregular%2Citalic%2C700%2C700italic%2C900%2C900italic|font_style:700%20bold%20italic%3A700%3Aitalic\u00bb][vc_raw_html]JTNDcCUyMGNsYXNzJTNEJTIybGVnYWRvLWRvcyUyMiUzRUNpdWRhZCUyMFJlYWwlMkMlMjAxOTUxJTIwLSUyMExhJTIwTGFndW5hJTJDJTIwMjAxOSUzQyUyRnNtYWxsJTNFJTNDJTJGcCUzRQ==[\/vc_raw_html][\/vc_column][vc_column width=\u00bb3\/4&#8243;][vc_single_image image=\u00bb652&#8243; img_size=\u00bbfull\u00bb css_animation=\u00bbfadeIn\u00bb el_class=\u00bbcabecera\u00bb][\/vc_column][\/vc_row][vc_row][vc_column width=\u00bb1\/4&#8243;][vc_separator color=\u00bbcustom\u00bb accent_color=\u00bb#8e8e8e\u00bb][\/vc_column][vc_column width=\u00bb3\/4&#8243;][vc_separator color=\u00bbcustom\u00bb accent_color=\u00bb#8e8e8e\u00bb][\/vc_column][\/vc_row][vc_row gap=\u00bb30&#8243; content_placement=\u00bbtop\u00bb][vc_column width=\u00bb1\/4&#8243;][vc_btn title=\u00bbFicha de descripci\u00f3n\u00bb style=\u00bboutline-custom\u00bb outline_custom_color=\u00bb#666666&#8243; outline_custom_hover_background=\u00bb#383838&#8243; outline_custom_hover_text=\u00bb#ffffff\u00bb size=\u00bbsm\u00bb i_icon_fontawesome=\u00bbfar fa-address-card\u00bb add_icon=\u00bbtrue\u00bb link=\u00bburl:https%3A%2F%2Fdocs.google.com%2Fdocument%2Fd%2F1kj0-yZY8nDYhtvV78fpxzUILZ8I7WUhKM2A171gm0MQ%2F|title:(sin%20t%C3%ADtulo)|target:_blank\u00bb][vc_empty_space][\/vc_column][vc_column width=\u00bb3\/4&#8243;][vc_column_text]<\/p>\n<p style=\"padding-left: 120px;\">\u00abLa ciencia se ha convertido en uno de los fen\u00f3menos m\u00e1s importantes y caracter\u00edsticos de nuestra cultura, pero tambi\u00e9n uno de los m\u00e1s parad\u00f3jicos. Su capacidad para predecir lo inesperado y para explicar con precisi\u00f3n y simplicidad fen\u00f3menos que se presentan ante nuestros ojos como infinitamente variados y desordenados, as\u00ed como la facilidad con que penetra en la estructura fina de la realidad desentra\u00f1ando la sutil complejidad de lo que al sentido com\u00fan le parece simple por familiar, le ha dado un halo de misterio y maravilla\u2026\u00bb<\/p>\n<p style=\"padding-left: 120px; text-align: right;\">J. S\u00e1nchez Navarro (1997). La Pol\u00e9mica entre la Ciencia y la Filosof\u00eda Natural, en F.C.O.H.C. en <em>De la Ciencia Triunfante a la P\u00e9rdida de la Certidumbre<\/em> (1700-1900)<\/p>\n<p>&nbsp;<\/p>\n<p><span style=\"font-weight: 400;\">Jes\u00fas S\u00e1nchez Navarro \u200b(1951-2019) fue profesor del \u00e1rea de L\u00f3gica y Filosof\u00eda de la Ciencia de la<\/span><a href=\"https:\/\/www.ull.es\/\" target=\"_blank\" rel=\"noopener\"> <span style=\"font-weight: 400;\">Universidad de La Laguna<\/span><\/a><span style=\"font-weight: 400;\"> y un destacado especialista y divulgador de la Historia de la Ciencia y Filosof\u00eda de la Ciencia en Canarias.<\/span><a href=\"https:\/\/www.ull.es\/portal\/noticias\/2021\/biblioteca-fondos-jesus-sanchez-navarro-colectivo-harimaguada\/\" target=\"_blank\" rel=\"noopener\"><span style=\"font-weight: 400;\"> El <\/span><span style=\"font-weight: 400;\">23 de abril de 2021<\/span><\/a><span style=\"font-weight: 400;\">, D\u00eda del Libro, esta instituci\u00f3n recibi\u00f3 la donaci\u00f3n de su biblioteca y de su archivo personal, formado principalmente por documentaci\u00f3n profesional generada a lo largo de una vida entregada a la docencia e investigaci\u00f3n.<\/span>[\/vc_column_text][vc_empty_space][\/vc_column][\/vc_row][vc_row gap=\u00bb30&#8243;][vc_column width=\u00bb1\/4&#8243;][vc_separator color=\u00bbcustom\u00bb accent_color=\u00bb#8e8e8e\u00bb][\/vc_column][vc_column width=\u00bb3\/4&#8243;][vc_separator color=\u00bbcustom\u00bb accent_color=\u00bb#8e8e8e\u00bb][\/vc_column][\/vc_row][vc_row gap=\u00bb30&#8243; content_placement=\u00bbtop\u00bb][vc_column width=\u00bb1\/4&#8243;][vc_btn title=\u00bbPortal de archivos personales\u00bb style=\u00bboutline-custom\u00bb outline_custom_color=\u00bb#666666&#8243; outline_custom_hover_background=\u00bb#383838&#8243; outline_custom_hover_text=\u00bb#ffffff\u00bb size=\u00bbxs\u00bb align=\u00bbleft\u00bb button_block=\u00bbtrue\u00bb link=\u00bburl:https%3A%2F%2Fwww.ull.es%2Fservicios%2Fbiblioteca%2Farchivos-personales%2F\u00bb][vc_btn title=\u00bbBiblioteca de la Universidad de La Laguna\u00bb style=\u00bboutline-custom\u00bb outline_custom_color=\u00bb#666666&#8243; outline_custom_hover_background=\u00bb#383838&#8243; outline_custom_hover_text=\u00bb#ffffff\u00bb size=\u00bbxs\u00bb align=\u00bbleft\u00bb button_block=\u00bbtrue\u00bb link=\u00bburl:https%3A%2F%2Fwww.ull.es%2Fservicios%2Fbiblioteca%2F\u00bb][\/vc_column][vc_column width=\u00bb3\/4&#8243;][vc_tta_tabs style=\u00bbmodern\u00bb shape=\u00bbsquare\u00bb spacing=\u00bb3&#8243; active_section=\u00bb0&#8243; no_fill_content_area=\u00bbtrue\u00bb][vc_tta_section title=\u00bbC\u00f3mo citar estos documentos\u00bb tab_id=\u00bb1618318806297-453b0e75-29f5&#8243;][vc_column_text]<span style=\"color: #3d3d3d;\"><b>Cita\u00a0 del archivo completo<\/b><\/span><span style=\"color: #333333;\"><br \/>\n<\/span><span style=\"font-weight: 400;\">Biblioteca ULL. Archivo personal de Jes\u00fas S\u00e1nchez Navarro<\/span><span style=\"font-weight: 400;\"><br \/>\n<\/span><span style=\"font-weight: 400;\"> Biblioteca ULL. AP JSN<\/span><\/p>\n<p><span style=\"color: #3d3d3d;\"><b>Cita de un documento concreto<\/b><\/span><b><span style=\"color: #333333;\"><br \/>\n<\/span><\/b><span style=\"font-weight: 400;\">Biblioteca ULL. [Siglas: nombre y apellido N\u00ba Caja \/ N\u00ba Documento]<\/span><span style=\"font-weight: 400;\"><br \/>\n<\/span><span style=\"font-weight: 400;\"> Ej.: Biblioteca ULL. JSN\u00a0 1\/1<\/span>[\/vc_column_text][\/vc_tta_section][vc_tta_section title=\u00bbLocalizaci\u00f3n\u00bb tab_id=\u00bb1618318806275-e9e734b7-9219&#8243;][vc_column_text]<span style=\"font-weight: 400;\">Universidad de La Laguna<br \/>\n<\/span><span style=\"font-weight: 400;\">Campus de Anchieta<br \/>\n<\/span><a href=\"https:\/\/www.ull.es\/servicios\/biblioteca\/sede\/ingenieriaytecnologia\/\" target=\"_blank\" rel=\"noopener\"><span style=\"font-weight: 400;\">Biblioteca de Ingenier\u00eda y Tecnolog\u00eda<\/span><\/a><br \/>\n<span style=\"font-weight: 400;\">Camino de San Francisco de Paula, s\/n<br \/>\n<\/span><span style=\"font-weight: 400;\">38200 La Laguna (Tenerife)<\/span>[\/vc_column_text][\/vc_tta_section][vc_tta_section title=\u00bbDatos de contacto\u00bb tab_id=\u00bb1618318832595-5d7c9212-98ec\u00bb][vc_column_text]<span style=\"font-weight: 400;\">betsii@ull.edu.es<br \/>\n<\/span><a href=\"https:\/\/www.ull.es\/servicios\/biblioteca\/sede\/ingenieriaytecnologia\/\" target=\"_blank\" rel=\"noopener\"><span style=\"font-weight: 400;\">Biblioteca de Ingenier\u00eda y Tecnolog\u00eda<\/span><\/a><br \/>\n<span style=\"font-weight: 400;\">Universidad de La Laguna<\/span>[\/vc_column_text][\/vc_tta_section][\/vc_tta_tabs][\/vc_column][\/vc_row][vc_row][vc_column][vc_separator color=\u00bbcustom\u00bb accent_color=\u00bb#8e8e8e\u00bb][vc_empty_space][\/vc_column][\/vc_row]<\/p>\n","protected":false},"excerpt":{"rendered":"<p>[vc_row equal_height=\u00bbyes\u00bb content_placement=\u00bbbottom\u00bb css=\u00bb.vc_custom_1618472651893{background-position: center !important;background-repeat: no-repeat !important;background-size: cover !important;}\u00bb][vc_column width=\u00bb1\/4&#8243;][vc_empty_space][vc_custom_heading text=\u00bbJes\u00fas S\u00e1nchez Navarro\u00bb font_container=\u00bbtag:h1|font_size:3em|text_align:left|color:%23020202|line_height:100%25&#8243; google_fonts=\u00bbfont_family:Playfair%20Display%3Aregular%2Citalic%2C700%2C700italic%2C900%2C900italic|font_style:700%20bold%20italic%3A700%3Aitalic\u00bb][vc_raw_html]JTNDcCUyMGNsYXNzJTNEJTIybGVnYWRvLWRvcyUyMiUzRUNpdWRhZCUyMFJlYWwlMkMlMjAxOTUxJTIwLSUyMExhJTIwTGFndW5hJTJDJTIwMjAxOSUzQyUyRnNtYWxsJTNFJTNDJTJGcCUzRQ==[\/vc_raw_html][\/vc_column][vc_column width=\u00bb3\/4&#8243;][vc_single_image image=\u00bb652&#8243; img_size=\u00bbfull\u00bb css_animation=\u00bbfadeIn\u00bb el_class=\u00bbcabecera\u00bb][\/vc_column][\/vc_row][vc_row][vc_column width=\u00bb1\/4&#8243;][vc_separator color=\u00bbcustom\u00bb accent_color=\u00bb#8e8e8e\u00bb][\/vc_column][vc_column width=\u00bb3\/4&#8243;][vc_separator color=\u00bbcustom\u00bb accent_color=\u00bb#8e8e8e\u00bb][\/vc_column][\/vc_row][vc_row gap=\u00bb30&#8243; content_placement=\u00bbtop\u00bb][vc_column width=\u00bb1\/4&#8243;][vc_btn title=\u00bbFicha de descripci\u00f3n\u00bb style=\u00bboutline-custom\u00bb outline_custom_color=\u00bb#666666&#8243; outline_custom_hover_background=\u00bb#383838&#8243; outline_custom_hover_text=\u00bb#ffffff\u00bb size=\u00bbsm\u00bb i_icon_fontawesome=\u00bbfar fa-address-card\u00bb add_icon=\u00bbtrue\u00bb link=\u00bburl:https%3A%2F%2Fdocs.google.com%2Fdocument%2Fd%2F1kj0-yZY8nDYhtvV78fpxzUILZ8I7WUhKM2A171gm0MQ%2F|title:(sin%20t%C3%ADtulo)|target:_blank\u00bb][vc_empty_space][\/vc_column][vc_column width=\u00bb3\/4&#8243;][vc_column_text] \u00abLa ciencia se ha convertido en uno de los fen\u00f3menos m\u00e1s importantes&#8230;<\/p>\n","protected":false},"author":14,"featured_media":0,"parent":0,"menu_order":0,"comment_status":"closed","ping_status":"closed","template":"templates\/template-no-title.php","meta":{"footnotes":""},"class_list":["post-645","page","type-page","status-publish","hentry"],"_links":{"self":[{"href":"https:\/\/www.ull.es\/eventos\/jesus-sanchez-navarro\/wp-json\/wp\/v2\/pages\/645"}],"collection":[{"href":"https:\/\/www.ull.es\/eventos\/jesus-sanchez-navarro\/wp-json\/wp\/v2\/pages"}],"about":[{"href":"https:\/\/www.ull.es\/eventos\/jesus-sanchez-navarro\/wp-json\/wp\/v2\/types\/page"}],"author":[{"embeddable":true,"href":"https:\/\/www.ull.es\/eventos\/jesus-sanchez-navarro\/wp-json\/wp\/v2\/users\/14"}],"replies":[{"embeddable":true,"href":"https:\/\/www.ull.es\/eventos\/jesus-sanchez-navarro\/wp-json\/wp\/v2\/comments?post=645"}],"version-history":[{"count":14,"href":"https:\/\/www.ull.es\/eventos\/jesus-sanchez-navarro\/wp-json\/wp\/v2\/pages\/645\/revisions"}],"predecessor-version":[{"id":734,"href":"https:\/\/www.ull.es\/eventos\/jesus-sanchez-navarro\/wp-json\/wp\/v2\/pages\/645\/revisions\/734"}],"wp:attachment":[{"href":"https:\/\/www.ull.es\/eventos\/jesus-sanchez-navarro\/wp-json\/wp\/v2\/media?parent=645"}],"curies":[{"name":"wp","href":"https:\/\/api.w.org\/{rel}","templated":true}]}}

Presentación

<p>[vc_row equal_height=»yes» content_placement=»bottom» css=».vc_custom_1618472651893{background-position: center !important;background-repeat: no-repeat !important;background-size: cover !important;}»][vc_column width=»1/4&#8243;][vc_empty_space][vc_custom_heading text=»Jesús Sánchez Navarro» font_container=»tag:h1|font_size:3em|text_align:left|color:%23020202|line_height:100%25&#8243; google_fonts=»font_family:Playfair%20Display%3Aregular%2Citalic%2C700%2C700italic%2C900%2C900italic|font_style:700%20bold%20italic%3A700%3Aitalic»][vc_raw_html]JTNDcCUyMGNsYXNzJTNEJTIybGVnYWRvLWRvcyUyMiUzRUNpdWRhZCUyMFJlYWwlMkMlMjAxOTUxJTIwLSUyMExhJTIwTGFndW5hJTJDJTIwMjAxOSUzQyUyRnNtYWxsJTNFJTNDJTJGcCUzRQ==[/vc_raw_html][/vc_column][vc_column width=»3/4&#8243;][vc_single_image image=»652&#8243; img_size=»full» css_animation=»fadeIn» el_class=»cabecera»][/vc_column][/vc_row][vc_row][vc_column width=»1/4&#8243;][vc_separator color=»custom» accent_color=»#8e8e8e»][/vc_column][vc_column width=»3/4&#8243;][vc_separator color=»custom» accent_color=»#8e8e8e»][/vc_column][/vc_row][vc_row gap=»30&#8243; content_placement=»top»][vc_column width=»1/4&#8243;][vc_btn title=»Ficha de descripción» style=»outline-custom» outline_custom_color=»#666666&#8243; outline_custom_hover_background=»#383838&#8243; outline_custom_hover_text=»#ffffff» size=»sm» i_icon_fontawesome=»far fa-address-card» add_icon=»true» link=»url:https%3A%2F%2Fdocs.google.com%2Fdocument%2Fd%2F1kj0-yZY8nDYhtvV78fpxzUILZ8I7WUhKM2A171gm0MQ%2F|title:(sin%20t%C3%ADtulo)|target:_blank»][vc_empty_space][/vc_column][vc_column width=»3/4&#8243;][vc_column_text]</p>
<p style="padding-left: 120px;">«La ciencia se ha convertido en uno de los fenómenos más importantes y característicos de nuestra cultura, pero también uno de los más paradójicos. Su capacidad para predecir lo inesperado y para explicar con precisión y simplicidad fenómenos que se presentan ante nuestros ojos como infinitamente variados y desordenados, así como la facilidad con que penetra en la estructura fina de la realidad desentrañando la sutil complejidad de lo que al sentido común le parece simple por familiar, le ha dado un halo de misterio y maravilla…»</p>
<p style="padding-left: 120px; text-align: right;">J. Sánchez Navarro (1997). La Polémica entre la Ciencia y la Filosofía Natural, en F.C.O.H.C. en <em>De la Ciencia Triunfante a la Pérdida de la Certidumbre</em> (1700-1900)</p>
<p>&nbsp;</p>
<p><span style="font-weight: 400;">Jesús Sánchez Navarro ​(1951-2019) fue profesor del área de Lógica y Filosofía de la Ciencia de la</span><a href="https://www.ull.es/" target="_blank" rel="noopener"> <span style="font-weight: 400;">Universidad de La Laguna</span></a><span style="font-weight: 400;"> y un destacado especialista y divulgador de la Historia de la Ciencia y Filosofía de la Ciencia en Canarias.</span><a href="https://www.ull.es/portal/noticias/2021/biblioteca-fondos-jesus-sanchez-navarro-colectivo-harimaguada/" target="_blank" rel="noopener"><span style="font-weight: 400;"> El </span><span style="font-weight: 400;">23 de abril de 2021</span></a><span style="font-weight: 400;">, Día del Libro, esta institución recibió la donación de su biblioteca y de su archivo personal, formado principalmente por documentación profesional generada a lo largo de una vida entregada a la docencia e investigación.</span>[/vc_column_text][vc_empty_space][/vc_column][/vc_row][vc_row gap=»30&#8243;][vc_column width=»1/4&#8243;][vc_separator color=»custom» accent_color=»#8e8e8e»][/vc_column][vc_column width=»3/4&#8243;][vc_separator color=»custom» accent_color=»#8e8e8e»][/vc_column][/vc_row][vc_row gap=»30&#8243; content_placement=»top»][vc_column width=»1/4&#8243;][vc_btn title=»Portal de archivos personales» style=»outline-custom» outline_custom_color=»#666666&#8243; outline_custom_hover_background=»#383838&#8243; outline_custom_hover_text=»#ffffff» size=»xs» align=»left» button_block=»true» link=»url:https%3A%2F%2Fwww.ull.es%2Fservicios%2Fbiblioteca%2Farchivos-personales%2F»][vc_btn title=»Biblioteca de la Universidad de La Laguna» style=»outline-custom» outline_custom_color=»#666666&#8243; outline_custom_hover_background=»#383838&#8243; outline_custom_hover_text=»#ffffff» size=»xs» align=»left» button_block=»true» link=»url:https%3A%2F%2Fwww.ull.es%2Fservicios%2Fbiblioteca%2F»][/vc_column][vc_column width=»3/4&#8243;][vc_tta_tabs style=»modern» shape=»square» spacing=»3&#8243; active_section=»0&#8243; no_fill_content_area=»true»][vc_tta_section title=»Cómo citar estos documentos» tab_id=»1618318806297-453b0e75-29f5&#8243;][vc_column_text]<span style="color: #3d3d3d;"><b>Cita  del archivo completo</b></span><span style="color: #333333;"><br />
</span><span style="font-weight: 400;">Biblioteca ULL. Archivo personal de Jesús Sánchez Navarro</span><span style="font-weight: 400;"><br />
</span><span style="font-weight: 400;"> Biblioteca ULL. AP JSN</span></p>
<p><span style="color: #3d3d3d;"><b>Cita de un documento concreto</b></span><b><span style="color: #333333;"><br />
</span></b><span style="font-weight: 400;">Biblioteca ULL. [Siglas: nombre y apellido Nº Caja / Nº Documento]</span><span style="font-weight: 400;"><br />
</span><span style="font-weight: 400;"> Ej.: Biblioteca ULL. JSN  1/1</span>[/vc_column_text][/vc_tta_section][vc_tta_section title=»Localización» tab_id=»1618318806275-e9e734b7-9219&#8243;][vc_column_text]<span style="font-weight: 400;">Universidad de La Laguna<br />
</span><span style="font-weight: 400;">Campus de Anchieta<br />
</span><a href="https://www.ull.es/servicios/biblioteca/sede/ingenieriaytecnologia/" target="_blank" rel="noopener"><span style="font-weight: 400;">Biblioteca de Ingeniería y Tecnología</span></a><br />
<span style="font-weight: 400;">Camino de San Francisco de Paula, s/n<br />
</span><span style="font-weight: 400;">38200 La Laguna (Tenerife)</span>[/vc_column_text][/vc_tta_section][vc_tta_section title=»Datos de contacto» tab_id=»1618318832595-5d7c9212-98ec»][vc_column_text]<span style="font-weight: 400;">betsii@ull.edu.es<br />
</span><a href="https://www.ull.es/servicios/biblioteca/sede/ingenieriaytecnologia/" target="_blank" rel="noopener"><span style="font-weight: 400;">Biblioteca de Ingeniería y Tecnología</span></a><br />
<span style="font-weight: 400;">Universidad de La Laguna</span>[/vc_column_text][/vc_tta_section][/vc_tta_tabs][/vc_column][/vc_row][vc_row][vc_column][vc_separator color=»custom» accent_color=»#8e8e8e»][vc_empty_space][/vc_column][/vc_row]</p>

<p>[vc_row equal_height=»yes» content_placement=»bottom» css=».vc_custom_1618472651893{background-position: center !important;background-repeat: no-repeat !important;background-size: cover !important;}»][vc_column width=»1/4&#8243;][vc_empty_space][vc_custom_heading text=»Jesús Sánchez Navarro» font_container=»tag:h1|font_size:3em|text_align:left|color:%23020202|line_height:100%25&#8243; google_fonts=»font_family:Playfair%20Display%3Aregular%2Citalic%2C700%2C700italic%2C900%2C900italic|font_style:700%20bold%20italic%3A700%3Aitalic»][vc_raw_html]JTNDcCUyMGNsYXNzJTNEJTIybGVnYWRvLWRvcyUyMiUzRUNpdWRhZCUyMFJlYWwlMkMlMjAxOTUxJTIwLSUyMExhJTIwTGFndW5hJTJDJTIwMjAxOSUzQyUyRnNtYWxsJTNFJTNDJTJGcCUzRQ==[/vc_raw_html][/vc_column][vc_column width=»3/4&#8243;][vc_single_image image=»652&#8243; img_size=»full» css_animation=»fadeIn» el_class=»cabecera»][/vc_column][/vc_row][vc_row][vc_column width=»1/4&#8243;][vc_separator color=»custom» accent_color=»#8e8e8e»][/vc_column][vc_column width=»3/4&#8243;][vc_separator color=»custom» accent_color=»#8e8e8e»][/vc_column][/vc_row][vc_row gap=»30&#8243; content_placement=»top»][vc_column width=»1/4&#8243;][vc_btn title=»Ficha de descripción» style=»outline-custom» outline_custom_color=»#666666&#8243; outline_custom_hover_background=»#383838&#8243; outline_custom_hover_text=»#ffffff» size=»sm» i_icon_fontawesome=»far fa-address-card» add_icon=»true» link=»url:https%3A%2F%2Fdocs.google.com%2Fdocument%2Fd%2F1kj0-yZY8nDYhtvV78fpxzUILZ8I7WUhKM2A171gm0MQ%2F|title:(sin%20t%C3%ADtulo)|target:_blank»][vc_empty_space][/vc_column][vc_column width=»3/4&#8243;][vc_column_text] «La ciencia se ha convertido en uno de los fenómenos más importantes&#8230;</p>
