{"id":703,"date":"2026-04-24T13:38:01","date_gmt":"2026-04-24T11:38:01","guid":{"rendered":"https:\/\/www.ull.es\/eventos\/jesus-sanchez-navarro\/?page_id=703"},"modified":"2026-04-24T14:38:08","modified_gmt":"2026-04-24T12:38:08","slug":"archivo","status":"publish","type":"page","link":"https:\/\/www.ull.es\/eventos\/jesus-sanchez-navarro\/archivo\/","title":{"rendered":"Archivo"},"content":{"rendered":"<p>[vc_row][vc_column width=\u00bb1\/4&#8243;][vc_empty_space][vc_custom_heading text=\u00bbJes\u00fas S\u00e1nchez Navarro\u00bb font_container=\u00bbtag:h1|font_size:3em|text_align:left|color:%23020202|line_height:100%25&#8243; google_fonts=\u00bbfont_family:Playfair%20Display%3Aregular%2Citalic%2C700%2C700italic%2C900%2C900italic|font_style:700%20bold%20italic%3A700%3Aitalic\u00bb link=\u00bburl:https%3A%2F%2Fwww.ull.es%2Feventos%2Fjavier-muguerza-carpintier%2Fpresentacion%2F\u00bb][vc_empty_space][\/vc_column][vc_column width=\u00bb3\/4&#8243;][\/vc_column][\/vc_row][vc_row][vc_column width=\u00bb1\/4&#8243;][vc_separator color=\u00bbcustom\u00bb accent_color=\u00bb#8e8e8e\u00bb][vc_empty_space][vc_custom_heading source=\u00bbpost_title\u00bb font_container=\u00bbtag:h2|text_align:left|color:%23020202&#8243; google_fonts=\u00bbfont_family:Playfair%20Display%3Aregular%2Citalic%2C700%2C700italic%2C900%2C900italic|font_style:400%20italic%3A400%3Aitalic\u00bb][\/vc_column][vc_column width=\u00bb3\/4&#8243;][vc_separator color=\u00bbcustom\u00bb accent_color=\u00bb#8e8e8e\u00bb][vc_empty_space][vc_column_text]<span style=\"font-weight: 400;\">El archivo de Jes\u00fas S\u00e1nchez Navarro fue donado a la Biblioteca de la Universidad de La Laguna el 23 de abril de 2021, junto a su biblioteca personal.\u00a0<\/span><\/p>\n<p><span style=\"font-weight: 400;\">Contiene 10 cajas de conservaci\u00f3n. Se trata fundamentalmente de textos preparatorios de su obra publicada, documentaci\u00f3n gr\u00e1fica, correspondencia, programas de actos, as\u00ed como textos in\u00e9ditos del autor.\u00a0<\/span><\/p>\n<p><span style=\"font-weight: 400;\">Su v\u00ednculo con la creaci\u00f3n de la Facultad de Filosof\u00eda y con el Seminario Orotava de Historia de la Ciencia, aporta documentaci\u00f3n de gran inter\u00e9s para la historia de estas instituciones.\u00a0<\/span><\/p>\n<p><span style=\"font-weight: 400;\">El archivo est\u00e1 compuesto por las siguientes series documentales:\u00a0\u00a0<\/span><\/p>\n<ol>\n<li><span style=\"font-weight: 400;\"> Documentaci\u00f3n personal. \u2013 2. Documentaci\u00f3n profesional. \u2013 3. Obra propia. \u2013 4. Correspondencia. \u2013 5. Documentaci\u00f3n gr\u00e1fica. \u2013 6. Obra ajena. \u2013 7. Programas de actos. \u2013 8. Varia. Objetos personales. Recortes de prensa. \u2013 9. Documentaci\u00f3n generada por el propio archivo.<\/span><\/li>\n<\/ol>\n<p>[\/vc_column_text][vc_empty_space][vc_btn title=\u00bbAcceso al archivo de Jes\u00fas S\u00e1nchez Navarro\u00bb style=\u00bbflat\u00bb link=\u00bburl:https%3A%2F%2Fdocs.google.com%2Fdocument%2Fd%2F1Se3AI_s88-MoiKi2-kUQ5Z3nTJIaiweo_fOM_ejwY9k%2Fedit%3Ftab%3Dt.0|target:_blank\u00bb][vc_empty_space height=\u00bb2px\u00bb][vc_btn title=\u00bbAcceso al Inventario, RIULL\u00bb style=\u00bbflat\u00bb link=\u00bburl:https%3A%2F%2Friull.ull.es%2Fxmlui%2Fhandle%2F915%2F46878|target:_blank\u00bb][vc_empty_space][vc_media_grid element_width=\u00bb3&#8243; gap=\u00bb0&#8243; grid_id=\u00bbvc_gid:1777034253836-54a426d4-65ed-6&#8243; include=\u00bb719,718,720,717&#8243;][vc_empty_space][vc_separator color=\u00bbcustom\u00bb accent_color=\u00bb#8e8e8e\u00bb][\/vc_column][\/vc_row][vc_row][vc_column][\/vc_column][\/vc_row]<\/p>\n","protected":false},"excerpt":{"rendered":"<p>[vc_row][vc_column width=\u00bb1\/4&#8243;][vc_empty_space][vc_custom_heading text=\u00bbJes\u00fas S\u00e1nchez Navarro\u00bb font_container=\u00bbtag:h1|font_size:3em|text_align:left|color:%23020202|line_height:100%25&#8243; google_fonts=\u00bbfont_family:Playfair%20Display%3Aregular%2Citalic%2C700%2C700italic%2C900%2C900italic|font_style:700%20bold%20italic%3A700%3Aitalic\u00bb link=\u00bburl:https%3A%2F%2Fwww.ull.es%2Feventos%2Fjavier-muguerza-carpintier%2Fpresentacion%2F\u00bb][vc_empty_space][\/vc_column][vc_column width=\u00bb3\/4&#8243;][\/vc_column][\/vc_row][vc_row][vc_column width=\u00bb1\/4&#8243;][vc_separator color=\u00bbcustom\u00bb accent_color=\u00bb#8e8e8e\u00bb][vc_empty_space][vc_custom_heading source=\u00bbpost_title\u00bb font_container=\u00bbtag:h2|text_align:left|color:%23020202&#8243; google_fonts=\u00bbfont_family:Playfair%20Display%3Aregular%2Citalic%2C700%2C700italic%2C900%2C900italic|font_style:400%20italic%3A400%3Aitalic\u00bb][\/vc_column][vc_column width=\u00bb3\/4&#8243;][vc_separator color=\u00bbcustom\u00bb accent_color=\u00bb#8e8e8e\u00bb][vc_empty_space][vc_column_text]El archivo de Jes\u00fas S\u00e1nchez Navarro fue donado a la Biblioteca de la Universidad de La Laguna el 23 de abril de 2021, junto a su biblioteca personal.\u00a0 Contiene 10 cajas de conservaci\u00f3n. Se trata fundamentalmente de textos&#8230;<\/p>\n","protected":false},"author":14,"featured_media":0,"parent":0,"menu_order":0,"comment_status":"closed","ping_status":"closed","template":"templates\/template-no-title.php","meta":{"footnotes":""},"class_list":["post-703","page","type-page","status-publish","hentry"],"_links":{"self":[{"href":"https:\/\/www.ull.es\/eventos\/jesus-sanchez-navarro\/wp-json\/wp\/v2\/pages\/703"}],"collection":[{"href":"https:\/\/www.ull.es\/eventos\/jesus-sanchez-navarro\/wp-json\/wp\/v2\/pages"}],"about":[{"href":"https:\/\/www.ull.es\/eventos\/jesus-sanchez-navarro\/wp-json\/wp\/v2\/types\/page"}],"author":[{"embeddable":true,"href":"https:\/\/www.ull.es\/eventos\/jesus-sanchez-navarro\/wp-json\/wp\/v2\/users\/14"}],"replies":[{"embeddable":true,"href":"https:\/\/www.ull.es\/eventos\/jesus-sanchez-navarro\/wp-json\/wp\/v2\/comments?post=703"}],"version-history":[{"count":7,"href":"https:\/\/www.ull.es\/eventos\/jesus-sanchez-navarro\/wp-json\/wp\/v2\/pages\/703\/revisions"}],"predecessor-version":[{"id":722,"href":"https:\/\/www.ull.es\/eventos\/jesus-sanchez-navarro\/wp-json\/wp\/v2\/pages\/703\/revisions\/722"}],"wp:attachment":[{"href":"https:\/\/www.ull.es\/eventos\/jesus-sanchez-navarro\/wp-json\/wp\/v2\/media?parent=703"}],"curies":[{"name":"wp","href":"https:\/\/api.w.org\/{rel}","templated":true}]}}

<p>[vc_row][vc_column width=»1/4&#8243;][vc_empty_space][vc_custom_heading text=»Jesús Sánchez Navarro» font_container=»tag:h1|font_size:3em|text_align:left|color:%23020202|line_height:100%25&#8243; google_fonts=»font_family:Playfair%20Display%3Aregular%2Citalic%2C700%2C700italic%2C900%2C900italic|font_style:700%20bold%20italic%3A700%3Aitalic» link=»url:https%3A%2F%2Fwww.ull.es%2Feventos%2Fjavier-muguerza-carpintier%2Fpresentacion%2F»][vc_empty_space][/vc_column][vc_column width=»3/4&#8243;][/vc_column][/vc_row][vc_row][vc_column width=»1/4&#8243;][vc_separator color=»custom» accent_color=»#8e8e8e»][vc_empty_space][vc_custom_heading source=»post_title» font_container=»tag:h2|text_align:left|color:%23020202&#8243; google_fonts=»font_family:Playfair%20Display%3Aregular%2Citalic%2C700%2C700italic%2C900%2C900italic|font_style:400%20italic%3A400%3Aitalic»][/vc_column][vc_column width=»3/4&#8243;][vc_separator color=»custom» accent_color=»#8e8e8e»][vc_empty_space][vc_column_text]<span style="font-weight: 400;">El archivo de Jesús Sánchez Navarro fue donado a la Biblioteca de la Universidad de La Laguna el 23 de abril de 2021, junto a su biblioteca personal. </span></p>
<p><span style="font-weight: 400;">Contiene 10 cajas de conservación. Se trata fundamentalmente de textos preparatorios de su obra publicada, documentación gráfica, correspondencia, programas de actos, así como textos inéditos del autor. </span></p>
<p><span style="font-weight: 400;">Su vínculo con la creación de la Facultad de Filosofía y con el Seminario Orotava de Historia de la Ciencia, aporta documentación de gran interés para la historia de estas instituciones. </span></p>
<p><span style="font-weight: 400;">El archivo está compuesto por las siguientes series documentales:  </span></p>
<ol>
<li><span style="font-weight: 400;"> Documentación personal. – 2. Documentación profesional. – 3. Obra propia. – 4. Correspondencia. – 5. Documentación gráfica. – 6. Obra ajena. – 7. Programas de actos. – 8. Varia. Objetos personales. Recortes de prensa. – 9. Documentación generada por el propio archivo.</span></li>
</ol>
<p>[/vc_column_text][vc_empty_space][vc_btn title=»Acceso al archivo de Jesús Sánchez Navarro» style=»flat» link=»url:https%3A%2F%2Fdocs.google.com%2Fdocument%2Fd%2F1Se3AI_s88-MoiKi2-kUQ5Z3nTJIaiweo_fOM_ejwY9k%2Fedit%3Ftab%3Dt.0|target:_blank»][vc_empty_space height=»2px»][vc_btn title=»Acceso al Inventario, RIULL» style=»flat» link=»url:https%3A%2F%2Friull.ull.es%2Fxmlui%2Fhandle%2F915%2F46878|target:_blank»][vc_empty_space][vc_media_grid element_width=»3&#8243; gap=»0&#8243; grid_id=»vc_gid:1777034253836-54a426d4-65ed-6&#8243; include=»719,718,720,717&#8243;][vc_empty_space][vc_separator color=»custom» accent_color=»#8e8e8e»][/vc_column][/vc_row][vc_row][vc_column][/vc_column][/vc_row]</p>

<p>[vc_row][vc_column width=»1/4&#8243;][vc_empty_space][vc_custom_heading text=»Jesús Sánchez Navarro» font_container=»tag:h1|font_size:3em|text_align:left|color:%23020202|line_height:100%25&#8243; google_fonts=»font_family:Playfair%20Display%3Aregular%2Citalic%2C700%2C700italic%2C900%2C900italic|font_style:700%20bold%20italic%3A700%3Aitalic» link=»url:https%3A%2F%2Fwww.ull.es%2Feventos%2Fjavier-muguerza-carpintier%2Fpresentacion%2F»][vc_empty_space][/vc_column][vc_column width=»3/4&#8243;][/vc_column][/vc_row][vc_row][vc_column width=»1/4&#8243;][vc_separator color=»custom» accent_color=»#8e8e8e»][vc_empty_space][vc_custom_heading source=»post_title» font_container=»tag:h2|text_align:left|color:%23020202&#8243; google_fonts=»font_family:Playfair%20Display%3Aregular%2Citalic%2C700%2C700italic%2C900%2C900italic|font_style:400%20italic%3A400%3Aitalic»][/vc_column][vc_column width=»3/4&#8243;][vc_separator color=»custom» accent_color=»#8e8e8e»][vc_empty_space][vc_column_text]El archivo de Jesús Sánchez Navarro fue donado a la Biblioteca de la Universidad de La Laguna el 23 de abril de 2021, junto a su biblioteca personal.  Contiene 10 cajas de conservación. Se trata fundamentalmente de textos&#8230;</p>
