{"id":723,"date":"2026-04-24T14:42:22","date_gmt":"2026-04-24T12:42:22","guid":{"rendered":"https:\/\/www.ull.es\/eventos\/jesus-sanchez-navarro\/?page_id=723"},"modified":"2026-04-24T14:48:05","modified_gmt":"2026-04-24T12:48:05","slug":"enlaces-de-interes","status":"publish","type":"page","link":"https:\/\/www.ull.es\/eventos\/jesus-sanchez-navarro\/enlaces-de-interes\/","title":{"rendered":"Enlaces de inter\u00e9s"},"content":{"rendered":"<p>[vc_row][vc_column width=\u00bb1\/4&#8243;][vc_empty_space][vc_custom_heading text=\u00bbJes\u00fas S\u00e1nchez Navarro\u00bb font_container=\u00bbtag:h1|font_size:3em|text_align:left|color:%23020202|line_height:100%25&#8243; google_fonts=\u00bbfont_family:Playfair%20Display%3Aregular%2Citalic%2C700%2C700italic%2C900%2C900italic|font_style:700%20bold%20italic%3A700%3Aitalic\u00bb link=\u00bburl:https%3A%2F%2Fwww.ull.es%2Feventos%2Fjavier-muguerza-carpintier%2Fpresentacion%2F\u00bb][vc_empty_space][\/vc_column][vc_column width=\u00bb3\/4&#8243;][\/vc_column][\/vc_row][vc_row][vc_column width=\u00bb1\/4&#8243;][vc_separator color=\u00bbcustom\u00bb accent_color=\u00bb#8e8e8e\u00bb][vc_empty_space][vc_custom_heading source=\u00bbpost_title\u00bb font_container=\u00bbtag:h2|text_align:left|color:%23020202&#8243; google_fonts=\u00bbfont_family:Playfair%20Display%3Aregular%2Citalic%2C700%2C700italic%2C900%2C900italic|font_style:400%20italic%3A400%3Aitalic\u00bb][\/vc_column][vc_column width=\u00bb3\/4&#8243;][vc_separator color=\u00bbcustom\u00bb accent_color=\u00bb#8e8e8e\u00bb][vc_tta_accordion active_section=\u00bb\u00bb no_fill=\u00bbtrue\u00bb collapsible_all=\u00bbtrue\u00bb][vc_tta_section title=\u00bbAcceso a la obra de Jes\u00fas S\u00e1nchez Navarro\u00bb tab_id=\u00bb1777034396134-b382a608-b2fa\u00bb][vc_column_text]<\/p>\n<ul>\n<li style=\"font-weight: 400;\" aria-level=\"1\"><a href=\"https:\/\/docs.google.com\/document\/d\/1Se3AI_s88-MoiKi2-kUQ5Z3nTJIaiweo_fOM_ejwY9k\/edit\" target=\"_blank\" rel=\"noopener\" target=\"_blank\" rel=\"noopener\"><span style=\"font-weight: 400;\">Bibliograf\u00eda. Archivo personal Jes\u00fas S\u00e1nchez Navarro\u00a0<\/span><\/a><\/li>\n<li style=\"font-weight: 400;\" aria-level=\"1\"><a href=\"https:\/\/absysnet.bbtk.ull.es\/cgi-bin\/abnetopac?TITN=679813\" target=\"_blank\" rel=\"noopener\" target=\"_blank\" rel=\"noopener\"><span style=\"font-weight: 400;\">B<\/span><span style=\"font-weight: 400;\">iblioteca Universidad de La Laguna. Cat\u00e1logo ULL.\u00a0<\/span><\/a><\/li>\n<li style=\"font-weight: 400;\" aria-level=\"1\"><a href=\"https:\/\/dialnet.unirioja.es\/servlet\/autor?codigo=295152\" target=\"_blank\" rel=\"noopener\" target=\"_blank\" rel=\"noopener\"><span style=\"font-weight: 400;\">Dialnet (Universidad de La Rioja \/ ULL)<\/span><\/a><\/li>\n<\/ul>\n<p>[\/vc_column_text][\/vc_tta_section][vc_tta_section title=\u00bbNoticias\u00bb tab_id=\u00bb1777034396135-f2b02fbc-ab87&#8243;][vc_column_text]<\/p>\n<h2><b>Universidad de La Laguna (ULL)<\/b><\/h2>\n<ul>\n<li style=\"font-weight: 400;\" aria-level=\"1\"><b>23\/04\/2021: <\/b><a href=\"https:\/\/www.ull.es\/portal\/noticias\/2021\/biblioteca-fondos-jesus-sanchez-navarro-colectivo-harimaguada\/\" target=\"_blank\" rel=\"noopener\" target=\"_blank\" rel=\"noopener\"><span style=\"font-weight: 400;\">La Biblioteca recoge en el D\u00eda del Libro los fondos de Jes\u00fas S\u00e1nchez Navarro y el Colectivo Harimaguada.<\/span><\/a><\/li>\n<li style=\"font-weight: 400;\" aria-level=\"1\"><b>06\/09\/2019:<\/b> <a href=\"https:\/\/www.ull.es\/portal\/noticias\/2019\/jesus-sanchez-navarro-pasion-por-el-conocimiento\/\" target=\"_blank\" rel=\"noopener\" target=\"_blank\" rel=\"noopener\"><span style=\"font-weight: 400;\">Jes\u00fas S\u00e1nchez Navarro, pasi\u00f3n por el conocimiento (Muestra bibliogr\u00e1fica)<\/span><\/a><span style=\"font-weight: 400;\">.<\/span><\/li>\n<li style=\"font-weight: 400;\" aria-level=\"1\"><b>06\/09\/2019:<\/b> <a href=\"https:\/\/www.ull.es\/portal\/noticias\/2019\/la-biblioteca-recuerda-al-profesor-fallecido-jesus-sanchez-navarro\/\" target=\"_blank\" rel=\"noopener\" target=\"_blank\" rel=\"noopener\"><span style=\"font-weight: 400;\">La Biblioteca recuerda al profesor fallecido Jes\u00fas S\u00e1nchez Navarro<\/span><\/a><span style=\"font-weight: 400;\">.\u00a0<\/span><\/li>\n<\/ul>\n<h2><b>Biblioteca Municipal de Villarrubia de los Ojos, Castilla-La Mancha<\/b><\/h2>\n<ul>\n<li style=\"font-weight: 400;\" aria-level=\"1\"><a href=\"https:\/\/www.facebook.com\/bibliotecavillarrubia\/posts\/en-el-d%C3%ADadelasbibliotecas2024-tambi%C3%A9n-queremos-recordar-al-profesor-jes%C3%BAs-s%C3%A1nche\/967450525428788\/\" target=\"_blank\" rel=\"noopener\" target=\"_blank\" rel=\"noopener\"><b>24\/10\/2024<\/b><\/a><b>:<\/b> <span style=\"font-weight: 400;\">[Obras donada por la Biblioteca de la ULL]<\/span> <span style=\"font-weight: 400;\">(<\/span><a href=\"https:\/\/www.facebook.com\/bibliotecavillarrubia\/posts\/en-el-d%C3%ADadelasbibliotecas2024-tambi%C3%A9n-queremos-recordar-al-profesor-jes%C3%BAs-s%C3%A1nche\/967450525428788\/\" target=\"_blank\" rel=\"noopener\" target=\"_blank\" rel=\"noopener\"><span style=\"font-weight: 400;\">Facebook<\/span><\/a><span style=\"font-weight: 400;\">)<\/span><\/li>\n<li style=\"font-weight: 400;\" aria-level=\"1\"><b>06\/10\/2019:<\/b> <span style=\"font-weight: 400;\">Ha fallecido el profesor de Filosof\u00eda Jes\u00fas S\u00e1nchez Navarro (<\/span><a href=\"https:\/\/losojuelos.blogspot.com\/2019\/10\/ha-fallecido-el-profesor-de-filosofia.html?m=1\" target=\"_blank\" rel=\"noopener\" target=\"_blank\" rel=\"noopener\"><span style=\"font-weight: 400;\">Blog oficia<\/span><span style=\"font-weight: 400;\">l<\/span><\/a><span style=\"font-weight: 400;\">)<\/span><\/li>\n<li style=\"font-weight: 400;\" aria-level=\"1\"><b>11\/09\/2019:<\/b><span style=\"font-weight: 400;\"> [<\/span><span style=\"font-weight: 400;\">Nota de condolencias y legado] (<\/span><a href=\"https:\/\/ar-ar.facebook.com\/bibliotecavillarrubia\/posts\/2362786447101749\" target=\"_blank\" rel=\"noopener\" target=\"_blank\" rel=\"noopener\"><span style=\"font-weight: 400;\">Facebook<\/span><\/a><span style=\"font-weight: 400;\">)<\/span><\/li>\n<\/ul>\n<h2><b>Prensa<\/b><\/h2>\n<p><b>21\/04\/2023:<\/b> <a href=\"https:\/\/www.lavozdelanzarote.com\/opinion\/jesus-sanchez-in-memoriam_218400_102.html\" target=\"_blank\" rel=\"noopener\" target=\"_blank\" rel=\"noopener\"><span style=\"font-weight: 400;\">A Jes\u00fas S\u00e1nchez, <\/span><i><span style=\"font-weight: 400;\">in memoriam<\/span><\/i><\/a><span style=\"font-weight: 400;\">. Por Alexis Cruz Otero,\u00a0 en <\/span><i><span style=\"font-weight: 400;\">La Voz de Lanzarote<\/span><\/i><span style=\"font-weight: 400;\">.<\/span>[\/vc_column_text][\/vc_tta_section][vc_tta_section title=\u00bbRecursos externos\u00bb tab_id=\u00bb1777034614039-74ca06d0-99e7&#8243;][vc_column_text]<\/p>\n<ul>\n<li style=\"font-weight: 400;\" aria-level=\"1\"><a href=\"https:\/\/fundacionorotava.org\/quienes-somos\/historia-de-fundoro\/\" target=\"_blank\" rel=\"noopener\" target=\"_blank\" rel=\"noopener\"><span style=\"font-weight: 400;\">Fundaci\u00f3n Canaria Orotava de Historia de la Ciencia<\/span> <span style=\"font-weight: 400;\">(Fundoro).<\/span><\/a> <span style=\"font-weight: 400;\">Colaboraciones y archivo hist\u00f3rico.<\/span><\/li>\n<li><a href=\"https:\/\/efemeridestenerife.blogspot.com\/2018\/03\/fundacion-canaria-orotava-de-historia.html\" target=\"_blank\" rel=\"noopener\" target=\"_blank\" rel=\"noopener\"><span style=\"font-weight: 400;\">Efem\u00e9rides. [Dedicado a la] Fundaci\u00f3n Canaria Orotava de Historia de la Ciencia<\/span><\/a><span style=\"font-weight: 400;\">. Blog de Bruno Juan \u00c1lvarez Abr\u00e9u<\/span><\/li>\n<\/ul>\n<p>[\/vc_column_text][\/vc_tta_section][\/vc_tta_accordion][vc_empty_space][vc_separator color=\u00bbcustom\u00bb accent_color=\u00bb#8e8e8e\u00bb][\/vc_column][\/vc_row][vc_row][vc_column][\/vc_column][\/vc_row]<\/p>\n","protected":false},"excerpt":{"rendered":"<p>[vc_row][vc_column width=\u00bb1\/4&#8243;][vc_empty_space][vc_custom_heading text=\u00bbJes\u00fas S\u00e1nchez Navarro\u00bb font_container=\u00bbtag:h1|font_size:3em|text_align:left|color:%23020202|line_height:100%25&#8243; google_fonts=\u00bbfont_family:Playfair%20Display%3Aregular%2Citalic%2C700%2C700italic%2C900%2C900italic|font_style:700%20bold%20italic%3A700%3Aitalic\u00bb link=\u00bburl:https%3A%2F%2Fwww.ull.es%2Feventos%2Fjavier-muguerza-carpintier%2Fpresentacion%2F\u00bb][vc_empty_space][\/vc_column][vc_column width=\u00bb3\/4&#8243;][\/vc_column][\/vc_row][vc_row][vc_column width=\u00bb1\/4&#8243;][vc_separator color=\u00bbcustom\u00bb accent_color=\u00bb#8e8e8e\u00bb][vc_empty_space][vc_custom_heading source=\u00bbpost_title\u00bb font_container=\u00bbtag:h2|text_align:left|color:%23020202&#8243; google_fonts=\u00bbfont_family:Playfair%20Display%3Aregular%2Citalic%2C700%2C700italic%2C900%2C900italic|font_style:400%20italic%3A400%3Aitalic\u00bb][\/vc_column][vc_column width=\u00bb3\/4&#8243;][vc_separator color=\u00bbcustom\u00bb accent_color=\u00bb#8e8e8e\u00bb][vc_tta_accordion active_section=\u00bb\u00bb no_fill=\u00bbtrue\u00bb collapsible_all=\u00bbtrue\u00bb][vc_tta_section title=\u00bbAcceso a la obra de Jes\u00fas S\u00e1nchez Navarro\u00bb tab_id=\u00bb1777034396134-b382a608-b2fa\u00bb][vc_column_text] Bibliograf\u00eda. Archivo personal Jes\u00fas S\u00e1nchez Navarro\u00a0 Biblioteca Universidad de La Laguna. Cat\u00e1logo ULL.\u00a0 Dialnet (Universidad de La Rioja \/ ULL) [\/vc_column_text][\/vc_tta_section][vc_tta_section title=\u00bbNoticias\u00bb tab_id=\u00bb1777034396135-f2b02fbc-ab87&#8243;][vc_column_text] Universidad de&#8230;<\/p>\n","protected":false},"author":14,"featured_media":0,"parent":0,"menu_order":0,"comment_status":"closed","ping_status":"closed","template":"templates\/template-no-title.php","meta":{"footnotes":""},"class_list":["post-723","page","type-page","status-publish","hentry"],"_links":{"self":[{"href":"https:\/\/www.ull.es\/eventos\/jesus-sanchez-navarro\/wp-json\/wp\/v2\/pages\/723"}],"collection":[{"href":"https:\/\/www.ull.es\/eventos\/jesus-sanchez-navarro\/wp-json\/wp\/v2\/pages"}],"about":[{"href":"https:\/\/www.ull.es\/eventos\/jesus-sanchez-navarro\/wp-json\/wp\/v2\/types\/page"}],"author":[{"embeddable":true,"href":"https:\/\/www.ull.es\/eventos\/jesus-sanchez-navarro\/wp-json\/wp\/v2\/users\/14"}],"replies":[{"embeddable":true,"href":"https:\/\/www.ull.es\/eventos\/jesus-sanchez-navarro\/wp-json\/wp\/v2\/comments?post=723"}],"version-history":[{"count":6,"href":"https:\/\/www.ull.es\/eventos\/jesus-sanchez-navarro\/wp-json\/wp\/v2\/pages\/723\/revisions"}],"predecessor-version":[{"id":729,"href":"https:\/\/www.ull.es\/eventos\/jesus-sanchez-navarro\/wp-json\/wp\/v2\/pages\/723\/revisions\/729"}],"wp:attachment":[{"href":"https:\/\/www.ull.es\/eventos\/jesus-sanchez-navarro\/wp-json\/wp\/v2\/media?parent=723"}],"curies":[{"name":"wp","href":"https:\/\/api.w.org\/{rel}","templated":true}]}}