{"id":102,"date":"2023-07-10T10:23:15","date_gmt":"2023-07-10T10:23:15","guid":{"rendered":"https:\/\/www.ull.es\/eventos\/la-educacion-en-la-ii-republica\/?page_id=102"},"modified":"2023-07-10T10:43:53","modified_gmt":"2023-07-10T10:43:53","slug":"la-escuela-laica","status":"publish","type":"page","link":"https:\/\/www.ull.es\/eventos\/la-educacion-en-la-ii-republica\/la-escuela-laica\/","title":{"rendered":"La escuela laica"},"content":{"rendered":"<p>[vc_row gap=\u00bb35&#8243; equal_height=\u00bbyes\u00bb content_placement=\u00bbbottom\u00bb css=\u00bb.vc_custom_1688985796763{background-image: url(http:\/\/www.ull.es\/eventos\/la-educacion-en-la-ii-republica\/wp-content\/uploads\/sites\/54\/2023\/07\/primera-escuela-laica-occidente-astur.jpeg?id=112) !important;background-position: center !important;background-repeat: no-repeat !important;background-size: cover !important;}\u00bb][vc_column width=\u00bb1\/3&#8243;][vc_empty_space height=\u00bb600px\u00bb][\/vc_column][vc_column width=\u00bb2\/3&#8243;][\/vc_column][\/vc_row][vc_row gap=\u00bb35&#8243; content_placement=\u00bbtop\u00bb css=\u00bb.vc_custom_1682423323488{padding-right: 90px !important;padding-left: 90px !important;background-color: #f5f5f5 !important;}\u00bb][vc_column width=\u00bb1\/3&#8243;][vc_separator color=\u00bbcustom\u00bb accent_color=\u00bb#8e8e8e\u00bb][vc_custom_heading text=\u00bbLA ESCUELA LAICA\u00bb font_container=\u00bbtag:h1|font_size:3em|text_align:left|color:%23caa33f|line_height:100%25&#8243; google_fonts=\u00bbfont_family:Oswald%3A300%2Cregular%2C700|font_style:700%20bold%20regular%3A700%3Anormal\u00bb][vc_separator color=\u00bbcustom\u00bb accent_color=\u00bb#8e8e8e\u00bb][vc_empty_space][\/vc_column][vc_column width=\u00bb2\/3&#8243;][vc_separator color=\u00bbcustom\u00bb accent_color=\u00bb#8e8e8e\u00bb][vc_column_text]El debate Iglesia-Estado fue uno de los temas centrales de la acci\u00f3n pol\u00edtica de todo el periodo republicano y as\u00ed se refleja en el conjunto de disposiciones que se desarrollan en la Rep\u00fablica y no solo en el campo educativo. En el periodo republicano se estableci\u00f3 la libertad de cultos, se publicaron las leyes del divorcio y de la secularizaci\u00f3n de cementerios, se dictamin\u00f3 la disoluci\u00f3n de la Compa\u00f1\u00eda de Jes\u00fas, se redact\u00f3 la ley provisional del matrimonio civil, se extingui\u00f3 el presupuesto de culto y clero y, por \u00faltimo, se public\u00f3 la Ley de confesiones y congregaciones religiosas.[\/vc_column_text][vc_empty_space][vc_media_grid element_width=\u00bb2&#8243; grid_id=\u00bbvc_gid:1688985571153-63d2c24f-bc4a-2&#8243; include=\u00bb106,107&#8243;][vc_empty_space][vc_column_text]En el \u00e1mbito educativo se han de distinguir dos momentos: la moderada Disposici\u00f3n gubernativa del Decreto de mayo de 1931 sobre la voluntariedad de la ense\u00f1anza de la religi\u00f3n y el texto del art\u00edculo 26 de la Constituci\u00f3n de 1931, \u00e9ste con clara influencia del laicismo franc\u00e9s de Jules Ferry. El Decreto relativo a la ense\u00f1anza de la religi\u00f3n, cuesti\u00f3n que hab\u00eda venido siendo objeto de confrontaciones ideol\u00f3gicas desde el siglo anterior, y que a\u00fan segu\u00eda siendo obligatoria en todos los centros del pa\u00eds, pretend\u00eda situar a Espa\u00f1a al nivel de las democracias europeas en su desarrollo moral y civil. La disposici\u00f3n establec\u00eda que la instrucci\u00f3n religiosa no ser\u00eda obligatoria en las escuelas, si bien los alumnos cuyos padres expresaran el deseo expl\u00edcito de que la recibieran podr\u00edan hacer efectivo ese derecho. Los maestros que no quisieran impartirla, no ten\u00edan porqu\u00e9 hacerlo y lo har\u00eda en su lugar un sacerdote.<\/p>\n<p>Posteriormente la pol\u00e9mica fue mayor cuando se conoci\u00f3 el texto del art\u00edculo 26 de la Constituci\u00f3n. Este texto chocaba frontalmente con los intereses de una iglesia cat\u00f3lica con un fuerte arraigo en la mayor\u00eda de la sociedad espa\u00f1ola, circunstancia utilizada por los sectores conservadores de la sociedad para crear un clima contrario al gobierno republicano.<\/p>\n<p><b>Art\u00edculo 26:<\/b> \u201cTodas las confesiones ser\u00e1n consideradas como Asociaciones sometidas a una ley especial [&#8230;] Quedan disueltas aquellas \u00f3rdenes religiosas que estatutariamente impongan, adem\u00e1s de los tres votos can\u00f3nicos, otro especial de obediencia a autoridad distinta de la leg\u00edtima del Estado. Sus bienes ser\u00e1n nacionalizados y afectados a fines ben\u00e9ficos y docentes. Las dem\u00e1s \u00d3rdenes religiosas se someter\u00e1n a una ley especial, votada por estas Cortes Constituyentes, ajustada a las siguientes bases: [&#8230;] 4\u00ba Prohibici\u00f3n de ejercer la industria, el comercio, o la ense\u00f1anza [&#8230;]\u201d[\/vc_column_text][vc_empty_space][\/vc_column][\/vc_row][vc_row gap=\u00bb30&#8243; css=\u00bb.vc_custom_1682423464513{padding-right: 90px !important;padding-left: 90px !important;background-color: #f5f5f5 !important;}\u00bb][vc_column width=\u00bb1\/3&#8243;][vc_separator color=\u00bbcustom\u00bb accent_color=\u00bb#8e8e8e\u00bb][\/vc_column][vc_column width=\u00bb2\/3&#8243;][vc_separator color=\u00bbcustom\u00bb accent_color=\u00bb#8e8e8e\u00bb][\/vc_column][\/vc_row]<\/p>\n","protected":false},"excerpt":{"rendered":"<p>[vc_row gap=\u00bb35&#8243; equal_height=\u00bbyes\u00bb content_placement=\u00bbbottom\u00bb css=\u00bb.vc_custom_1688985796763{background-image: url(http:\/\/www.ull.es\/eventos\/la-educacion-en-la-ii-republica\/wp-content\/uploads\/sites\/54\/2023\/07\/primera-escuela-laica-occidente-astur.jpeg?id=112) !important;background-position: center !important;background-repeat: no-repeat !important;background-size: cover !important;}\u00bb][vc_column width=\u00bb1\/3&#8243;][vc_empty_space height=\u00bb600px\u00bb][\/vc_column][vc_column width=\u00bb2\/3&#8243;][\/vc_column][\/vc_row][vc_row gap=\u00bb35&#8243; content_placement=\u00bbtop\u00bb css=\u00bb.vc_custom_1682423323488{padding-right: 90px !important;padding-left: 90px !important;background-color: #f5f5f5 !important;}\u00bb][vc_column width=\u00bb1\/3&#8243;][vc_separator color=\u00bbcustom\u00bb accent_color=\u00bb#8e8e8e\u00bb][vc_custom_heading text=\u00bbLA ESCUELA LAICA\u00bb font_container=\u00bbtag:h1|font_size:3em|text_align:left|color:%23caa33f|line_height:100%25&#8243; google_fonts=\u00bbfont_family:Oswald%3A300%2Cregular%2C700|font_style:700%20bold%20regular%3A700%3Anormal\u00bb][vc_separator color=\u00bbcustom\u00bb accent_color=\u00bb#8e8e8e\u00bb][vc_empty_space][\/vc_column][vc_column width=\u00bb2\/3&#8243;][vc_separator color=\u00bbcustom\u00bb accent_color=\u00bb#8e8e8e\u00bb][vc_column_text]El debate Iglesia-Estado fue uno de los temas centrales de la acci\u00f3n pol\u00edtica de todo el periodo republicano&#8230;<\/p>\n","protected":false},"author":14,"featured_media":0,"parent":0,"menu_order":0,"comment_status":"closed","ping_status":"closed","template":"templates\/template-no-title.php","meta":{"footnotes":""},"class_list":["post-102","page","type-page","status-publish","hentry"],"_links":{"self":[{"href":"https:\/\/www.ull.es\/eventos\/la-educacion-en-la-ii-republica\/wp-json\/wp\/v2\/pages\/102"}],"collection":[{"href":"https:\/\/www.ull.es\/eventos\/la-educacion-en-la-ii-republica\/wp-json\/wp\/v2\/pages"}],"about":[{"href":"https:\/\/www.ull.es\/eventos\/la-educacion-en-la-ii-republica\/wp-json\/wp\/v2\/types\/page"}],"author":[{"embeddable":true,"href":"https:\/\/www.ull.es\/eventos\/la-educacion-en-la-ii-republica\/wp-json\/wp\/v2\/users\/14"}],"replies":[{"embeddable":true,"href":"https:\/\/www.ull.es\/eventos\/la-educacion-en-la-ii-republica\/wp-json\/wp\/v2\/comments?post=102"}],"version-history":[{"count":6,"href":"https:\/\/www.ull.es\/eventos\/la-educacion-en-la-ii-republica\/wp-json\/wp\/v2\/pages\/102\/revisions"}],"predecessor-version":[{"id":105,"href":"https:\/\/www.ull.es\/eventos\/la-educacion-en-la-ii-republica\/wp-json\/wp\/v2\/pages\/102\/revisions\/105"}],"wp:attachment":[{"href":"https:\/\/www.ull.es\/eventos\/la-educacion-en-la-ii-republica\/wp-json\/wp\/v2\/media?parent=102"}],"curies":[{"name":"wp","href":"https:\/\/api.w.org\/{rel}","templated":true}]}}

<p>[vc_row gap=»35&#8243; equal_height=»yes» content_placement=»bottom» css=».vc_custom_1688985796763{background-image: url(http://www.ull.es/eventos/la-educacion-en-la-ii-republica/wp-content/uploads/sites/54/2023/07/primera-escuela-laica-occidente-astur.jpeg?id=112) !important;background-position: center !important;background-repeat: no-repeat !important;background-size: cover !important;}»][vc_column width=»1/3&#8243;][vc_empty_space height=»600px»][/vc_column][vc_column width=»2/3&#8243;][/vc_column][/vc_row][vc_row gap=»35&#8243; content_placement=»top» css=».vc_custom_1682423323488{padding-right: 90px !important;padding-left: 90px !important;background-color: #f5f5f5 !important;}»][vc_column width=»1/3&#8243;][vc_separator color=»custom» accent_color=»#8e8e8e»][vc_custom_heading text=»LA ESCUELA LAICA» font_container=»tag:h1|font_size:3em|text_align:left|color:%23caa33f|line_height:100%25&#8243; google_fonts=»font_family:Oswald%3A300%2Cregular%2C700|font_style:700%20bold%20regular%3A700%3Anormal»][vc_separator color=»custom» accent_color=»#8e8e8e»][vc_empty_space][/vc_column][vc_column width=»2/3&#8243;][vc_separator color=»custom» accent_color=»#8e8e8e»][vc_column_text]El debate Iglesia-Estado fue uno de los temas centrales de la acción política de todo el periodo republicano y así se refleja en el conjunto de disposiciones que se desarrollan en la República y no solo en el campo educativo. En el periodo republicano se estableció la libertad de cultos, se publicaron las leyes del divorcio y de la secularización de cementerios, se dictaminó la disolución de la Compañía de Jesús, se redactó la ley provisional del matrimonio civil, se extinguió el presupuesto de culto y clero y, por último, se publicó la Ley de confesiones y congregaciones religiosas.[/vc_column_text][vc_empty_space][vc_media_grid element_width=»2&#8243; grid_id=»vc_gid:1688985571153-63d2c24f-bc4a-2&#8243; include=»106,107&#8243;][vc_empty_space][vc_column_text]En el ámbito educativo se han de distinguir dos momentos: la moderada Disposición gubernativa del Decreto de mayo de 1931 sobre la voluntariedad de la enseñanza de la religión y el texto del artículo 26 de la Constitución de 1931, éste con clara influencia del laicismo francés de Jules Ferry. El Decreto relativo a la enseñanza de la religión, cuestión que había venido siendo objeto de confrontaciones ideológicas desde el siglo anterior, y que aún seguía siendo obligatoria en todos los centros del país, pretendía situar a España al nivel de las democracias europeas en su desarrollo moral y civil. La disposición establecía que la instrucción religiosa no sería obligatoria en las escuelas, si bien los alumnos cuyos padres expresaran el deseo explícito de que la recibieran podrían hacer efectivo ese derecho. Los maestros que no quisieran impartirla, no tenían porqué hacerlo y lo haría en su lugar un sacerdote.</p>
<p>Posteriormente la polémica fue mayor cuando se conoció el texto del artículo 26 de la Constitución. Este texto chocaba frontalmente con los intereses de una iglesia católica con un fuerte arraigo en la mayoría de la sociedad española, circunstancia utilizada por los sectores conservadores de la sociedad para crear un clima contrario al gobierno republicano.</p>
<p><b>Artículo 26:</b> “Todas las confesiones serán consideradas como Asociaciones sometidas a una ley especial [&#8230;] Quedan disueltas aquellas órdenes religiosas que estatutariamente impongan, además de los tres votos canónicos, otro especial de obediencia a autoridad distinta de la legítima del Estado. Sus bienes serán nacionalizados y afectados a fines benéficos y docentes. Las demás Órdenes religiosas se someterán a una ley especial, votada por estas Cortes Constituyentes, ajustada a las siguientes bases: [&#8230;] 4º Prohibición de ejercer la industria, el comercio, o la enseñanza [&#8230;]”[/vc_column_text][vc_empty_space][/vc_column][/vc_row][vc_row gap=»30&#8243; css=».vc_custom_1682423464513{padding-right: 90px !important;padding-left: 90px !important;background-color: #f5f5f5 !important;}»][vc_column width=»1/3&#8243;][vc_separator color=»custom» accent_color=»#8e8e8e»][/vc_column][vc_column width=»2/3&#8243;][vc_separator color=»custom» accent_color=»#8e8e8e»][/vc_column][/vc_row]</p>

<p>[vc_row gap=»35&#8243; equal_height=»yes» content_placement=»bottom» css=».vc_custom_1688985796763{background-image: url(http://www.ull.es/eventos/la-educacion-en-la-ii-republica/wp-content/uploads/sites/54/2023/07/primera-escuela-laica-occidente-astur.jpeg?id=112) !important;background-position: center !important;background-repeat: no-repeat !important;background-size: cover !important;}»][vc_column width=»1/3&#8243;][vc_empty_space height=»600px»][/vc_column][vc_column width=»2/3&#8243;][/vc_column][/vc_row][vc_row gap=»35&#8243; content_placement=»top» css=».vc_custom_1682423323488{padding-right: 90px !important;padding-left: 90px !important;background-color: #f5f5f5 !important;}»][vc_column width=»1/3&#8243;][vc_separator color=»custom» accent_color=»#8e8e8e»][vc_custom_heading text=»LA ESCUELA LAICA» font_container=»tag:h1|font_size:3em|text_align:left|color:%23caa33f|line_height:100%25&#8243; google_fonts=»font_family:Oswald%3A300%2Cregular%2C700|font_style:700%20bold%20regular%3A700%3Anormal»][vc_separator color=»custom» accent_color=»#8e8e8e»][vc_empty_space][/vc_column][vc_column width=»2/3&#8243;][vc_separator color=»custom» accent_color=»#8e8e8e»][vc_column_text]El debate Iglesia-Estado fue uno de los temas centrales de la acción política de todo el periodo republicano&#8230;</p>
