{"id":114,"date":"2023-07-10T10:44:12","date_gmt":"2023-07-10T10:44:12","guid":{"rendered":"https:\/\/www.ull.es\/eventos\/la-educacion-en-la-ii-republica\/?page_id=114"},"modified":"2023-07-10T10:52:05","modified_gmt":"2023-07-10T10:52:05","slug":"114-2","status":"publish","type":"page","link":"https:\/\/www.ull.es\/eventos\/la-educacion-en-la-ii-republica\/114-2\/","title":{"rendered":"La ense\u00f1anza biling\u00fce"},"content":{"rendered":"<p>[vc_row gap=\u00bb35&#8243; equal_height=\u00bbyes\u00bb content_placement=\u00bbbottom\u00bb css=\u00bb.vc_custom_1688986323089{background-image: url(http:\/\/www.ull.es\/eventos\/la-educacion-en-la-ii-republica\/wp-content\/uploads\/sites\/54\/2023\/07\/PORTADA.jpg?id=125) !important;background-position: center !important;background-repeat: no-repeat !important;background-size: cover !important;}\u00bb][vc_column width=\u00bb1\/3&#8243;][vc_empty_space height=\u00bb600px\u00bb][\/vc_column][vc_column width=\u00bb2\/3&#8243;][\/vc_column][\/vc_row][vc_row gap=\u00bb35&#8243; content_placement=\u00bbtop\u00bb css=\u00bb.vc_custom_1682423323488{padding-right: 90px !important;padding-left: 90px !important;background-color: #f5f5f5 !important;}\u00bb][vc_column width=\u00bb1\/3&#8243;][vc_separator color=\u00bbcustom\u00bb accent_color=\u00bb#8e8e8e\u00bb][vc_custom_heading text=\u00bbLA ENSE\u00d1ANZA BILING\u00dcE\u00bb font_container=\u00bbtag:h1|font_size:3em|text_align:left|color:%23caa33f|line_height:100%25&#8243; google_fonts=\u00bbfont_family:Oswald%3A300%2Cregular%2C700|font_style:700%20bold%20regular%3A700%3Anormal\u00bb][vc_separator color=\u00bbcustom\u00bb accent_color=\u00bb#8e8e8e\u00bb][vc_empty_space][\/vc_column][vc_column width=\u00bb2\/3&#8243;][vc_separator color=\u00bbcustom\u00bb accent_color=\u00bb#8e8e8e\u00bb][vc_column_text]La primera medida adoptada por el gobierno provisional republicano y m\u00e1s concretamente por el Ministerio de Marcelino Domingo fue la del Biling\u00fcismo. Con el Decreto de 29 de abril de 1931 sobre el \u201cUso del catal\u00e1n en las escuelas de Catalu\u00f1a\u201d se restaur\u00f3 la ense\u00f1anza en catal\u00e1n prohibida por la dictadura de Primo de Rivera en 1923. Sobre el biling\u00fcismo hab\u00eda un amplio repertorio de justificaciones pedag\u00f3gicas, entre ellas las conclusiones de la Conferencia Internacional de Biling\u00fcismo (Luxemburgo, 1928), los estudios de Decroly presentados en ese mismo congreso de Luxemburgo o los estudios del Pa\u00eds de Gales sobre \u201cThe Bilingual Problem\u201d. Con esta medida se intentaba reparar la injusticia hist\u00f3rica con que hab\u00eda sido tratada aquella comunidad por los anteriores gobiernos y se anticipaba, en parte, el reconocimiento de la personalidad jur\u00eddica que esta regi\u00f3n iba a tener en la nueva ordenaci\u00f3n del Estado.\u00a0 La norma alud\u00eda, asimismo, a razones pedag\u00f3gicas en relaci\u00f3n con la defensa de la lengua materna porque respetar \u00e9sta \u201csupon\u00eda respetar el alma del alumno y favorecer la acci\u00f3n del nuevo maestro\u201d. Se establec\u00eda la ense\u00f1anza de la lengua materna, catalana o castellana, en las escuelas maternales o primarias (en estas \u00faltimas, el conocimiento y pr\u00e1ctica de la lengua espa\u00f1ola era obligatorio para los ni\u00f1os catalanes a partir de los ocho a\u00f1os). Aunque la disposici\u00f3n se centraba en el caso catal\u00e1n, por ser el m\u00e1s evidente y ostensible agravio, abr\u00eda las puertas al reconocimiento de cualquier otra realidad ling\u00fc\u00edstica, a las que se juzga con id\u00e9ntico derecho.[\/vc_column_text][vc_empty_space][vc_media_grid element_width=\u00bb2&#8243; grid_id=\u00bbvc_gid:1688986168115-dd1489c7-eadc-2&#8243; include=\u00bb119,117,118,121&#8243;][vc_empty_space][vc_column_text]<\/p>\n<h3><b>Texto<\/b><b> del Decreto de 29 de abril de 1931 sobre el \u201cUso del catal\u00e1n en las escuelas de Catalu\u00f1a\u201d\u00a0<\/b><\/h3>\n<p>La lengua catalana, proscrita y combatida por la Dictadura, era ya antes de dicho r\u00e9gimen y es hoy, con m\u00e1s intensidad y mayor extensi\u00f3n, la lengua con que uno de los pueblos m\u00e1s emotivos y creadores del territoriohispano descubre las intimidades de su conciencia y expresa sus pensamientos. Posibilitar que la lengua manten\u00eda sea un instrumento de cultura<\/p>\n<p>es posibilitar que la cultura rinda su m\u00e1xima eficacia. Ello quiere decir que, aun fijada la atenci\u00f3n en Catalu\u00f1a, porque el problema en ella es m\u00e1s evidente y el agravio ha sido m\u00e1s ostensible, no se circunscribe la soluci\u00f3n al respeto al catal\u00e1n como lengua materna, sino que se extiende a las otras lenguas peninsulares que se juzguen y\u00a0 se las juzgue con id\u00e9ntico derecho. Dentro de la nueva estructuraci\u00f3n del Estado que se ha iniciado con el cambio de r\u00e9gimen, uno de los empe\u00f1os en que ha de concentrar todas sus energ\u00edas la Rep\u00fablica es \u00e9ste: elevar la Escuela a la categor\u00eda de autoridad y eficacia que ocupa en los Estados de m\u00e1s alta jerarqu\u00eda. Respetar la lengua materna, sea ella cual fuere, es respetar el alma del alumno y favorecer la acci\u00f3n del Maestro permitiendo que ella se cumpla con toda plenitud.[\/vc_column_text][vc_empty_space][\/vc_column][\/vc_row][vc_row gap=\u00bb30&#8243; css=\u00bb.vc_custom_1682423464513{padding-right: 90px !important;padding-left: 90px !important;background-color: #f5f5f5 !important;}\u00bb][vc_column width=\u00bb1\/3&#8243;][vc_separator color=\u00bbcustom\u00bb accent_color=\u00bb#8e8e8e\u00bb][\/vc_column][vc_column width=\u00bb2\/3&#8243;][vc_separator color=\u00bbcustom\u00bb accent_color=\u00bb#8e8e8e\u00bb][\/vc_column][\/vc_row]<\/p>\n","protected":false},"excerpt":{"rendered":"<p>[vc_row gap=\u00bb35&#8243; equal_height=\u00bbyes\u00bb content_placement=\u00bbbottom\u00bb css=\u00bb.vc_custom_1688986323089{background-image: url(http:\/\/www.ull.es\/eventos\/la-educacion-en-la-ii-republica\/wp-content\/uploads\/sites\/54\/2023\/07\/PORTADA.jpg?id=125) !important;background-position: center !important;background-repeat: no-repeat !important;background-size: cover !important;}\u00bb][vc_column width=\u00bb1\/3&#8243;][vc_empty_space height=\u00bb600px\u00bb][\/vc_column][vc_column width=\u00bb2\/3&#8243;][\/vc_column][\/vc_row][vc_row gap=\u00bb35&#8243; content_placement=\u00bbtop\u00bb css=\u00bb.vc_custom_1682423323488{padding-right: 90px !important;padding-left: 90px !important;background-color: #f5f5f5 !important;}\u00bb][vc_column width=\u00bb1\/3&#8243;][vc_separator color=\u00bbcustom\u00bb accent_color=\u00bb#8e8e8e\u00bb][vc_custom_heading text=\u00bbLA ENSE\u00d1ANZA BILING\u00dcE\u00bb font_container=\u00bbtag:h1|font_size:3em|text_align:left|color:%23caa33f|line_height:100%25&#8243; google_fonts=\u00bbfont_family:Oswald%3A300%2Cregular%2C700|font_style:700%20bold%20regular%3A700%3Anormal\u00bb][vc_separator color=\u00bbcustom\u00bb accent_color=\u00bb#8e8e8e\u00bb][vc_empty_space][\/vc_column][vc_column width=\u00bb2\/3&#8243;][vc_separator color=\u00bbcustom\u00bb accent_color=\u00bb#8e8e8e\u00bb][vc_column_text]La primera medida adoptada por el gobierno provisional republicano y m\u00e1s concretamente por el Ministerio de Marcelino Domingo&#8230;<\/p>\n","protected":false},"author":14,"featured_media":0,"parent":0,"menu_order":0,"comment_status":"closed","ping_status":"closed","template":"templates\/template-no-title.php","meta":{"footnotes":""},"class_list":["post-114","page","type-page","status-publish","hentry"],"_links":{"self":[{"href":"https:\/\/www.ull.es\/eventos\/la-educacion-en-la-ii-republica\/wp-json\/wp\/v2\/pages\/114"}],"collection":[{"href":"https:\/\/www.ull.es\/eventos\/la-educacion-en-la-ii-republica\/wp-json\/wp\/v2\/pages"}],"about":[{"href":"https:\/\/www.ull.es\/eventos\/la-educacion-en-la-ii-republica\/wp-json\/wp\/v2\/types\/page"}],"author":[{"embeddable":true,"href":"https:\/\/www.ull.es\/eventos\/la-educacion-en-la-ii-republica\/wp-json\/wp\/v2\/users\/14"}],"replies":[{"embeddable":true,"href":"https:\/\/www.ull.es\/eventos\/la-educacion-en-la-ii-republica\/wp-json\/wp\/v2\/comments?post=114"}],"version-history":[{"count":6,"href":"https:\/\/www.ull.es\/eventos\/la-educacion-en-la-ii-republica\/wp-json\/wp\/v2\/pages\/114\/revisions"}],"predecessor-version":[{"id":120,"href":"https:\/\/www.ull.es\/eventos\/la-educacion-en-la-ii-republica\/wp-json\/wp\/v2\/pages\/114\/revisions\/120"}],"wp:attachment":[{"href":"https:\/\/www.ull.es\/eventos\/la-educacion-en-la-ii-republica\/wp-json\/wp\/v2\/media?parent=114"}],"curies":[{"name":"wp","href":"https:\/\/api.w.org\/{rel}","templated":true}]}}

La enseñanza bilingüe

<p>[vc_row gap=»35&#8243; equal_height=»yes» content_placement=»bottom» css=».vc_custom_1688986323089{background-image: url(http://www.ull.es/eventos/la-educacion-en-la-ii-republica/wp-content/uploads/sites/54/2023/07/PORTADA.jpg?id=125) !important;background-position: center !important;background-repeat: no-repeat !important;background-size: cover !important;}»][vc_column width=»1/3&#8243;][vc_empty_space height=»600px»][/vc_column][vc_column width=»2/3&#8243;][/vc_column][/vc_row][vc_row gap=»35&#8243; content_placement=»top» css=».vc_custom_1682423323488{padding-right: 90px !important;padding-left: 90px !important;background-color: #f5f5f5 !important;}»][vc_column width=»1/3&#8243;][vc_separator color=»custom» accent_color=»#8e8e8e»][vc_custom_heading text=»LA ENSEÑANZA BILINGÜE» font_container=»tag:h1|font_size:3em|text_align:left|color:%23caa33f|line_height:100%25&#8243; google_fonts=»font_family:Oswald%3A300%2Cregular%2C700|font_style:700%20bold%20regular%3A700%3Anormal»][vc_separator color=»custom» accent_color=»#8e8e8e»][vc_empty_space][/vc_column][vc_column width=»2/3&#8243;][vc_separator color=»custom» accent_color=»#8e8e8e»][vc_column_text]La primera medida adoptada por el gobierno provisional republicano y más concretamente por el Ministerio de Marcelino Domingo fue la del Bilingüismo. Con el Decreto de 29 de abril de 1931 sobre el “Uso del catalán en las escuelas de Cataluña” se restauró la enseñanza en catalán prohibida por la dictadura de Primo de Rivera en 1923. Sobre el bilingüismo había un amplio repertorio de justificaciones pedagógicas, entre ellas las conclusiones de la Conferencia Internacional de Bilingüismo (Luxemburgo, 1928), los estudios de Decroly presentados en ese mismo congreso de Luxemburgo o los estudios del País de Gales sobre “The Bilingual Problem”. Con esta medida se intentaba reparar la injusticia histórica con que había sido tratada aquella comunidad por los anteriores gobiernos y se anticipaba, en parte, el reconocimiento de la personalidad jurídica que esta región iba a tener en la nueva ordenación del Estado.  La norma aludía, asimismo, a razones pedagógicas en relación con la defensa de la lengua materna porque respetar ésta “suponía respetar el alma del alumno y favorecer la acción del nuevo maestro”. Se establecía la enseñanza de la lengua materna, catalana o castellana, en las escuelas maternales o primarias (en estas últimas, el conocimiento y práctica de la lengua española era obligatorio para los niños catalanes a partir de los ocho años). Aunque la disposición se centraba en el caso catalán, por ser el más evidente y ostensible agravio, abría las puertas al reconocimiento de cualquier otra realidad lingüística, a las que se juzga con idéntico derecho.[/vc_column_text][vc_empty_space][vc_media_grid element_width=»2&#8243; grid_id=»vc_gid:1688986168115-dd1489c7-eadc-2&#8243; include=»119,117,118,121&#8243;][vc_empty_space][vc_column_text]</p>
<h3><b>Texto</b><b> del Decreto de 29 de abril de 1931 sobre el “Uso del catalán en las escuelas de Cataluña” </b></h3>
<p>La lengua catalana, proscrita y combatida por la Dictadura, era ya antes de dicho régimen y es hoy, con más intensidad y mayor extensión, la lengua con que uno de los pueblos más emotivos y creadores del territoriohispano descubre las intimidades de su conciencia y expresa sus pensamientos. Posibilitar que la lengua mantenía sea un instrumento de cultura</p>
<p>es posibilitar que la cultura rinda su máxima eficacia. Ello quiere decir que, aun fijada la atención en Cataluña, porque el problema en ella es más evidente y el agravio ha sido más ostensible, no se circunscribe la solución al respeto al catalán como lengua materna, sino que se extiende a las otras lenguas peninsulares que se juzguen y  se las juzgue con idéntico derecho. Dentro de la nueva estructuración del Estado que se ha iniciado con el cambio de régimen, uno de los empeños en que ha de concentrar todas sus energías la República es éste: elevar la Escuela a la categoría de autoridad y eficacia que ocupa en los Estados de más alta jerarquía. Respetar la lengua materna, sea ella cual fuere, es respetar el alma del alumno y favorecer la acción del Maestro permitiendo que ella se cumpla con toda plenitud.[/vc_column_text][vc_empty_space][/vc_column][/vc_row][vc_row gap=»30&#8243; css=».vc_custom_1682423464513{padding-right: 90px !important;padding-left: 90px !important;background-color: #f5f5f5 !important;}»][vc_column width=»1/3&#8243;][vc_separator color=»custom» accent_color=»#8e8e8e»][/vc_column][vc_column width=»2/3&#8243;][vc_separator color=»custom» accent_color=»#8e8e8e»][/vc_column][/vc_row]</p>

<p>[vc_row gap=»35&#8243; equal_height=»yes» content_placement=»bottom» css=».vc_custom_1688986323089{background-image: url(http://www.ull.es/eventos/la-educacion-en-la-ii-republica/wp-content/uploads/sites/54/2023/07/PORTADA.jpg?id=125) !important;background-position: center !important;background-repeat: no-repeat !important;background-size: cover !important;}»][vc_column width=»1/3&#8243;][vc_empty_space height=»600px»][/vc_column][vc_column width=»2/3&#8243;][/vc_column][/vc_row][vc_row gap=»35&#8243; content_placement=»top» css=».vc_custom_1682423323488{padding-right: 90px !important;padding-left: 90px !important;background-color: #f5f5f5 !important;}»][vc_column width=»1/3&#8243;][vc_separator color=»custom» accent_color=»#8e8e8e»][vc_custom_heading text=»LA ENSEÑANZA BILINGÜE» font_container=»tag:h1|font_size:3em|text_align:left|color:%23caa33f|line_height:100%25&#8243; google_fonts=»font_family:Oswald%3A300%2Cregular%2C700|font_style:700%20bold%20regular%3A700%3Anormal»][vc_separator color=»custom» accent_color=»#8e8e8e»][vc_empty_space][/vc_column][vc_column width=»2/3&#8243;][vc_separator color=»custom» accent_color=»#8e8e8e»][vc_column_text]La primera medida adoptada por el gobierno provisional republicano y más concretamente por el Ministerio de Marcelino Domingo&#8230;</p>
