{"id":135,"date":"2023-07-10T10:57:52","date_gmt":"2023-07-10T10:57:52","guid":{"rendered":"https:\/\/www.ull.es\/eventos\/la-educacion-en-la-ii-republica\/?page_id=135"},"modified":"2023-07-10T11:15:26","modified_gmt":"2023-07-10T11:15:26","slug":"135-2","status":"publish","type":"page","link":"https:\/\/www.ull.es\/eventos\/la-educacion-en-la-ii-republica\/135-2\/","title":{"rendered":"Las misiones pedag\u00f3gicas"},"content":{"rendered":"<p>[vc_row gap=\u00bb35&#8243; equal_height=\u00bbyes\u00bb content_placement=\u00bbbottom\u00bb css=\u00bb.vc_custom_1688986995356{background-image: url(http:\/\/www.ull.es\/eventos\/la-educacion-en-la-ii-republica\/wp-content\/uploads\/sites\/54\/2023\/07\/Museo-circulante-Misiones-pedago\u0301gicas.jpg?id=139) !important;background-position: center !important;background-repeat: no-repeat !important;background-size: cover !important;}\u00bb][vc_column width=\u00bb1\/3&#8243;][vc_empty_space height=\u00bb600px\u00bb][\/vc_column][vc_column width=\u00bb2\/3&#8243;][\/vc_column][\/vc_row][vc_row gap=\u00bb35&#8243; content_placement=\u00bbtop\u00bb css=\u00bb.vc_custom_1682423323488{padding-right: 90px !important;padding-left: 90px !important;background-color: #f5f5f5 !important;}\u00bb][vc_column width=\u00bb1\/3&#8243;][vc_separator color=\u00bbcustom\u00bb accent_color=\u00bb#8e8e8e\u00bb][vc_custom_heading text=\u00bbLAS MISIONES PEDAG\u00d3GICAS<br \/>\n\u00bb font_container=\u00bbtag:h1|font_size:3em|text_align:left|color:%23caa33f|line_height:100%25&#8243; google_fonts=\u00bbfont_family:Oswald%3A300%2Cregular%2C700|font_style:700%20bold%20regular%3A700%3Anormal\u00bb][vc_separator color=\u00bbcustom\u00bb accent_color=\u00bb#8e8e8e\u00bb][vc_empty_space][\/vc_column][vc_column width=\u00bb2\/3&#8243;][vc_separator color=\u00bbcustom\u00bb accent_color=\u00bb#8e8e8e\u00bb][vc_column_text]Probablemente el m\u00e1s noble de los experimentos de la Rep\u00fablica fue el intento de llegar a la Espa\u00f1a rural a trav\u00e9s de la cultura. El gobierno provisional republicano estaba decidido a cambiar de arriba abajo todo el pa\u00eds y para ello aprob\u00f3 el Decreto de 29 de mayo de 1931 que creaba el Patronato de Misiones Pedag\u00f3gicas.[\/vc_column_text][vc_empty_space][vc_media_grid element_width=\u00bb2&#8243; grid_id=\u00bbvc_gid:1688986689780-e37d531f-d27a-7&#8243; include=\u00bb141,140,139,138&#8243;][vc_empty_space][vc_column_text]Seg\u00fan Otero Urtaza \u201c[&#8230;] las misiones Pedag\u00f3gicas no fueron copiadas de un modelo extranjero, y la originalidad de su m\u00e9todo no tiene pr\u00e1cticamente antecedentes [&#8230;] M\u00e1s que instruir en nada concreto, pretendieron divertir y hacer gozar a los campesinos con creaciones de su propia tradici\u00f3n, recitando romances, oyendo canciones, o viendo representacions de entremeses cl\u00e1sicos, al mismo tiempo que el cine, el gram\u00f3fono y las peque\u00f1as bibliotecas repartidas en las escuelas suscitaban un remolino de conocimientos y vivencias novedosas. Las Misiones no complementaban, ni sustitu\u00edan las ense\u00f1anzas de la escuela. Eran simplemente una forma de educaci\u00f3n diferente, para todas las edades, que no precisa planteamientos acad\u00e9micos [&#8230;]\u201d<\/p>\n<p>Las misiones enlazaban con\u00a0 la tradici\u00f3n institucionista de la extensi\u00f3n universitaria y con el esp\u00edritu pedag\u00f3gico del regeneracionismo. Quiz\u00e1 las Misiones Pedag\u00f3gicas no pasaron de ser publicidad cultural, pero eran sinceras pol\u00edticamente y por ello revolucionarias, como se\u00f1ala Lozano Seijas. Para la derecha pol\u00edtica de aquel momento el inter\u00e9s por la Espa\u00f1a real de las Misiones Pedag\u00f3gicas era \u201cpropaganda pseudoreligiosa, mixtificaci\u00f3n pedantesca [&#8230;] Simulaci\u00f3n, copia, falsificaci\u00f3n [&#8230;]\u201d Sin embargo, \u201cal cabo de 1934 las Misiones hab\u00edan creado m\u00e1s de 5.000 bibliotecas en poblaciones de 50 a 200 vecinos; proyectado 400 pel\u00edculas, repartidos 2200 discos y, llevando el teatro al pueblo de la mano de Casona y Torner, los cl\u00e1sicos hab\u00edan sido o\u00eddos por primera vez en la Espa\u00f1a rec\u00f3ndita.[\/vc_column_text][vc_empty_space][\/vc_column][\/vc_row][vc_row gap=\u00bb30&#8243; css=\u00bb.vc_custom_1682423464513{padding-right: 90px !important;padding-left: 90px !important;background-color: #f5f5f5 !important;}\u00bb][vc_column width=\u00bb1\/3&#8243;][vc_separator color=\u00bbcustom\u00bb accent_color=\u00bb#8e8e8e\u00bb][\/vc_column][vc_column width=\u00bb2\/3&#8243;][vc_separator color=\u00bbcustom\u00bb accent_color=\u00bb#8e8e8e\u00bb][\/vc_column][\/vc_row]<\/p>\n","protected":false},"excerpt":{"rendered":"<p>[vc_row gap=\u00bb35&#8243; equal_height=\u00bbyes\u00bb content_placement=\u00bbbottom\u00bb css=\u00bb.vc_custom_1688986995356{background-image: url(http:\/\/www.ull.es\/eventos\/la-educacion-en-la-ii-republica\/wp-content\/uploads\/sites\/54\/2023\/07\/Museo-circulante-Misiones-pedago\u0301gicas.jpg?id=139) !important;background-position: center !important;background-repeat: no-repeat !important;background-size: cover !important;}\u00bb][vc_column width=\u00bb1\/3&#8243;][vc_empty_space height=\u00bb600px\u00bb][\/vc_column][vc_column width=\u00bb2\/3&#8243;][\/vc_column][\/vc_row][vc_row gap=\u00bb35&#8243; content_placement=\u00bbtop\u00bb css=\u00bb.vc_custom_1682423323488{padding-right: 90px !important;padding-left: 90px !important;background-color: #f5f5f5 !important;}\u00bb][vc_column width=\u00bb1\/3&#8243;][vc_separator color=\u00bbcustom\u00bb accent_color=\u00bb#8e8e8e\u00bb][vc_custom_heading text=\u00bbLAS MISIONES PEDAG\u00d3GICAS \u00bb font_container=\u00bbtag:h1|font_size:3em|text_align:left|color:%23caa33f|line_height:100%25&#8243; google_fonts=\u00bbfont_family:Oswald%3A300%2Cregular%2C700|font_style:700%20bold%20regular%3A700%3Anormal\u00bb][vc_separator color=\u00bbcustom\u00bb accent_color=\u00bb#8e8e8e\u00bb][vc_empty_space][\/vc_column][vc_column width=\u00bb2\/3&#8243;][vc_separator color=\u00bbcustom\u00bb accent_color=\u00bb#8e8e8e\u00bb][vc_column_text]Probablemente el m\u00e1s noble de los experimentos de la Rep\u00fablica fue el intento de llegar a la&#8230;<\/p>\n","protected":false},"author":14,"featured_media":0,"parent":0,"menu_order":0,"comment_status":"closed","ping_status":"closed","template":"templates\/template-no-title.php","meta":{"footnotes":""},"class_list":["post-135","page","type-page","status-publish","hentry"],"_links":{"self":[{"href":"https:\/\/www.ull.es\/eventos\/la-educacion-en-la-ii-republica\/wp-json\/wp\/v2\/pages\/135"}],"collection":[{"href":"https:\/\/www.ull.es\/eventos\/la-educacion-en-la-ii-republica\/wp-json\/wp\/v2\/pages"}],"about":[{"href":"https:\/\/www.ull.es\/eventos\/la-educacion-en-la-ii-republica\/wp-json\/wp\/v2\/types\/page"}],"author":[{"embeddable":true,"href":"https:\/\/www.ull.es\/eventos\/la-educacion-en-la-ii-republica\/wp-json\/wp\/v2\/users\/14"}],"replies":[{"embeddable":true,"href":"https:\/\/www.ull.es\/eventos\/la-educacion-en-la-ii-republica\/wp-json\/wp\/v2\/comments?post=135"}],"version-history":[{"count":3,"href":"https:\/\/www.ull.es\/eventos\/la-educacion-en-la-ii-republica\/wp-json\/wp\/v2\/pages\/135\/revisions"}],"predecessor-version":[{"id":137,"href":"https:\/\/www.ull.es\/eventos\/la-educacion-en-la-ii-republica\/wp-json\/wp\/v2\/pages\/135\/revisions\/137"}],"wp:attachment":[{"href":"https:\/\/www.ull.es\/eventos\/la-educacion-en-la-ii-republica\/wp-json\/wp\/v2\/media?parent=135"}],"curies":[{"name":"wp","href":"https:\/\/api.w.org\/{rel}","templated":true}]}}

Las misiones pedagógicas

<p>[vc_row gap=»35&#8243; equal_height=»yes» content_placement=»bottom» css=».vc_custom_1688986995356{background-image: url(http://www.ull.es/eventos/la-educacion-en-la-ii-republica/wp-content/uploads/sites/54/2023/07/Museo-circulante-Misiones-pedagógicas.jpg?id=139) !important;background-position: center !important;background-repeat: no-repeat !important;background-size: cover !important;}»][vc_column width=»1/3&#8243;][vc_empty_space height=»600px»][/vc_column][vc_column width=»2/3&#8243;][/vc_column][/vc_row][vc_row gap=»35&#8243; content_placement=»top» css=».vc_custom_1682423323488{padding-right: 90px !important;padding-left: 90px !important;background-color: #f5f5f5 !important;}»][vc_column width=»1/3&#8243;][vc_separator color=»custom» accent_color=»#8e8e8e»][vc_custom_heading text=»LAS MISIONES PEDAGÓGICAS<br />
» font_container=»tag:h1|font_size:3em|text_align:left|color:%23caa33f|line_height:100%25&#8243; google_fonts=»font_family:Oswald%3A300%2Cregular%2C700|font_style:700%20bold%20regular%3A700%3Anormal»][vc_separator color=»custom» accent_color=»#8e8e8e»][vc_empty_space][/vc_column][vc_column width=»2/3&#8243;][vc_separator color=»custom» accent_color=»#8e8e8e»][vc_column_text]Probablemente el más noble de los experimentos de la República fue el intento de llegar a la España rural a través de la cultura. El gobierno provisional republicano estaba decidido a cambiar de arriba abajo todo el país y para ello aprobó el Decreto de 29 de mayo de 1931 que creaba el Patronato de Misiones Pedagógicas.[/vc_column_text][vc_empty_space][vc_media_grid element_width=»2&#8243; grid_id=»vc_gid:1688986689780-e37d531f-d27a-7&#8243; include=»141,140,139,138&#8243;][vc_empty_space][vc_column_text]Según Otero Urtaza “[&#8230;] las misiones Pedagógicas no fueron copiadas de un modelo extranjero, y la originalidad de su método no tiene prácticamente antecedentes [&#8230;] Más que instruir en nada concreto, pretendieron divertir y hacer gozar a los campesinos con creaciones de su propia tradición, recitando romances, oyendo canciones, o viendo representacions de entremeses clásicos, al mismo tiempo que el cine, el gramófono y las pequeñas bibliotecas repartidas en las escuelas suscitaban un remolino de conocimientos y vivencias novedosas. Las Misiones no complementaban, ni sustituían las enseñanzas de la escuela. Eran simplemente una forma de educación diferente, para todas las edades, que no precisa planteamientos académicos [&#8230;]”</p>
<p>Las misiones enlazaban con  la tradición institucionista de la extensión universitaria y con el espíritu pedagógico del regeneracionismo. Quizá las Misiones Pedagógicas no pasaron de ser publicidad cultural, pero eran sinceras políticamente y por ello revolucionarias, como señala Lozano Seijas. Para la derecha política de aquel momento el interés por la España real de las Misiones Pedagógicas era “propaganda pseudoreligiosa, mixtificación pedantesca [&#8230;] Simulación, copia, falsificación [&#8230;]” Sin embargo, “al cabo de 1934 las Misiones habían creado más de 5.000 bibliotecas en poblaciones de 50 a 200 vecinos; proyectado 400 películas, repartidos 2200 discos y, llevando el teatro al pueblo de la mano de Casona y Torner, los clásicos habían sido oídos por primera vez en la España recóndita.[/vc_column_text][vc_empty_space][/vc_column][/vc_row][vc_row gap=»30&#8243; css=».vc_custom_1682423464513{padding-right: 90px !important;padding-left: 90px !important;background-color: #f5f5f5 !important;}»][vc_column width=»1/3&#8243;][vc_separator color=»custom» accent_color=»#8e8e8e»][/vc_column][vc_column width=»2/3&#8243;][vc_separator color=»custom» accent_color=»#8e8e8e»][/vc_column][/vc_row]</p>

<p>[vc_row gap=»35&#8243; equal_height=»yes» content_placement=»bottom» css=».vc_custom_1688986995356{background-image: url(http://www.ull.es/eventos/la-educacion-en-la-ii-republica/wp-content/uploads/sites/54/2023/07/Museo-circulante-Misiones-pedagógicas.jpg?id=139) !important;background-position: center !important;background-repeat: no-repeat !important;background-size: cover !important;}»][vc_column width=»1/3&#8243;][vc_empty_space height=»600px»][/vc_column][vc_column width=»2/3&#8243;][/vc_column][/vc_row][vc_row gap=»35&#8243; content_placement=»top» css=».vc_custom_1682423323488{padding-right: 90px !important;padding-left: 90px !important;background-color: #f5f5f5 !important;}»][vc_column width=»1/3&#8243;][vc_separator color=»custom» accent_color=»#8e8e8e»][vc_custom_heading text=»LAS MISIONES PEDAGÓGICAS » font_container=»tag:h1|font_size:3em|text_align:left|color:%23caa33f|line_height:100%25&#8243; google_fonts=»font_family:Oswald%3A300%2Cregular%2C700|font_style:700%20bold%20regular%3A700%3Anormal»][vc_separator color=»custom» accent_color=»#8e8e8e»][vc_empty_space][/vc_column][vc_column width=»2/3&#8243;][vc_separator color=»custom» accent_color=»#8e8e8e»][vc_column_text]Probablemente el más noble de los experimentos de la República fue el intento de llegar a la&#8230;</p>
