{"id":143,"date":"2023-07-10T11:16:01","date_gmt":"2023-07-10T11:16:01","guid":{"rendered":"https:\/\/www.ull.es\/eventos\/la-educacion-en-la-ii-republica\/?page_id=143"},"modified":"2023-07-10T11:41:27","modified_gmt":"2023-07-10T11:41:27","slug":"escuelas-para-todos","status":"publish","type":"page","link":"https:\/\/www.ull.es\/eventos\/la-educacion-en-la-ii-republica\/escuelas-para-todos\/","title":{"rendered":"Escuelas para todos"},"content":{"rendered":"<p>[vc_row gap=\u00bb35&#8243; equal_height=\u00bbyes\u00bb content_placement=\u00bbbottom\u00bb css=\u00bb.vc_custom_1688989125298{background-image: url(http:\/\/www.ull.es\/eventos\/la-educacion-en-la-ii-republica\/wp-content\/uploads\/sites\/54\/2023\/07\/escuela.jpg?id=152) !important;background-position: center !important;background-repeat: no-repeat !important;background-size: cover !important;}\u00bb][vc_column width=\u00bb1\/3&#8243;][vc_empty_space height=\u00bb600px\u00bb][\/vc_column][vc_column width=\u00bb2\/3&#8243;][\/vc_column][\/vc_row][vc_row gap=\u00bb35&#8243; content_placement=\u00bbtop\u00bb css=\u00bb.vc_custom_1682423323488{padding-right: 90px !important;padding-left: 90px !important;background-color: #f5f5f5 !important;}\u00bb][vc_column width=\u00bb1\/3&#8243;][vc_separator color=\u00bbcustom\u00bb accent_color=\u00bb#8e8e8e\u00bb][vc_custom_heading text=\u00bbESCUELAS PARA TODOS\u00bb font_container=\u00bbtag:h1|font_size:3em|text_align:left|color:%23caa33f|line_height:100%25&#8243; google_fonts=\u00bbfont_family:Oswald%3A300%2Cregular%2C700|font_style:700%20bold%20regular%3A700%3Anormal\u00bb][vc_separator color=\u00bbcustom\u00bb accent_color=\u00bb#8e8e8e\u00bb][vc_empty_space][\/vc_column][vc_column width=\u00bb2\/3&#8243;][vc_separator color=\u00bbcustom\u00bb accent_color=\u00bb#8e8e8e\u00bb][vc_column_text]En lo que se refiere a los resultados de la pol\u00edtica escolar es indudable que los avances de la II Rep\u00fablica, fundamentalmente en el Bienio Aza\u00f1ista, fueron significativos, aunque se pueda decir que tambi\u00e9n insuficientes en relaci\u00f3n con las previsiones que se hab\u00eda propuesto el plan quinquenal y las necesidades educativas que ten\u00eda el pa\u00eds. Se pretend\u00edan crear 27.000 escuelas pero ello no fue posible por la influencia de la crisis del 29 y la inflexi\u00f3n que supuso la llegada del segundo bienio, marcado por la paralizaci\u00f3n de la inversi\u00f3n educativa. En cualquier caso, en 1931 el n\u00famero de escuelas era de 35.989 escuelas y pasa en 1936 a 42.741 escuelas.[\/vc_column_text][vc_empty_space][vc_media_grid element_width=\u00bb2&#8243; grid_id=\u00bbvc_gid:1688989101775-5edb6c93-175d-6&#8243; include=\u00bb147,154,146,150&#8243;][vc_empty_space][vc_column_text]En Canarias exist\u00edan, seg\u00fan el <i>Anuario Estad\u00edstico<\/i> de 1930, 745 escuelas (438 en Santa Cruz de Tenerife y 307 en Las Palmas de Gran Canaria. En total, por cada mil habitantes de derecho exist\u00edan 1,24 escuelas en Las Palmas y 1,38 en Santa Cruz de Tenerife. Entre octubre de 1931 y marzo de 1933 se crearon 134 nuevas escuelas en Las Palmas de Gran Canaria y 179 escuelas en la provincia de Santa Cruz de Tenerife. (<i>Bolet\u00edn de Educaci\u00f3n<\/i>, 1933).<\/p>\n<p>El incremento del presupuesto educativo en comparaci\u00f3n con otros pa\u00edses europeos:<\/p>\n<p>[\/vc_column_text][vc_row_inner][vc_column_inner width=\u00bb1\/3&#8243;][vc_single_image image=\u00bb151&#8243; img_size=\u00bbfull\u00bb][\/vc_column_inner][vc_column_inner width=\u00bb1\/3&#8243;][vc_single_image image=\u00bb148&#8243; img_size=\u00bbfull\u00bb][\/vc_column_inner][vc_column_inner width=\u00bb1\/3&#8243;][\/vc_column_inner][\/vc_row_inner][vc_empty_space][vc_column_text]La evoluci\u00f3n del gasto presupuestario durante cuatro a\u00f1os de gobiernos republicanos y la inversi\u00f3n en instrucci\u00f3n p\u00fablica durante ese periodo:[\/vc_column_text][vc_row_inner][vc_column_inner][vc_single_image image=\u00bb149&#8243; img_size=\u00bbfull\u00bb][\/vc_column_inner][\/vc_row_inner][\/vc_column][\/vc_row][vc_row gap=\u00bb30&#8243; css=\u00bb.vc_custom_1682423464513{padding-right: 90px !important;padding-left: 90px !important;background-color: #f5f5f5 !important;}\u00bb][vc_column width=\u00bb1\/3&#8243;][vc_separator color=\u00bbcustom\u00bb accent_color=\u00bb#8e8e8e\u00bb][\/vc_column][vc_column width=\u00bb2\/3&#8243;][vc_separator color=\u00bbcustom\u00bb accent_color=\u00bb#8e8e8e\u00bb][\/vc_column][\/vc_row]<\/p>\n","protected":false},"excerpt":{"rendered":"<p>[vc_row gap=\u00bb35&#8243; equal_height=\u00bbyes\u00bb content_placement=\u00bbbottom\u00bb css=\u00bb.vc_custom_1688989125298{background-image: url(http:\/\/www.ull.es\/eventos\/la-educacion-en-la-ii-republica\/wp-content\/uploads\/sites\/54\/2023\/07\/escuela.jpg?id=152) !important;background-position: center !important;background-repeat: no-repeat !important;background-size: cover !important;}\u00bb][vc_column width=\u00bb1\/3&#8243;][vc_empty_space height=\u00bb600px\u00bb][\/vc_column][vc_column width=\u00bb2\/3&#8243;][\/vc_column][\/vc_row][vc_row gap=\u00bb35&#8243; content_placement=\u00bbtop\u00bb css=\u00bb.vc_custom_1682423323488{padding-right: 90px !important;padding-left: 90px !important;background-color: #f5f5f5 !important;}\u00bb][vc_column width=\u00bb1\/3&#8243;][vc_separator color=\u00bbcustom\u00bb accent_color=\u00bb#8e8e8e\u00bb][vc_custom_heading text=\u00bbESCUELAS PARA TODOS\u00bb font_container=\u00bbtag:h1|font_size:3em|text_align:left|color:%23caa33f|line_height:100%25&#8243; google_fonts=\u00bbfont_family:Oswald%3A300%2Cregular%2C700|font_style:700%20bold%20regular%3A700%3Anormal\u00bb][vc_separator color=\u00bbcustom\u00bb accent_color=\u00bb#8e8e8e\u00bb][vc_empty_space][\/vc_column][vc_column width=\u00bb2\/3&#8243;][vc_separator color=\u00bbcustom\u00bb accent_color=\u00bb#8e8e8e\u00bb][vc_column_text]En lo que se refiere a los resultados de la pol\u00edtica escolar es indudable que los avances de&#8230;<\/p>\n","protected":false},"author":14,"featured_media":0,"parent":0,"menu_order":0,"comment_status":"closed","ping_status":"closed","template":"templates\/template-no-title.php","meta":{"footnotes":""},"class_list":["post-143","page","type-page","status-publish","hentry"],"_links":{"self":[{"href":"https:\/\/www.ull.es\/eventos\/la-educacion-en-la-ii-republica\/wp-json\/wp\/v2\/pages\/143"}],"collection":[{"href":"https:\/\/www.ull.es\/eventos\/la-educacion-en-la-ii-republica\/wp-json\/wp\/v2\/pages"}],"about":[{"href":"https:\/\/www.ull.es\/eventos\/la-educacion-en-la-ii-republica\/wp-json\/wp\/v2\/types\/page"}],"author":[{"embeddable":true,"href":"https:\/\/www.ull.es\/eventos\/la-educacion-en-la-ii-republica\/wp-json\/wp\/v2\/users\/14"}],"replies":[{"embeddable":true,"href":"https:\/\/www.ull.es\/eventos\/la-educacion-en-la-ii-republica\/wp-json\/wp\/v2\/comments?post=143"}],"version-history":[{"count":4,"href":"https:\/\/www.ull.es\/eventos\/la-educacion-en-la-ii-republica\/wp-json\/wp\/v2\/pages\/143\/revisions"}],"predecessor-version":[{"id":145,"href":"https:\/\/www.ull.es\/eventos\/la-educacion-en-la-ii-republica\/wp-json\/wp\/v2\/pages\/143\/revisions\/145"}],"wp:attachment":[{"href":"https:\/\/www.ull.es\/eventos\/la-educacion-en-la-ii-republica\/wp-json\/wp\/v2\/media?parent=143"}],"curies":[{"name":"wp","href":"https:\/\/api.w.org\/{rel}","templated":true}]}}

<p>[vc_row gap=»35&#8243; equal_height=»yes» content_placement=»bottom» css=».vc_custom_1688989125298{background-image: url(http://www.ull.es/eventos/la-educacion-en-la-ii-republica/wp-content/uploads/sites/54/2023/07/escuela.jpg?id=152) !important;background-position: center !important;background-repeat: no-repeat !important;background-size: cover !important;}»][vc_column width=»1/3&#8243;][vc_empty_space height=»600px»][/vc_column][vc_column width=»2/3&#8243;][/vc_column][/vc_row][vc_row gap=»35&#8243; content_placement=»top» css=».vc_custom_1682423323488{padding-right: 90px !important;padding-left: 90px !important;background-color: #f5f5f5 !important;}»][vc_column width=»1/3&#8243;][vc_separator color=»custom» accent_color=»#8e8e8e»][vc_custom_heading text=»ESCUELAS PARA TODOS» font_container=»tag:h1|font_size:3em|text_align:left|color:%23caa33f|line_height:100%25&#8243; google_fonts=»font_family:Oswald%3A300%2Cregular%2C700|font_style:700%20bold%20regular%3A700%3Anormal»][vc_separator color=»custom» accent_color=»#8e8e8e»][vc_empty_space][/vc_column][vc_column width=»2/3&#8243;][vc_separator color=»custom» accent_color=»#8e8e8e»][vc_column_text]En lo que se refiere a los resultados de la política escolar es indudable que los avances de la II República, fundamentalmente en el Bienio Azañista, fueron significativos, aunque se pueda decir que también insuficientes en relación con las previsiones que se había propuesto el plan quinquenal y las necesidades educativas que tenía el país. Se pretendían crear 27.000 escuelas pero ello no fue posible por la influencia de la crisis del 29 y la inflexión que supuso la llegada del segundo bienio, marcado por la paralización de la inversión educativa. En cualquier caso, en 1931 el número de escuelas era de 35.989 escuelas y pasa en 1936 a 42.741 escuelas.[/vc_column_text][vc_empty_space][vc_media_grid element_width=»2&#8243; grid_id=»vc_gid:1688989101775-5edb6c93-175d-6&#8243; include=»147,154,146,150&#8243;][vc_empty_space][vc_column_text]En Canarias existían, según el <i>Anuario Estadístico</i> de 1930, 745 escuelas (438 en Santa Cruz de Tenerife y 307 en Las Palmas de Gran Canaria. En total, por cada mil habitantes de derecho existían 1,24 escuelas en Las Palmas y 1,38 en Santa Cruz de Tenerife. Entre octubre de 1931 y marzo de 1933 se crearon 134 nuevas escuelas en Las Palmas de Gran Canaria y 179 escuelas en la provincia de Santa Cruz de Tenerife. (<i>Boletín de Educación</i>, 1933).</p>
<p>El incremento del presupuesto educativo en comparación con otros países europeos:</p>
<p>[/vc_column_text][vc_row_inner][vc_column_inner width=»1/3&#8243;][vc_single_image image=»151&#8243; img_size=»full»][/vc_column_inner][vc_column_inner width=»1/3&#8243;][vc_single_image image=»148&#8243; img_size=»full»][/vc_column_inner][vc_column_inner width=»1/3&#8243;][/vc_column_inner][/vc_row_inner][vc_empty_space][vc_column_text]La evolución del gasto presupuestario durante cuatro años de gobiernos republicanos y la inversión en instrucción pública durante ese periodo:[/vc_column_text][vc_row_inner][vc_column_inner][vc_single_image image=»149&#8243; img_size=»full»][/vc_column_inner][/vc_row_inner][/vc_column][/vc_row][vc_row gap=»30&#8243; css=».vc_custom_1682423464513{padding-right: 90px !important;padding-left: 90px !important;background-color: #f5f5f5 !important;}»][vc_column width=»1/3&#8243;][vc_separator color=»custom» accent_color=»#8e8e8e»][/vc_column][vc_column width=»2/3&#8243;][vc_separator color=»custom» accent_color=»#8e8e8e»][/vc_column][/vc_row]</p>

<p>[vc_row gap=»35&#8243; equal_height=»yes» content_placement=»bottom» css=».vc_custom_1688989125298{background-image: url(http://www.ull.es/eventos/la-educacion-en-la-ii-republica/wp-content/uploads/sites/54/2023/07/escuela.jpg?id=152) !important;background-position: center !important;background-repeat: no-repeat !important;background-size: cover !important;}»][vc_column width=»1/3&#8243;][vc_empty_space height=»600px»][/vc_column][vc_column width=»2/3&#8243;][/vc_column][/vc_row][vc_row gap=»35&#8243; content_placement=»top» css=».vc_custom_1682423323488{padding-right: 90px !important;padding-left: 90px !important;background-color: #f5f5f5 !important;}»][vc_column width=»1/3&#8243;][vc_separator color=»custom» accent_color=»#8e8e8e»][vc_custom_heading text=»ESCUELAS PARA TODOS» font_container=»tag:h1|font_size:3em|text_align:left|color:%23caa33f|line_height:100%25&#8243; google_fonts=»font_family:Oswald%3A300%2Cregular%2C700|font_style:700%20bold%20regular%3A700%3Anormal»][vc_separator color=»custom» accent_color=»#8e8e8e»][vc_empty_space][/vc_column][vc_column width=»2/3&#8243;][vc_separator color=»custom» accent_color=»#8e8e8e»][vc_column_text]En lo que se refiere a los resultados de la política escolar es indudable que los avances de&#8230;</p>
