{"id":156,"date":"2023-07-10T11:54:12","date_gmt":"2023-07-10T11:54:12","guid":{"rendered":"https:\/\/www.ull.es\/eventos\/la-educacion-en-la-ii-republica\/?page_id=156"},"modified":"2023-07-10T11:54:12","modified_gmt":"2023-07-10T11:54:12","slug":"depuracion-de-maestros-republicanos","status":"publish","type":"page","link":"https:\/\/www.ull.es\/eventos\/la-educacion-en-la-ii-republica\/depuracion-de-maestros-republicanos\/","title":{"rendered":"Depuraci\u00f3n de maestros republicanos"},"content":{"rendered":"<p>[vc_row gap=\u00bb35&#8243; equal_height=\u00bbyes\u00bb content_placement=\u00bbbottom\u00bb css=\u00bb.vc_custom_1688989986316{background-image: url(http:\/\/www.ull.es\/eventos\/la-educacion-en-la-ii-republica\/wp-content\/uploads\/sites\/54\/2023\/07\/saludo-fascista.jpg?id=160) !important;background-position: center !important;background-repeat: no-repeat !important;background-size: cover !important;}\u00bb][vc_column width=\u00bb1\/3&#8243;][vc_empty_space height=\u00bb600px\u00bb][\/vc_column][vc_column width=\u00bb2\/3&#8243;][\/vc_column][\/vc_row][vc_row gap=\u00bb35&#8243; content_placement=\u00bbtop\u00bb css=\u00bb.vc_custom_1682423323488{padding-right: 90px !important;padding-left: 90px !important;background-color: #f5f5f5 !important;}\u00bb][vc_column width=\u00bb1\/3&#8243;][vc_separator color=\u00bbcustom\u00bb accent_color=\u00bb#8e8e8e\u00bb][vc_custom_heading text=\u00bbDEPURACI\u00d3N DE MAESTROS REPUBLICANOS\u00bb font_container=\u00bbtag:h1|font_size:3em|text_align:left|color:%23caa33f|line_height:100%25&#8243; google_fonts=\u00bbfont_family:Oswald%3A300%2Cregular%2C700|font_style:700%20bold%20regular%3A700%3Anormal\u00bb][vc_separator color=\u00bbcustom\u00bb accent_color=\u00bb#8e8e8e\u00bb][vc_empty_space][\/vc_column][vc_column width=\u00bb2\/3&#8243;][vc_separator color=\u00bbcustom\u00bb accent_color=\u00bb#8e8e8e\u00bb][vc_column_text]Por su formaci\u00f3n intelectual y por su compromiso pol\u00edtico, muchos maestros y maestras fueron perseguidos, encarcelados y posteriormente fusilados. En el mejor de los casos otros muchos fueron sancionados, inhabilit\u00e1ndolos para el desempe\u00f1o de la ense\u00f1anza o fueron suspendidos de empleo y sueldo, o se les jubil\u00f3 forzosamente:<\/p>\n<p>&nbsp;<\/p>\n<blockquote>\n<p>\u201c[&#8230;] la cuarta parte de quienes fueron sometidos a expedientes de depuraci\u00f3n esto es, entre quince y diecis\u00e9is mil personas, sobre un total de sesenta y una mil resultaron sancionados en mayor o menor medida ; en torno a 6.000 expedientados fueron forzosamente separados de la ense\u00f1anza, mientras que algo m\u00e1s de 3.000 resultaron suspendidos de empleo y sueldo durante periodos variables de tiempo; tambi\u00e9n alrededor de 6.000 perdieron su plaza al ser trasladados forzosamente de localidad; la inmensa mayor\u00eda de todos los anteriores fueron inhabilitados para el desempe\u00f1o de cargos directivos pero, adem\u00e1s, casi dos mil m\u00e1s recibieron esa sanci\u00f3n en exclusiva; finalmente, cerca de mil docentes sufrieron alguna de las restantes sanciones posibles (jubilaciones forzosas, expedientes de disciplina\u2026)\u201d<\/p>\n<\/blockquote>\n<p>Morente Valero, F. : <i>La Escuela y el Estado Nuevo. La depuraci\u00f3n del Magisterio Nacional (1936-1943)<\/i>. Valladolid: \u00c1mbito,1997.[\/vc_column_text][vc_empty_space][vc_media_grid element_width=\u00bb2&#8243; grid_id=\u00bbvc_gid:1688989934956-6bd09b73-567f-5&#8243; include=\u00bb157,158,159&#8243;][vc_empty_space][vc_column_text]Aquellos maestros que no fueron depurados tuvieron que mostrar p\u00fablicamente su adhesi\u00f3n al r\u00e9gimen franquista.<\/p>\n<p>Los sancionados fueron, en su inmensa mayor\u00eda, aquellos que se hab\u00edan comprometido con la reforma educativa puesta en marcha por los primeros gobiernos republicanos; se trataba del sector m\u00e1s progresista del Magisterio, pero tambi\u00e9n del m\u00e1s comprometido con los movimientos de innovaci\u00f3n educativa y con el modelo escolar republicano.<\/p>\n<p>El m\u00e1ximo responsable pol\u00edtico de la Comisi\u00f3n de Depuraci\u00f3n del Magisterio Nacional fue Jos\u00e9 Mar\u00eda Pem\u00e1n, poeta y dramaturgo, condecorado \u201cpor los servicios prestados\u201d en m\u00faltiples ocasiones.[\/vc_column_text][vc_empty_space][\/vc_column][\/vc_row][vc_row gap=\u00bb30&#8243; css=\u00bb.vc_custom_1682423464513{padding-right: 90px !important;padding-left: 90px !important;background-color: #f5f5f5 !important;}\u00bb][vc_column width=\u00bb1\/3&#8243;][vc_separator color=\u00bbcustom\u00bb accent_color=\u00bb#8e8e8e\u00bb][\/vc_column][vc_column width=\u00bb2\/3&#8243;][vc_separator color=\u00bbcustom\u00bb accent_color=\u00bb#8e8e8e\u00bb][\/vc_column][\/vc_row]<\/p>\n","protected":false},"excerpt":{"rendered":"<p>[vc_row gap=\u00bb35&#8243; equal_height=\u00bbyes\u00bb content_placement=\u00bbbottom\u00bb css=\u00bb.vc_custom_1688989986316{background-image: url(http:\/\/www.ull.es\/eventos\/la-educacion-en-la-ii-republica\/wp-content\/uploads\/sites\/54\/2023\/07\/saludo-fascista.jpg?id=160) !important;background-position: center !important;background-repeat: no-repeat !important;background-size: cover !important;}\u00bb][vc_column width=\u00bb1\/3&#8243;][vc_empty_space height=\u00bb600px\u00bb][\/vc_column][vc_column width=\u00bb2\/3&#8243;][\/vc_column][\/vc_row][vc_row gap=\u00bb35&#8243; content_placement=\u00bbtop\u00bb css=\u00bb.vc_custom_1682423323488{padding-right: 90px !important;padding-left: 90px !important;background-color: #f5f5f5 !important;}\u00bb][vc_column width=\u00bb1\/3&#8243;][vc_separator color=\u00bbcustom\u00bb accent_color=\u00bb#8e8e8e\u00bb][vc_custom_heading text=\u00bbDEPURACI\u00d3N DE MAESTROS REPUBLICANOS\u00bb font_container=\u00bbtag:h1|font_size:3em|text_align:left|color:%23caa33f|line_height:100%25&#8243; google_fonts=\u00bbfont_family:Oswald%3A300%2Cregular%2C700|font_style:700%20bold%20regular%3A700%3Anormal\u00bb][vc_separator color=\u00bbcustom\u00bb accent_color=\u00bb#8e8e8e\u00bb][vc_empty_space][\/vc_column][vc_column width=\u00bb2\/3&#8243;][vc_separator color=\u00bbcustom\u00bb accent_color=\u00bb#8e8e8e\u00bb][vc_column_text]Por su formaci\u00f3n intelectual y por su compromiso pol\u00edtico, muchos maestros y maestras fueron perseguidos, encarcelados y&#8230;<\/p>\n","protected":false},"author":14,"featured_media":0,"parent":0,"menu_order":0,"comment_status":"closed","ping_status":"closed","template":"templates\/template-no-title.php","meta":{"footnotes":""},"class_list":["post-156","page","type-page","status-publish","hentry"],"_links":{"self":[{"href":"https:\/\/www.ull.es\/eventos\/la-educacion-en-la-ii-republica\/wp-json\/wp\/v2\/pages\/156"}],"collection":[{"href":"https:\/\/www.ull.es\/eventos\/la-educacion-en-la-ii-republica\/wp-json\/wp\/v2\/pages"}],"about":[{"href":"https:\/\/www.ull.es\/eventos\/la-educacion-en-la-ii-republica\/wp-json\/wp\/v2\/types\/page"}],"author":[{"embeddable":true,"href":"https:\/\/www.ull.es\/eventos\/la-educacion-en-la-ii-republica\/wp-json\/wp\/v2\/users\/14"}],"replies":[{"embeddable":true,"href":"https:\/\/www.ull.es\/eventos\/la-educacion-en-la-ii-republica\/wp-json\/wp\/v2\/comments?post=156"}],"version-history":[{"count":2,"href":"https:\/\/www.ull.es\/eventos\/la-educacion-en-la-ii-republica\/wp-json\/wp\/v2\/pages\/156\/revisions"}],"predecessor-version":[{"id":162,"href":"https:\/\/www.ull.es\/eventos\/la-educacion-en-la-ii-republica\/wp-json\/wp\/v2\/pages\/156\/revisions\/162"}],"wp:attachment":[{"href":"https:\/\/www.ull.es\/eventos\/la-educacion-en-la-ii-republica\/wp-json\/wp\/v2\/media?parent=156"}],"curies":[{"name":"wp","href":"https:\/\/api.w.org\/{rel}","templated":true}]}}