{"id":42,"date":"2023-04-26T12:14:42","date_gmt":"2023-04-26T12:14:42","guid":{"rendered":"https:\/\/www.ull.es\/eventos\/la-educacion-en-la-ii-republica\/?page_id=42"},"modified":"2023-04-26T12:53:35","modified_gmt":"2023-04-26T12:53:35","slug":"la-educacion-de-la-mujer","status":"publish","type":"page","link":"https:\/\/www.ull.es\/eventos\/la-educacion-en-la-ii-republica\/la-educacion-de-la-mujer\/","title":{"rendered":"La educaci\u00f3n de la mujer"},"content":{"rendered":"<p>[vc_row gap=\u00bb35&#8243; equal_height=\u00bbyes\u00bb content_placement=\u00bbbottom\u00bb css=\u00bb.vc_custom_1682513497921{background-image: url(http:\/\/www.ull.es\/eventos\/la-educacion-en-la-ii-republica\/wp-content\/uploads\/sites\/54\/2023\/04\/Maestras-de-la-Repu\u0301blica.jpg?id=52) !important;background-position: center !important;background-repeat: no-repeat !important;background-size: cover !important;}\u00bb][vc_column width=\u00bb1\/3&#8243;][vc_empty_space height=\u00bb600px\u00bb][\/vc_column][vc_column width=\u00bb2\/3&#8243;][\/vc_column][\/vc_row][vc_row gap=\u00bb35&#8243; content_placement=\u00bbtop\u00bb css=\u00bb.vc_custom_1682423323488{padding-right: 90px !important;padding-left: 90px !important;background-color: #f5f5f5 !important;}\u00bb][vc_column width=\u00bb1\/3&#8243;][vc_separator color=\u00bbcustom\u00bb accent_color=\u00bb#8e8e8e\u00bb][vc_custom_heading text=\u00bbLA EDUCACI\u00d3N DE LA MUJER\u00bb font_container=\u00bbtag:h1|font_size:3em|text_align:left|color:%23caa33f|line_height:100%25&#8243; google_fonts=\u00bbfont_family:Oswald%3A300%2Cregular%2C700|font_style:700%20bold%20regular%3A700%3Anormal\u00bb][vc_empty_space][\/vc_column][vc_column width=\u00bb2\/3&#8243;][vc_separator color=\u00bbcustom\u00bb accent_color=\u00bb#8e8e8e\u00bb][vc_column_text]Una de las medidas educativas mas destacadas del periodo republicano fue la consecuci\u00f3n del derecho a voto de las mujeres, cuyo significado es de enorme relevancia pedag\u00f3gica. Como bien se\u00f1ala Ballar\u00edn Domingo, \u201cel ejercicio de la libertad, de la participaci\u00f3n en las decisiones pol\u00edticas, tiene un significado educativo, en su pr\u00e1ctica, de un alcance muy superior al de todas las promesas emancipatorias anunciadas a trav\u00e9s del acceso a una mayor cultura.<\/p>\n<p>El primer gobierno republicano aboli\u00f3 los Institutos de segunda ense\u00f1anza espec\u00edficamente femeninos y los convirti\u00f3 en mixtos, lo mismo se hizo con las Escuelas Normales y con las escuelas primarias anejas a estas Escuelas Normales. El cambio en la escuela primaria no se dio hasta 1937 en plena Guerra Civil y aplicable solamente a la zona republicana. El modelo no fue estricatmente coeducativo porque manten\u00eda un plan de estudios, publicado con anterioridad que inclu\u00eda \u201clas labores propias del sexo\u201d En cualquier caso, esta posici\u00f3n distaba de la mantenida por el Gobierno conservador Radical Cedista (1933-1935) que declar\u00f3 sinefecto a todos los reg\u00edmenes \u201ccoeducacionales\u201d que se hubieran establecido sin autorizaci\u00f3n del Ministerio y prohibiendo nuevas iniciativas.[\/vc_column_text][vc_empty_space][vc_media_grid grid_id=\u00bbvc_gid:1682512560345-f6478e26-9dc1-8&#8243; include=\u00bb51,50&#8243;][vc_empty_space][vc_column_text]Aunque en la pr\u00e1ctica la vida de las mujeres cambi\u00f3 poco, la imagen de la mujer activa y trabajadora se convirti\u00f3 en algo frecuente en la propaganda de los gobiernos republicanos progresistas. En gran medida las aspiraciones de igualdad se identificaron con el triunfo republicano y aumentaron los grupos femeninos, los peri\u00f3dicos y congresos, y los art\u00edculos reclamando la igualdad y la coeducaci\u00f3n.<\/p>\n<p>[&#8230;] En las escuelas corrientes limitamos de una manera arbitraria el campo de la actividad de cada sexo, poniendo en la de los ni\u00f1os, en el mejor caso, los trabajos manuales adem\u00e1s del quehacer intelectual, en las de las ni\u00f1aslbores de aguja\u2026 \u00bfSe trata en realidad de una diferencia de aptitudes o depende ello de la funci\u00f3n que de antemano les atribuimos y que no es quiz\u00e1 la que mejor les conviene? Ser\u00eda preferible dejar ampliamente abiertas las clases, las ense\u00f1anzas y las ocupaciones a los dos sexos y permitirles que eligieran de acuerdo con sus gustos y circunstancias [&#8230;]\u201d Margarita Com\u00e1s i Camos (La coeducaci\u00f3n de los sexos en <i>Revista de Pedagog\u00eda<\/i>, 1931).[\/vc_column_text][vc_empty_space][\/vc_column][\/vc_row][vc_row gap=\u00bb30&#8243; css=\u00bb.vc_custom_1682423464513{padding-right: 90px !important;padding-left: 90px !important;background-color: #f5f5f5 !important;}\u00bb][vc_column width=\u00bb1\/3&#8243;][vc_separator color=\u00bbcustom\u00bb accent_color=\u00bb#8e8e8e\u00bb][\/vc_column][vc_column width=\u00bb2\/3&#8243;][vc_separator color=\u00bbcustom\u00bb accent_color=\u00bb#8e8e8e\u00bb][\/vc_column][\/vc_row]<\/p>\n","protected":false},"excerpt":{"rendered":"<p>[vc_row gap=\u00bb35&#8243; equal_height=\u00bbyes\u00bb content_placement=\u00bbbottom\u00bb css=\u00bb.vc_custom_1682513497921{background-image: url(http:\/\/www.ull.es\/eventos\/la-educacion-en-la-ii-republica\/wp-content\/uploads\/sites\/54\/2023\/04\/Maestras-de-la-Repu\u0301blica.jpg?id=52) !important;background-position: center !important;background-repeat: no-repeat !important;background-size: cover !important;}\u00bb][vc_column width=\u00bb1\/3&#8243;][vc_empty_space height=\u00bb600px\u00bb][\/vc_column][vc_column width=\u00bb2\/3&#8243;][\/vc_column][\/vc_row][vc_row gap=\u00bb35&#8243; content_placement=\u00bbtop\u00bb css=\u00bb.vc_custom_1682423323488{padding-right: 90px !important;padding-left: 90px !important;background-color: #f5f5f5 !important;}\u00bb][vc_column width=\u00bb1\/3&#8243;][vc_separator color=\u00bbcustom\u00bb accent_color=\u00bb#8e8e8e\u00bb][vc_custom_heading text=\u00bbLA EDUCACI\u00d3N DE LA MUJER\u00bb font_container=\u00bbtag:h1|font_size:3em|text_align:left|color:%23caa33f|line_height:100%25&#8243; google_fonts=\u00bbfont_family:Oswald%3A300%2Cregular%2C700|font_style:700%20bold%20regular%3A700%3Anormal\u00bb][vc_empty_space][\/vc_column][vc_column width=\u00bb2\/3&#8243;][vc_separator color=\u00bbcustom\u00bb accent_color=\u00bb#8e8e8e\u00bb][vc_column_text]Una de las medidas educativas mas destacadas del periodo republicano fue la consecuci\u00f3n del derecho a voto de&#8230;<\/p>\n","protected":false},"author":14,"featured_media":0,"parent":0,"menu_order":0,"comment_status":"closed","ping_status":"closed","template":"templates\/template-no-title.php","meta":{"footnotes":""},"class_list":["post-42","page","type-page","status-publish","hentry"],"_links":{"self":[{"href":"https:\/\/www.ull.es\/eventos\/la-educacion-en-la-ii-republica\/wp-json\/wp\/v2\/pages\/42"}],"collection":[{"href":"https:\/\/www.ull.es\/eventos\/la-educacion-en-la-ii-republica\/wp-json\/wp\/v2\/pages"}],"about":[{"href":"https:\/\/www.ull.es\/eventos\/la-educacion-en-la-ii-republica\/wp-json\/wp\/v2\/types\/page"}],"author":[{"embeddable":true,"href":"https:\/\/www.ull.es\/eventos\/la-educacion-en-la-ii-republica\/wp-json\/wp\/v2\/users\/14"}],"replies":[{"embeddable":true,"href":"https:\/\/www.ull.es\/eventos\/la-educacion-en-la-ii-republica\/wp-json\/wp\/v2\/comments?post=42"}],"version-history":[{"count":5,"href":"https:\/\/www.ull.es\/eventos\/la-educacion-en-la-ii-republica\/wp-json\/wp\/v2\/pages\/42\/revisions"}],"predecessor-version":[{"id":45,"href":"https:\/\/www.ull.es\/eventos\/la-educacion-en-la-ii-republica\/wp-json\/wp\/v2\/pages\/42\/revisions\/45"}],"wp:attachment":[{"href":"https:\/\/www.ull.es\/eventos\/la-educacion-en-la-ii-republica\/wp-json\/wp\/v2\/media?parent=42"}],"curies":[{"name":"wp","href":"https:\/\/api.w.org\/{rel}","templated":true}]}}

La educación de la mujer

<p>[vc_row gap=»35&#8243; equal_height=»yes» content_placement=»bottom» css=».vc_custom_1682513497921{background-image: url(http://www.ull.es/eventos/la-educacion-en-la-ii-republica/wp-content/uploads/sites/54/2023/04/Maestras-de-la-República.jpg?id=52) !important;background-position: center !important;background-repeat: no-repeat !important;background-size: cover !important;}»][vc_column width=»1/3&#8243;][vc_empty_space height=»600px»][/vc_column][vc_column width=»2/3&#8243;][/vc_column][/vc_row][vc_row gap=»35&#8243; content_placement=»top» css=».vc_custom_1682423323488{padding-right: 90px !important;padding-left: 90px !important;background-color: #f5f5f5 !important;}»][vc_column width=»1/3&#8243;][vc_separator color=»custom» accent_color=»#8e8e8e»][vc_custom_heading text=»LA EDUCACIÓN DE LA MUJER» font_container=»tag:h1|font_size:3em|text_align:left|color:%23caa33f|line_height:100%25&#8243; google_fonts=»font_family:Oswald%3A300%2Cregular%2C700|font_style:700%20bold%20regular%3A700%3Anormal»][vc_empty_space][/vc_column][vc_column width=»2/3&#8243;][vc_separator color=»custom» accent_color=»#8e8e8e»][vc_column_text]Una de las medidas educativas mas destacadas del periodo republicano fue la consecución del derecho a voto de las mujeres, cuyo significado es de enorme relevancia pedagógica. Como bien señala Ballarín Domingo, “el ejercicio de la libertad, de la participación en las decisiones políticas, tiene un significado educativo, en su práctica, de un alcance muy superior al de todas las promesas emancipatorias anunciadas a través del acceso a una mayor cultura.</p>
<p>El primer gobierno republicano abolió los Institutos de segunda enseñanza específicamente femeninos y los convirtió en mixtos, lo mismo se hizo con las Escuelas Normales y con las escuelas primarias anejas a estas Escuelas Normales. El cambio en la escuela primaria no se dio hasta 1937 en plena Guerra Civil y aplicable solamente a la zona republicana. El modelo no fue estricatmente coeducativo porque mantenía un plan de estudios, publicado con anterioridad que incluía “las labores propias del sexo” En cualquier caso, esta posición distaba de la mantenida por el Gobierno conservador Radical Cedista (1933-1935) que declaró sinefecto a todos los regímenes “coeducacionales” que se hubieran establecido sin autorización del Ministerio y prohibiendo nuevas iniciativas.[/vc_column_text][vc_empty_space][vc_media_grid grid_id=»vc_gid:1682512560345-f6478e26-9dc1-8&#8243; include=»51,50&#8243;][vc_empty_space][vc_column_text]Aunque en la práctica la vida de las mujeres cambió poco, la imagen de la mujer activa y trabajadora se convirtió en algo frecuente en la propaganda de los gobiernos republicanos progresistas. En gran medida las aspiraciones de igualdad se identificaron con el triunfo republicano y aumentaron los grupos femeninos, los periódicos y congresos, y los artículos reclamando la igualdad y la coeducación.</p>
<p>[&#8230;] En las escuelas corrientes limitamos de una manera arbitraria el campo de la actividad de cada sexo, poniendo en la de los niños, en el mejor caso, los trabajos manuales además del quehacer intelectual, en las de las niñaslbores de aguja… ¿Se trata en realidad de una diferencia de aptitudes o depende ello de la función que de antemano les atribuimos y que no es quizá la que mejor les conviene? Sería preferible dejar ampliamente abiertas las clases, las enseñanzas y las ocupaciones a los dos sexos y permitirles que eligieran de acuerdo con sus gustos y circunstancias [&#8230;]” Margarita Comás i Camos (La coeducación de los sexos en <i>Revista de Pedagogía</i>, 1931).[/vc_column_text][vc_empty_space][/vc_column][/vc_row][vc_row gap=»30&#8243; css=».vc_custom_1682423464513{padding-right: 90px !important;padding-left: 90px !important;background-color: #f5f5f5 !important;}»][vc_column width=»1/3&#8243;][vc_separator color=»custom» accent_color=»#8e8e8e»][/vc_column][vc_column width=»2/3&#8243;][vc_separator color=»custom» accent_color=»#8e8e8e»][/vc_column][/vc_row]</p>

<p>[vc_row gap=»35&#8243; equal_height=»yes» content_placement=»bottom» css=».vc_custom_1682513497921{background-image: url(http://www.ull.es/eventos/la-educacion-en-la-ii-republica/wp-content/uploads/sites/54/2023/04/Maestras-de-la-República.jpg?id=52) !important;background-position: center !important;background-repeat: no-repeat !important;background-size: cover !important;}»][vc_column width=»1/3&#8243;][vc_empty_space height=»600px»][/vc_column][vc_column width=»2/3&#8243;][/vc_column][/vc_row][vc_row gap=»35&#8243; content_placement=»top» css=».vc_custom_1682423323488{padding-right: 90px !important;padding-left: 90px !important;background-color: #f5f5f5 !important;}»][vc_column width=»1/3&#8243;][vc_separator color=»custom» accent_color=»#8e8e8e»][vc_custom_heading text=»LA EDUCACIÓN DE LA MUJER» font_container=»tag:h1|font_size:3em|text_align:left|color:%23caa33f|line_height:100%25&#8243; google_fonts=»font_family:Oswald%3A300%2Cregular%2C700|font_style:700%20bold%20regular%3A700%3Anormal»][vc_empty_space][/vc_column][vc_column width=»2/3&#8243;][vc_separator color=»custom» accent_color=»#8e8e8e»][vc_column_text]Una de las medidas educativas mas destacadas del periodo republicano fue la consecución del derecho a voto de&#8230;</p>
