{"id":54,"date":"2023-04-26T12:54:21","date_gmt":"2023-04-26T12:54:21","guid":{"rendered":"https:\/\/www.ull.es\/eventos\/la-educacion-en-la-ii-republica\/?page_id=54"},"modified":"2023-04-26T13:42:49","modified_gmt":"2023-04-26T13:42:49","slug":"54-2","status":"publish","type":"page","link":"https:\/\/www.ull.es\/eventos\/la-educacion-en-la-ii-republica\/54-2\/","title":{"rendered":"Los libros escolares republicanos"},"content":{"rendered":"<p>[vc_row gap=\u00bb35&#8243; equal_height=\u00bbyes\u00bb content_placement=\u00bbbottom\u00bb css=\u00bb.vc_custom_1682514676167{background-image: url(http:\/\/www.ull.es\/eventos\/la-educacion-en-la-ii-republica\/wp-content\/uploads\/sites\/54\/2023\/04\/cabecera-scaled.jpg?id=65) !important;background-position: center !important;background-repeat: no-repeat !important;background-size: cover !important;}\u00bb][vc_column width=\u00bb1\/3&#8243;][vc_empty_space height=\u00bb600px\u00bb][\/vc_column][vc_column width=\u00bb2\/3&#8243;][\/vc_column][\/vc_row][vc_row gap=\u00bb35&#8243; content_placement=\u00bbtop\u00bb css=\u00bb.vc_custom_1682423323488{padding-right: 90px !important;padding-left: 90px !important;background-color: #f5f5f5 !important;}\u00bb][vc_column width=\u00bb1\/3&#8243;][vc_separator color=\u00bbcustom\u00bb accent_color=\u00bb#8e8e8e\u00bb][vc_custom_heading text=\u00bbLOS LIBROS ESCOLARES REPUBLICANOS\u00bb font_container=\u00bbtag:h1|font_size:3em|text_align:left|color:%23caa33f|line_height:100%25&#8243; google_fonts=\u00bbfont_family:Oswald%3A300%2Cregular%2C700|font_style:700%20bold%20regular%3A700%3Anormal\u00bb][vc_separator color=\u00bbcustom\u00bb accent_color=\u00bb#8e8e8e\u00bb][vc_empty_space][\/vc_column][vc_column width=\u00bb2\/3&#8243;][vc_separator color=\u00bbcustom\u00bb accent_color=\u00bb#8e8e8e\u00bb][vc_column_text]La proclamaci\u00f3n de la II Rep\u00fablica en Espa\u00f1a permitir\u00e1 profundizar en la renovaci\u00f3n pedag\u00f3gica iniciada en a\u00f1os anteriores. Esta renovaci\u00f3n ir\u00e1 acompa\u00f1ada de un nuevo discurso pol\u00edtico, m\u00e1s afin a los principois e ideas republicanas como se puede apreciar en otro de los elementos fundamentales de la escuela: los libros escolares. En efecto uno de los libros escolares que cumplen con esta idea republicana es precisamente <i>Concentraciones<\/i> de Xandri Pich y autodenominado \u201censayo de adaptaci\u00f3n de un m\u00e9todo cient\u00edfico de ense\u00f1anza\u201d, publicado en 1932 y continuaci\u00f3n de obras de inspiraci\u00f3n metodol\u00f3gica de O. Decroly.[\/vc_column_text][vc_empty_space][vc_media_grid element_width=\u00bb2&#8243; grid_id=\u00bbvc_gid:1682514823713-5bc2fd2e-e858-1&#8243; include=\u00bb62,61,60,59,58&#8243;][vc_empty_space][vc_column_text]Otra de las obras de uso en la escuela republicana fue la segunda edici\u00f3n de <i>Cien lecciones pr\u00e1cticas<\/i> de \u00c1ngel Llorca destinada a los maestros y maestras de la \u00e9poca. En 1932 fue reeditada con una misma metodolog\u00eda pero con diferencias ideol\u00f3gicas claras.<\/p>\n<p>En pleno periodo republicano se siguieron publicando obras de uso frecuente en la escuela\u00a0 espa\u00f1ola anterior a la proclamaci\u00f3n de la rep\u00fablica. Una de estas obras es Cosas y hechos de Mart\u00ed Alpera.<\/p>\n<p>La <i>Enciclopedia c\u00edclico-pedag\u00f3gica<\/i> de Dalmau Carles, publicada en 1936, incluye acontecimientos importantes del periodo republicano. En la misma no se aprecia renovaci\u00f3n pedag\u00f3gica alguna y se observan contenidos de dudosa identificaci\u00f3n republicana. Ello significa que la Rep\u00fablica no pudo hacer una renovaci\u00f3n profunda del libro escolar porque, entre otras cosas, no cont\u00f3 con el tiempo necesario para ello.<\/p>\n<p>Obra escolar republicana por excelencia fue <i>El ni\u00f1o republicano <\/i>de Joaqu\u00edn Ser\u00f3, obra reeditada en repetidas ocasiones en apenas tres a\u00f1os. El libro pon\u00eda de manifiesto que desde la proclamaci\u00f3n de la Rep\u00fablica no se hab\u00eda producido un cambio en la bibliograf\u00eda escolar.<\/p>\n<p>El golpe de Estado contra el r\u00e9gimen democr\u00e1tico existente y el inicio de la Guerra Civil marca un cambio en las ediciones de los libros escolares. Este es el caso, entre otros, de la <i>Cartilla escolar antifascista<\/i> publicada por el Ministerio de Instrucci\u00f3n P\u00fablica del Frente Popular. Se trata de publicaciones \u201cde trincheras\u201d destinadas a los combatientes iletrados republicanos a quienes, hasta en los momentos m\u00e1s dif\u00edciles de la Guerra Civil, se les brind\u00f3 la oportunidad de aprender a leer y a escribir. El contenido de estas cartillas se puso al servicio de la defensa ideol\u00f3gica y militar de la rep\u00fablica.<\/p>\n<p>Otro tanto ocurrir\u00e1 con la <i>Cartilla aritm\u00e9tica antifascista<\/i>, publicada en 1937, que seguir\u00e1 utilizando los mismos par\u00e1metros ideol\u00f3gicos conceptuales y tambi\u00e9n metodol\u00f3gicos que la anterior.<\/p>\n<p>Otra de las obras de trincheras fue <i>El reloj o Las aventuras de Petika<\/i>, publicada en 1936 por el Ministerio de Instrucci\u00f3n P\u00fablica del Frente Popular. Se trata de un cuento traducido directamente del ruso y que hace referencias a la Revoluci\u00f3n de Octubre e incluye textos de Lenin.[\/vc_column_text][vc_empty_space][\/vc_column][\/vc_row][vc_row gap=\u00bb30&#8243; css=\u00bb.vc_custom_1682423464513{padding-right: 90px !important;padding-left: 90px !important;background-color: #f5f5f5 !important;}\u00bb][vc_column width=\u00bb1\/3&#8243;][vc_separator color=\u00bbcustom\u00bb accent_color=\u00bb#8e8e8e\u00bb][\/vc_column][vc_column width=\u00bb2\/3&#8243;][vc_separator color=\u00bbcustom\u00bb accent_color=\u00bb#8e8e8e\u00bb][\/vc_column][\/vc_row]<\/p>\n","protected":false},"excerpt":{"rendered":"<p>[vc_row gap=\u00bb35&#8243; equal_height=\u00bbyes\u00bb content_placement=\u00bbbottom\u00bb css=\u00bb.vc_custom_1682514676167{background-image: url(http:\/\/www.ull.es\/eventos\/la-educacion-en-la-ii-republica\/wp-content\/uploads\/sites\/54\/2023\/04\/cabecera-scaled.jpg?id=65) !important;background-position: center !important;background-repeat: no-repeat !important;background-size: cover !important;}\u00bb][vc_column width=\u00bb1\/3&#8243;][vc_empty_space height=\u00bb600px\u00bb][\/vc_column][vc_column width=\u00bb2\/3&#8243;][\/vc_column][\/vc_row][vc_row gap=\u00bb35&#8243; content_placement=\u00bbtop\u00bb css=\u00bb.vc_custom_1682423323488{padding-right: 90px !important;padding-left: 90px !important;background-color: #f5f5f5 !important;}\u00bb][vc_column width=\u00bb1\/3&#8243;][vc_separator color=\u00bbcustom\u00bb accent_color=\u00bb#8e8e8e\u00bb][vc_custom_heading text=\u00bbLOS LIBROS ESCOLARES REPUBLICANOS\u00bb font_container=\u00bbtag:h1|font_size:3em|text_align:left|color:%23caa33f|line_height:100%25&#8243; google_fonts=\u00bbfont_family:Oswald%3A300%2Cregular%2C700|font_style:700%20bold%20regular%3A700%3Anormal\u00bb][vc_separator color=\u00bbcustom\u00bb accent_color=\u00bb#8e8e8e\u00bb][vc_empty_space][\/vc_column][vc_column width=\u00bb2\/3&#8243;][vc_separator color=\u00bbcustom\u00bb accent_color=\u00bb#8e8e8e\u00bb][vc_column_text]La proclamaci\u00f3n de la II Rep\u00fablica en Espa\u00f1a permitir\u00e1 profundizar en la renovaci\u00f3n pedag\u00f3gica iniciada en a\u00f1os&#8230;<\/p>\n","protected":false},"author":14,"featured_media":0,"parent":0,"menu_order":0,"comment_status":"closed","ping_status":"closed","template":"templates\/template-no-title.php","meta":{"footnotes":""},"class_list":["post-54","page","type-page","status-publish","hentry"],"_links":{"self":[{"href":"https:\/\/www.ull.es\/eventos\/la-educacion-en-la-ii-republica\/wp-json\/wp\/v2\/pages\/54"}],"collection":[{"href":"https:\/\/www.ull.es\/eventos\/la-educacion-en-la-ii-republica\/wp-json\/wp\/v2\/pages"}],"about":[{"href":"https:\/\/www.ull.es\/eventos\/la-educacion-en-la-ii-republica\/wp-json\/wp\/v2\/types\/page"}],"author":[{"embeddable":true,"href":"https:\/\/www.ull.es\/eventos\/la-educacion-en-la-ii-republica\/wp-json\/wp\/v2\/users\/14"}],"replies":[{"embeddable":true,"href":"https:\/\/www.ull.es\/eventos\/la-educacion-en-la-ii-republica\/wp-json\/wp\/v2\/comments?post=54"}],"version-history":[{"count":7,"href":"https:\/\/www.ull.es\/eventos\/la-educacion-en-la-ii-republica\/wp-json\/wp\/v2\/pages\/54\/revisions"}],"predecessor-version":[{"id":68,"href":"https:\/\/www.ull.es\/eventos\/la-educacion-en-la-ii-republica\/wp-json\/wp\/v2\/pages\/54\/revisions\/68"}],"wp:attachment":[{"href":"https:\/\/www.ull.es\/eventos\/la-educacion-en-la-ii-republica\/wp-json\/wp\/v2\/media?parent=54"}],"curies":[{"name":"wp","href":"https:\/\/api.w.org\/{rel}","templated":true}]}}

<p>[vc_row gap=»35&#8243; equal_height=»yes» content_placement=»bottom» css=».vc_custom_1682514676167{background-image: url(http://www.ull.es/eventos/la-educacion-en-la-ii-republica/wp-content/uploads/sites/54/2023/04/cabecera-scaled.jpg?id=65) !important;background-position: center !important;background-repeat: no-repeat !important;background-size: cover !important;}»][vc_column width=»1/3&#8243;][vc_empty_space height=»600px»][/vc_column][vc_column width=»2/3&#8243;][/vc_column][/vc_row][vc_row gap=»35&#8243; content_placement=»top» css=».vc_custom_1682423323488{padding-right: 90px !important;padding-left: 90px !important;background-color: #f5f5f5 !important;}»][vc_column width=»1/3&#8243;][vc_separator color=»custom» accent_color=»#8e8e8e»][vc_custom_heading text=»LOS LIBROS ESCOLARES REPUBLICANOS» font_container=»tag:h1|font_size:3em|text_align:left|color:%23caa33f|line_height:100%25&#8243; google_fonts=»font_family:Oswald%3A300%2Cregular%2C700|font_style:700%20bold%20regular%3A700%3Anormal»][vc_separator color=»custom» accent_color=»#8e8e8e»][vc_empty_space][/vc_column][vc_column width=»2/3&#8243;][vc_separator color=»custom» accent_color=»#8e8e8e»][vc_column_text]La proclamación de la II República en España permitirá profundizar en la renovación pedagógica iniciada en años anteriores. Esta renovación irá acompañada de un nuevo discurso político, más afin a los principois e ideas republicanas como se puede apreciar en otro de los elementos fundamentales de la escuela: los libros escolares. En efecto uno de los libros escolares que cumplen con esta idea republicana es precisamente <i>Concentraciones</i> de Xandri Pich y autodenominado “ensayo de adaptación de un método científico de enseñanza”, publicado en 1932 y continuación de obras de inspiración metodológica de O. Decroly.[/vc_column_text][vc_empty_space][vc_media_grid element_width=»2&#8243; grid_id=»vc_gid:1682514823713-5bc2fd2e-e858-1&#8243; include=»62,61,60,59,58&#8243;][vc_empty_space][vc_column_text]Otra de las obras de uso en la escuela republicana fue la segunda edición de <i>Cien lecciones prácticas</i> de Ángel Llorca destinada a los maestros y maestras de la época. En 1932 fue reeditada con una misma metodología pero con diferencias ideológicas claras.</p>
<p>En pleno periodo republicano se siguieron publicando obras de uso frecuente en la escuela  española anterior a la proclamación de la república. Una de estas obras es Cosas y hechos de Martí Alpera.</p>
<p>La <i>Enciclopedia cíclico-pedagógica</i> de Dalmau Carles, publicada en 1936, incluye acontecimientos importantes del periodo republicano. En la misma no se aprecia renovación pedagógica alguna y se observan contenidos de dudosa identificación republicana. Ello significa que la República no pudo hacer una renovación profunda del libro escolar porque, entre otras cosas, no contó con el tiempo necesario para ello.</p>
<p>Obra escolar republicana por excelencia fue <i>El niño republicano </i>de Joaquín Seró, obra reeditada en repetidas ocasiones en apenas tres años. El libro ponía de manifiesto que desde la proclamación de la República no se había producido un cambio en la bibliografía escolar.</p>
<p>El golpe de Estado contra el régimen democrático existente y el inicio de la Guerra Civil marca un cambio en las ediciones de los libros escolares. Este es el caso, entre otros, de la <i>Cartilla escolar antifascista</i> publicada por el Ministerio de Instrucción Pública del Frente Popular. Se trata de publicaciones “de trincheras” destinadas a los combatientes iletrados republicanos a quienes, hasta en los momentos más difíciles de la Guerra Civil, se les brindó la oportunidad de aprender a leer y a escribir. El contenido de estas cartillas se puso al servicio de la defensa ideológica y militar de la república.</p>
<p>Otro tanto ocurrirá con la <i>Cartilla aritmética antifascista</i>, publicada en 1937, que seguirá utilizando los mismos parámetros ideológicos conceptuales y también metodológicos que la anterior.</p>
<p>Otra de las obras de trincheras fue <i>El reloj o Las aventuras de Petika</i>, publicada en 1936 por el Ministerio de Instrucción Pública del Frente Popular. Se trata de un cuento traducido directamente del ruso y que hace referencias a la Revolución de Octubre e incluye textos de Lenin.[/vc_column_text][vc_empty_space][/vc_column][/vc_row][vc_row gap=»30&#8243; css=».vc_custom_1682423464513{padding-right: 90px !important;padding-left: 90px !important;background-color: #f5f5f5 !important;}»][vc_column width=»1/3&#8243;][vc_separator color=»custom» accent_color=»#8e8e8e»][/vc_column][vc_column width=»2/3&#8243;][vc_separator color=»custom» accent_color=»#8e8e8e»][/vc_column][/vc_row]</p>

<p>[vc_row gap=»35&#8243; equal_height=»yes» content_placement=»bottom» css=».vc_custom_1682514676167{background-image: url(http://www.ull.es/eventos/la-educacion-en-la-ii-republica/wp-content/uploads/sites/54/2023/04/cabecera-scaled.jpg?id=65) !important;background-position: center !important;background-repeat: no-repeat !important;background-size: cover !important;}»][vc_column width=»1/3&#8243;][vc_empty_space height=»600px»][/vc_column][vc_column width=»2/3&#8243;][/vc_column][/vc_row][vc_row gap=»35&#8243; content_placement=»top» css=».vc_custom_1682423323488{padding-right: 90px !important;padding-left: 90px !important;background-color: #f5f5f5 !important;}»][vc_column width=»1/3&#8243;][vc_separator color=»custom» accent_color=»#8e8e8e»][vc_custom_heading text=»LOS LIBROS ESCOLARES REPUBLICANOS» font_container=»tag:h1|font_size:3em|text_align:left|color:%23caa33f|line_height:100%25&#8243; google_fonts=»font_family:Oswald%3A300%2Cregular%2C700|font_style:700%20bold%20regular%3A700%3Anormal»][vc_separator color=»custom» accent_color=»#8e8e8e»][vc_empty_space][/vc_column][vc_column width=»2/3&#8243;][vc_separator color=»custom» accent_color=»#8e8e8e»][vc_column_text]La proclamación de la II República en España permitirá profundizar en la renovación pedagógica iniciada en años&#8230;</p>
