{"id":88,"date":"2023-07-03T11:08:17","date_gmt":"2023-07-03T11:08:17","guid":{"rendered":"https:\/\/www.ull.es\/eventos\/la-educacion-en-la-ii-republica\/?page_id=88"},"modified":"2023-07-11T07:48:08","modified_gmt":"2023-07-11T07:48:08","slug":"88-2","status":"publish","type":"page","link":"https:\/\/www.ull.es\/eventos\/la-educacion-en-la-ii-republica\/88-2\/","title":{"rendered":"La educaci\u00f3n en la Constituci\u00f3n de 1931"},"content":{"rendered":"<p>[vc_row gap=\u00bb35&#8243; equal_height=\u00bbyes\u00bb content_placement=\u00bbbottom\u00bb css=\u00bb.vc_custom_1688383108631{background-image: url(http:\/\/www.ull.es\/eventos\/la-educacion-en-la-ii-republica\/wp-content\/uploads\/sites\/54\/2023\/07\/recortada_06c-edicion-lujo-constitucion.jpg?id=100) !important;background-position: center !important;background-repeat: no-repeat !important;background-size: cover !important;}\u00bb][vc_column width=\u00bb1\/3&#8243;][vc_empty_space height=\u00bb600px\u00bb][\/vc_column][vc_column width=\u00bb2\/3&#8243;][\/vc_column][\/vc_row][vc_row gap=\u00bb35&#8243; content_placement=\u00bbtop\u00bb css=\u00bb.vc_custom_1682423323488{padding-right: 90px !important;padding-left: 90px !important;background-color: #f5f5f5 !important;}\u00bb][vc_column width=\u00bb1\/3&#8243;][vc_separator color=\u00bbcustom\u00bb accent_color=\u00bb#8e8e8e\u00bb][vc_custom_heading text=\u00bbLA EDUCACI\u00d3N EN LA CONSTITUCI\u00d3N DE 1931&#8243; font_container=\u00bbtag:h1|font_size:3em|text_align:left|color:%23caa33f|line_height:100%25&#8243; google_fonts=\u00bbfont_family:Oswald%3A300%2Cregular%2C700|font_style:700%20bold%20regular%3A700%3Anormal\u00bb][vc_separator color=\u00bbcustom\u00bb accent_color=\u00bb#8e8e8e\u00bb][vc_empty_space][\/vc_column][vc_column width=\u00bb2\/3&#8243;][vc_separator color=\u00bbcustom\u00bb accent_color=\u00bb#8e8e8e\u00bb][vc_column_text]La constituci\u00f3n republicana de 1931 se inspira en otras constituciones de la \u00e9poca como la alemana de Weimar, la de Austria o la de M\u00e9xico. Pero tampoco se puede olvidar desde la perspectiva educativa, la estrecha relaci\u00f3n con la Constituci\u00f3n espa\u00f1ola de 1812. Si la primera constituci\u00f3n liberal dedic\u00f3 un cap\u00edtulo \u00edntegro a la materia educativa, la constituci\u00f3n republicana de 1931 tambi\u00e9n fue prolija en el tratamiento de la educaci\u00f3n, recogiendo en su articulado una serie de principios b\u00e1sicos para el adecuado desarrollo del sistema educativo. Espec\u00edficamente educativos son los art\u00edculos 48,49 y 50.[\/vc_column_text][vc_empty_space][vc_media_grid element_width=\u00bb2&#8243; grid_id=\u00bbvc_gid:1688383060782-4b063615-282b-5&#8243; include=\u00bb96,97&#8243;][vc_empty_space][vc_column_text]<b>Art\u00edculo 48. <\/b>El servicio de la cultura es atribuci\u00f3n esencial del Estado, y lo prestar\u00e1 mediante instituciones educativas enlazadas por el sistema de la escuela unificada.<\/p>\n<p>La ense\u00f1anza primaria ser\u00e1 gratuita y obligatoria.<\/p>\n<p>Los maestros, profesores y catedr\u00e1ticos de la ense\u00f1anza oficial son funcionarios p\u00fablicos.<\/p>\n<p>La libertad de c\u00e1tedra queda reconocida y garantizada.<\/p>\n<p>La Rep\u00fablica legislar\u00e1 en el sentido de facilitar a los espa\u00f1oles econ\u00f3micamente necesitados el acceso a todos los grados de la ense\u00f1anza, a fin de que no se halle condicionado m\u00e1s que por la aptitud y la vocaci\u00f3n.<\/p>\n<p>La ense\u00f1anza ser\u00e1 laica, har\u00e1 del trabajo el eje de su actividad metodol\u00f3gica y se inspirar\u00e1 en ideales de solidaridad humana.<\/p>\n<p>Se reconoce a las iglesias el derecho, sujeto a inspecci\u00f3n del Estado, de ense\u00f1ar sus respectivas doctrinas en sus propios establecimientos<\/p>\n<p><b>Art\u00edculo 49.<\/b> [&#8230;] Una Ley de Instrucci\u00f3n p\u00fablica determinar\u00e1 la edad escolar para cada grado, la duraci\u00f3n de los periodos de escolaridad, el contenido de los planes pedag\u00f3gicos y las condiciones en que se pod\u00eda autorizar la ense\u00f1anza en los establecimientos privados.<\/p>\n<p><b>Art\u00edculo 50. <\/b>Las regiones aut\u00f3nomas podr\u00e1n organizar la ense\u00f1anza en sus lenguas respectivas [&#8230;]<\/p>\n<p>&nbsp;<\/p>\n<h5><b>PRINCIPALES MEDIDAS LEGISLATIVAS DE CAR\u00c1CTER EDUCATIVO EN LOS PRIMEROS DIEZ MESES DE LA AVENTURA REPUBLICANA<\/b><\/h5>\n<p>Principales medidas legislativas de car\u00e1cter educativo adoptadas por el gobierno republicano entre abril de 1931 y la Constituci\u00f3n de diciembre de 1931:<\/p>\n<ol>\n<li aria-level=\"1\">Decreto de 29 de abril de 1931 sobre el <b>Uso del catal\u00e1n en las escuelas de Catalu\u00f1a<\/b><\/li>\n<li aria-level=\"1\">Decreto de 4 de mayo de 1931 sobre la <b>Reorganizaci\u00f3n del Consejo de Instrucci\u00f3n P\u00fablica<\/b><\/li>\n<li aria-level=\"1\">Decreto de 6 de mayo de 1931 sobre la <b>Voluntariedad de la instrucci\u00f3n religiosa en las escuelas<\/b><\/li>\n<li aria-level=\"1\">Decreto de 13 de mayo de 1931 que <b>derogaba los planes vigentes de Segunda ense\u00f1anza y restablece los antiguos<\/b><\/li>\n<li aria-level=\"1\">Decreto de 13 de mayo de 1931 que <b>derogaba los Planes de estudios vigentes en las Universidades<\/b><\/li>\n<li aria-level=\"1\">Decreto de 29 de mayo de 1931 que <b>creaba el Patronato de Misiones Pedag\u00f3gicas<\/b><\/li>\n<li aria-level=\"1\">Decreto de 9 de junio de 1931 que <b>creaba en cada una de las Universidades \u201cConsejos Universitarios de Primera Ense\u00f1anza\u201d<\/b><\/li>\n<li aria-level=\"1\">Decreto de 23 de junio de 1931 de <b>Creaci\u00f3n de 7.000 plazas de maestros y maestras<\/b><\/li>\n<li aria-level=\"1\">Decreto de 23 de junio de 1931 de <b>Aumento de sueldo a los maestros<\/b><\/li>\n<li aria-level=\"1\">Decreto de 29 de septiembre de 1931 que <b>reorganizaba los estudios de Magisterio<\/b><\/li>\n<li aria-level=\"1\">Decreto de 2 de octubre de 1931 relativo a los <b>procedimientos que han de seguirse para el ingreso en la Inspecci\u00f3n de Primera Ense\u00f1anza reiterando la necesidad de \u201corientaci\u00f3n pedag\u00f3gica\u201d en la escuela.<\/b><\/li>\n<\/ol>\n<p>[\/vc_column_text][vc_empty_space][\/vc_column][\/vc_row][vc_row gap=\u00bb30&#8243; css=\u00bb.vc_custom_1682423464513{padding-right: 90px !important;padding-left: 90px !important;background-color: #f5f5f5 !important;}\u00bb][vc_column width=\u00bb1\/3&#8243;][vc_separator color=\u00bbcustom\u00bb accent_color=\u00bb#8e8e8e\u00bb][\/vc_column][vc_column width=\u00bb2\/3&#8243;][vc_separator color=\u00bbcustom\u00bb accent_color=\u00bb#8e8e8e\u00bb][\/vc_column][\/vc_row]<\/p>\n","protected":false},"excerpt":{"rendered":"<p>[vc_row gap=\u00bb35&#8243; equal_height=\u00bbyes\u00bb content_placement=\u00bbbottom\u00bb css=\u00bb.vc_custom_1688383108631{background-image: url(http:\/\/www.ull.es\/eventos\/la-educacion-en-la-ii-republica\/wp-content\/uploads\/sites\/54\/2023\/07\/recortada_06c-edicion-lujo-constitucion.jpg?id=100) !important;background-position: center !important;background-repeat: no-repeat !important;background-size: cover !important;}\u00bb][vc_column width=\u00bb1\/3&#8243;][vc_empty_space height=\u00bb600px\u00bb][\/vc_column][vc_column width=\u00bb2\/3&#8243;][\/vc_column][\/vc_row][vc_row gap=\u00bb35&#8243; content_placement=\u00bbtop\u00bb css=\u00bb.vc_custom_1682423323488{padding-right: 90px !important;padding-left: 90px !important;background-color: #f5f5f5 !important;}\u00bb][vc_column width=\u00bb1\/3&#8243;][vc_separator color=\u00bbcustom\u00bb accent_color=\u00bb#8e8e8e\u00bb][vc_custom_heading text=\u00bbLA EDUCACI\u00d3N EN LA CONSTITUCI\u00d3N DE 1931&#8243; font_container=\u00bbtag:h1|font_size:3em|text_align:left|color:%23caa33f|line_height:100%25&#8243; google_fonts=\u00bbfont_family:Oswald%3A300%2Cregular%2C700|font_style:700%20bold%20regular%3A700%3Anormal\u00bb][vc_separator color=\u00bbcustom\u00bb accent_color=\u00bb#8e8e8e\u00bb][vc_empty_space][\/vc_column][vc_column width=\u00bb2\/3&#8243;][vc_separator color=\u00bbcustom\u00bb accent_color=\u00bb#8e8e8e\u00bb][vc_column_text]La constituci\u00f3n republicana de 1931 se inspira en otras constituciones de la \u00e9poca como&#8230;<\/p>\n","protected":false},"author":14,"featured_media":0,"parent":0,"menu_order":0,"comment_status":"closed","ping_status":"closed","template":"templates\/template-no-title.php","meta":{"footnotes":""},"class_list":["post-88","page","type-page","status-publish","hentry"],"_links":{"self":[{"href":"https:\/\/www.ull.es\/eventos\/la-educacion-en-la-ii-republica\/wp-json\/wp\/v2\/pages\/88"}],"collection":[{"href":"https:\/\/www.ull.es\/eventos\/la-educacion-en-la-ii-republica\/wp-json\/wp\/v2\/pages"}],"about":[{"href":"https:\/\/www.ull.es\/eventos\/la-educacion-en-la-ii-republica\/wp-json\/wp\/v2\/types\/page"}],"author":[{"embeddable":true,"href":"https:\/\/www.ull.es\/eventos\/la-educacion-en-la-ii-republica\/wp-json\/wp\/v2\/users\/14"}],"replies":[{"embeddable":true,"href":"https:\/\/www.ull.es\/eventos\/la-educacion-en-la-ii-republica\/wp-json\/wp\/v2\/comments?post=88"}],"version-history":[{"count":10,"href":"https:\/\/www.ull.es\/eventos\/la-educacion-en-la-ii-republica\/wp-json\/wp\/v2\/pages\/88\/revisions"}],"predecessor-version":[{"id":187,"href":"https:\/\/www.ull.es\/eventos\/la-educacion-en-la-ii-republica\/wp-json\/wp\/v2\/pages\/88\/revisions\/187"}],"wp:attachment":[{"href":"https:\/\/www.ull.es\/eventos\/la-educacion-en-la-ii-republica\/wp-json\/wp\/v2\/media?parent=88"}],"curies":[{"name":"wp","href":"https:\/\/api.w.org\/{rel}","templated":true}]}}

La educación en la Constitución de 1931

<p>[vc_row gap=»35&#8243; equal_height=»yes» content_placement=»bottom» css=».vc_custom_1688383108631{background-image: url(http://www.ull.es/eventos/la-educacion-en-la-ii-republica/wp-content/uploads/sites/54/2023/07/recortada_06c-edicion-lujo-constitucion.jpg?id=100) !important;background-position: center !important;background-repeat: no-repeat !important;background-size: cover !important;}»][vc_column width=»1/3&#8243;][vc_empty_space height=»600px»][/vc_column][vc_column width=»2/3&#8243;][/vc_column][/vc_row][vc_row gap=»35&#8243; content_placement=»top» css=».vc_custom_1682423323488{padding-right: 90px !important;padding-left: 90px !important;background-color: #f5f5f5 !important;}»][vc_column width=»1/3&#8243;][vc_separator color=»custom» accent_color=»#8e8e8e»][vc_custom_heading text=»LA EDUCACIÓN EN LA CONSTITUCIÓN DE 1931&#8243; font_container=»tag:h1|font_size:3em|text_align:left|color:%23caa33f|line_height:100%25&#8243; google_fonts=»font_family:Oswald%3A300%2Cregular%2C700|font_style:700%20bold%20regular%3A700%3Anormal»][vc_separator color=»custom» accent_color=»#8e8e8e»][vc_empty_space][/vc_column][vc_column width=»2/3&#8243;][vc_separator color=»custom» accent_color=»#8e8e8e»][vc_column_text]La constitución republicana de 1931 se inspira en otras constituciones de la época como la alemana de Weimar, la de Austria o la de México. Pero tampoco se puede olvidar desde la perspectiva educativa, la estrecha relación con la Constitución española de 1812. Si la primera constitución liberal dedicó un capítulo íntegro a la materia educativa, la constitución republicana de 1931 también fue prolija en el tratamiento de la educación, recogiendo en su articulado una serie de principios básicos para el adecuado desarrollo del sistema educativo. Específicamente educativos son los artículos 48,49 y 50.[/vc_column_text][vc_empty_space][vc_media_grid element_width=»2&#8243; grid_id=»vc_gid:1688383060782-4b063615-282b-5&#8243; include=»96,97&#8243;][vc_empty_space][vc_column_text]<b>Artículo 48. </b>El servicio de la cultura es atribución esencial del Estado, y lo prestará mediante instituciones educativas enlazadas por el sistema de la escuela unificada.</p>
<p>La enseñanza primaria será gratuita y obligatoria.</p>
<p>Los maestros, profesores y catedráticos de la enseñanza oficial son funcionarios públicos.</p>
<p>La libertad de cátedra queda reconocida y garantizada.</p>
<p>La República legislará en el sentido de facilitar a los españoles económicamente necesitados el acceso a todos los grados de la enseñanza, a fin de que no se halle condicionado más que por la aptitud y la vocación.</p>
<p>La enseñanza será laica, hará del trabajo el eje de su actividad metodológica y se inspirará en ideales de solidaridad humana.</p>
<p>Se reconoce a las iglesias el derecho, sujeto a inspección del Estado, de enseñar sus respectivas doctrinas en sus propios establecimientos</p>
<p><b>Artículo 49.</b> [&#8230;] Una Ley de Instrucción pública determinará la edad escolar para cada grado, la duración de los periodos de escolaridad, el contenido de los planes pedagógicos y las condiciones en que se podía autorizar la enseñanza en los establecimientos privados.</p>
<p><b>Artículo 50. </b>Las regiones autónomas podrán organizar la enseñanza en sus lenguas respectivas [&#8230;]</p>
<p>&nbsp;</p>
<h5><b>PRINCIPALES MEDIDAS LEGISLATIVAS DE CARÁCTER EDUCATIVO EN LOS PRIMEROS DIEZ MESES DE LA AVENTURA REPUBLICANA</b></h5>
<p>Principales medidas legislativas de carácter educativo adoptadas por el gobierno republicano entre abril de 1931 y la Constitución de diciembre de 1931:</p>
<ol>
<li aria-level="1">Decreto de 29 de abril de 1931 sobre el <b>Uso del catalán en las escuelas de Cataluña</b></li>
<li aria-level="1">Decreto de 4 de mayo de 1931 sobre la <b>Reorganización del Consejo de Instrucción Pública</b></li>
<li aria-level="1">Decreto de 6 de mayo de 1931 sobre la <b>Voluntariedad de la instrucción religiosa en las escuelas</b></li>
<li aria-level="1">Decreto de 13 de mayo de 1931 que <b>derogaba los planes vigentes de Segunda enseñanza y restablece los antiguos</b></li>
<li aria-level="1">Decreto de 13 de mayo de 1931 que <b>derogaba los Planes de estudios vigentes en las Universidades</b></li>
<li aria-level="1">Decreto de 29 de mayo de 1931 que <b>creaba el Patronato de Misiones Pedagógicas</b></li>
<li aria-level="1">Decreto de 9 de junio de 1931 que <b>creaba en cada una de las Universidades “Consejos Universitarios de Primera Enseñanza”</b></li>
<li aria-level="1">Decreto de 23 de junio de 1931 de <b>Creación de 7.000 plazas de maestros y maestras</b></li>
<li aria-level="1">Decreto de 23 de junio de 1931 de <b>Aumento de sueldo a los maestros</b></li>
<li aria-level="1">Decreto de 29 de septiembre de 1931 que <b>reorganizaba los estudios de Magisterio</b></li>
<li aria-level="1">Decreto de 2 de octubre de 1931 relativo a los <b>procedimientos que han de seguirse para el ingreso en la Inspección de Primera Enseñanza reiterando la necesidad de “orientación pedagógica” en la escuela.</b></li>
</ol>
<p>[/vc_column_text][vc_empty_space][/vc_column][/vc_row][vc_row gap=»30&#8243; css=».vc_custom_1682423464513{padding-right: 90px !important;padding-left: 90px !important;background-color: #f5f5f5 !important;}»][vc_column width=»1/3&#8243;][vc_separator color=»custom» accent_color=»#8e8e8e»][/vc_column][vc_column width=»2/3&#8243;][vc_separator color=»custom» accent_color=»#8e8e8e»][/vc_column][/vc_row]</p>

<p>[vc_row gap=»35&#8243; equal_height=»yes» content_placement=»bottom» css=».vc_custom_1688383108631{background-image: url(http://www.ull.es/eventos/la-educacion-en-la-ii-republica/wp-content/uploads/sites/54/2023/07/recortada_06c-edicion-lujo-constitucion.jpg?id=100) !important;background-position: center !important;background-repeat: no-repeat !important;background-size: cover !important;}»][vc_column width=»1/3&#8243;][vc_empty_space height=»600px»][/vc_column][vc_column width=»2/3&#8243;][/vc_column][/vc_row][vc_row gap=»35&#8243; content_placement=»top» css=».vc_custom_1682423323488{padding-right: 90px !important;padding-left: 90px !important;background-color: #f5f5f5 !important;}»][vc_column width=»1/3&#8243;][vc_separator color=»custom» accent_color=»#8e8e8e»][vc_custom_heading text=»LA EDUCACIÓN EN LA CONSTITUCIÓN DE 1931&#8243; font_container=»tag:h1|font_size:3em|text_align:left|color:%23caa33f|line_height:100%25&#8243; google_fonts=»font_family:Oswald%3A300%2Cregular%2C700|font_style:700%20bold%20regular%3A700%3Anormal»][vc_separator color=»custom» accent_color=»#8e8e8e»][vc_empty_space][/vc_column][vc_column width=»2/3&#8243;][vc_separator color=»custom» accent_color=»#8e8e8e»][vc_column_text]La constitución republicana de 1931 se inspira en otras constituciones de la época como&#8230;</p>
