{"id":652,"date":"2022-04-27T13:15:06","date_gmt":"2022-04-27T13:15:06","guid":{"rendered":"https:\/\/www.ull.es\/eventos\/lasendadelnilo\/?page_id=652"},"modified":"2022-04-28T10:00:53","modified_gmt":"2022-04-28T10:00:53","slug":"noticias","status":"publish","type":"page","link":"https:\/\/www.ull.es\/eventos\/lasendadelnilo\/noticias\/","title":{"rendered":"Noticias"},"content":{"rendered":"<p>[vc_row][vc_column width=\u00bb1\/6&#8243;][\/vc_column][vc_column width=\u00bb2\/3&#8243;][vc_custom_heading source=\u00bbpost_title\u00bb font_container=\u00bbtag:h1|text_align:left\u00bb google_fonts=\u00bbfont_family:Roboto%3A100%2C100italic%2C300%2C300italic%2Cregular%2Citalic%2C500%2C500italic%2C700%2C700italic%2C900%2C900italic|font_style:700%20bold%20regular%3A700%3Anormal\u00bb el_class=\u00bbtitulo-pagina\u00bb link=\u00bbtarget:_blank\u00bb][\/vc_column][vc_column width=\u00bb1\/6&#8243;][\/vc_column][\/vc_row][vc_row][vc_column width=\u00bb1\/6&#8243;][\/vc_column][vc_column width=\u00bb2\/3&#8243;][vc_custom_heading text=\u00bbLa ULL celebra el D\u00eda del Libro con una exposici\u00f3n sobre el \u201cdescubrimiento\u201d de Egipto por parte de Occidente en el siglo XIX\u00bb google_fonts=\u00bbfont_family:Roboto%3A100%2C100italic%2C300%2C300italic%2Cregular%2Citalic%2C500%2C500italic%2C700%2C700italic%2C900%2C900italic|font_style:700%20bold%20regular%3A700%3Anormal\u00bb el_class=\u00bbtitulo-pagina\u00bb link=\u00bburl:https%3A%2F%2Fwww.ull.es%2Fportal%2Fnoticias%2F2022%2Fdia-del-libro-exposicion-descubrimiento-egipto-occidente-xix%2F|target:_blank\u00bb][vc_custom_heading text=\u00bbULL | 22\u00b704\u00b722&#8243; font_container=\u00bbtag:h6|text_align:left\u00bb google_fonts=\u00bbfont_family:Roboto%3A100%2C100italic%2C300%2C300italic%2Cregular%2Citalic%2C500%2C500italic%2C700%2C700italic%2C900%2C900italic|font_style:700%20bold%20regular%3A700%3Anormal\u00bb el_class=\u00bbtitulo-pagina\u00bb link=\u00bburl:https%3A%2F%2Fwww.eldia.es%2Fsociedad%2F2022%2F04%2F21%2Fbiblioteca-ull-recupera-dia-libro-65216886.html|target:_blank\u00bb][vc_column_text]Como es habitual cada a\u00f1o, la Biblioteca General y de Humanidades del Campus de Guajara acoge en su vest\u00edbulo, con motivo de D\u00eda del Libro, una exposici\u00f3n que indaga, a trav\u00e9s de los fondos bibliogr\u00e1ficos disponibles en la instituci\u00f3n, sobre un asunto culturalmente relevante. En esta ocasi\u00f3n, la muestra se centra en el \u201cdescubrimiento\u201d acad\u00e9mico que occidente realiz\u00f3 del antiguo Egipto en el siglo XIX. La muestra es de lo mas oportuna, porque justo en 2022 se cumplen los doscientos a\u00f1os del desciframiento de la escritura jerogl\u00edfica gracias a la piedra Rosetta, tal y como record\u00f3 el comisario de la exposici\u00f3n, el profesor del Departamento de Geograf\u00eda e Historia y egipt\u00f3logo Miguel \u00c1ngel Molinero Polo.[\/vc_column_text][vc_btn title=\u00bbIr a la noticia\u00bb color=\u00bbmulled-wine\u00bb link=\u00bburl:https%3A%2F%2Fwww.ull.es%2Fportal%2Fnoticias%2F2022%2Fdia-del-libro-exposicion-descubrimiento-egipto-occidente-xix%2F\u00bb][vc_separator css=\u00bb.vc_custom_1649413195907{margin-top: 30px !important;}\u00bb][\/vc_column][vc_column width=\u00bb1\/6&#8243;][\/vc_column][\/vc_row][vc_row][vc_column width=\u00bb1\/6&#8243;][\/vc_column][vc_column width=\u00bb2\/3&#8243;][vc_custom_heading text=\u00bbLa Biblioteca de la ULL mira a Egipto en el D\u00eda del Libro con una muestra\u00bb google_fonts=\u00bbfont_family:Roboto%3A100%2C100italic%2C300%2C300italic%2Cregular%2Citalic%2C500%2C500italic%2C700%2C700italic%2C900%2C900italic|font_style:700%20bold%20regular%3A700%3Anormal\u00bb el_class=\u00bbtitulo-pagina\u00bb link=\u00bburl:https%3A%2F%2Fdiariodeavisos.elespanol.com%2F2022%2F04%2Fla-biblioteca-de-la-ull-mira-a-egipto-en-el-dia-del-libro-con-una-muestra%2F|target:_blank\u00bb][vc_custom_heading text=\u00bbDiario de Avisos | 21\u00b704\u00b722&#8243; font_container=\u00bbtag:h6|text_align:left\u00bb google_fonts=\u00bbfont_family:Roboto%3A100%2C100italic%2C300%2C300italic%2Cregular%2Citalic%2C500%2C500italic%2C700%2C700italic%2C900%2C900italic|font_style:700%20bold%20regular%3A700%3Anormal\u00bb el_class=\u00bbtitulo-pagina\u00bb link=\u00bburl:https%3A%2F%2Fwww.eldia.es%2Fsociedad%2F2022%2F04%2F21%2Fbiblioteca-ull-recupera-dia-libro-65216886.html|target:_blank\u00bb][vc_column_text]La exposici\u00f3n bibliogr\u00e1fica se inaugura este viernes, a partir de las 12.00 horas, en el espacio ubicado en el Campus de Guajara de la Universidad de La Laguna.[\/vc_column_text][vc_btn title=\u00bbIr a la noticia\u00bb color=\u00bbmulled-wine\u00bb link=\u00bburl:https%3A%2F%2Fdiariodeavisos.elespanol.com%2F2022%2F04%2Fla-biblioteca-de-la-ull-mira-a-egipto-en-el-dia-del-libro-con-una-muestra%2F\u00bb][vc_separator css=\u00bb.vc_custom_1649413195907{margin-top: 30px !important;}\u00bb][\/vc_column][vc_column width=\u00bb1\/6&#8243;][\/vc_column][\/vc_row][vc_row][vc_column width=\u00bb1\/6&#8243;][\/vc_column][vc_column width=\u00bb2\/3&#8243;][vc_custom_heading text=\u00bbLa Biblioteca de la ULL recupera el D\u00eda del Libro con una mirada sobre Egipto\u00bb google_fonts=\u00bbfont_family:Roboto%3A100%2C100italic%2C300%2C300italic%2Cregular%2Citalic%2C500%2C500italic%2C700%2C700italic%2C900%2C900italic|font_style:700%20bold%20regular%3A700%3Anormal\u00bb el_class=\u00bbtitulo-pagina\u00bb link=\u00bburl:https%3A%2F%2Fwww.eldia.es%2Fsociedad%2F2022%2F04%2F21%2Fbiblioteca-ull-recupera-dia-libro-65216886.html|target:_blank\u00bb][vc_custom_heading text=\u00bbEl D\u00eda | 21\u00b704\u00b722&#8243; font_container=\u00bbtag:h6|text_align:left\u00bb google_fonts=\u00bbfont_family:Roboto%3A100%2C100italic%2C300%2C300italic%2Cregular%2Citalic%2C500%2C500italic%2C700%2C700italic%2C900%2C900italic|font_style:700%20bold%20regular%3A700%3Anormal\u00bb el_class=\u00bbtitulo-pagina\u00bb link=\u00bburl:https%3A%2F%2Fwww.eldia.es%2Fsociedad%2F2022%2F04%2F21%2Fbiblioteca-ull-recupera-dia-libro-65216886.html|target:_blank\u00bb][vc_column_text]La biblioteca de la Universidad de La Laguna (ULL) recupera el D\u00eda del Libro con una mirada sobre Egipto. La exposici\u00f3n<em> En la senda del Nilo: la mirada de Occidente a Egipto y su pasado<\/em> abre sus puertas este viernes, 22 de abril, a las 12:00 horas en la Biblioteca General y de Humanidades en la Universidad de La Laguna, en el Campus de Guajara. La muestra permanecer\u00e1 abierta durante dos meses, de lunes a viernes de 09:00 a 20:00 horas.[\/vc_column_text][vc_btn title=\u00bbIr a la noticia\u00bb color=\u00bbmulled-wine\u00bb link=\u00bburl:https%3A%2F%2Fwww.eldia.es%2Fsociedad%2F2022%2F04%2F21%2Fbiblioteca-ull-recupera-dia-libro-65216886.html%20_blank\u00bb][vc_separator css=\u00bb.vc_custom_1649413195907{margin-top: 30px !important;}\u00bb][\/vc_column][vc_column width=\u00bb1\/6&#8243;][\/vc_column][\/vc_row][vc_row][vc_column width=\u00bb1\/6&#8243;][\/vc_column][vc_column width=\u00bb2\/3&#8243;][vc_custom_heading text=\u00bbLa Biblioteca de ULL conmemora el D\u00eda del Libro con una muestra bibliogr\u00e1fica sobre Egipto\u00bb google_fonts=\u00bbfont_family:Roboto%3A100%2C100italic%2C300%2C300italic%2Cregular%2Citalic%2C500%2C500italic%2C700%2C700italic%2C900%2C900italic|font_style:700%20bold%20regular%3A700%3Anormal\u00bb el_class=\u00bbtitulo-pagina\u00bb link=\u00bburl:https%3A%2F%2Fwww.ull.es%2Fportal%2Fnoticias%2F2022%2Fdia-libro-muestra-bibliografica-egipto%2F|target:_blank\u00bb][vc_custom_heading text=\u00bbULL | 20-04-22&#8243; font_container=\u00bbtag:h6|text_align:left\u00bb google_fonts=\u00bbfont_family:Roboto%3A100%2C100italic%2C300%2C300italic%2Cregular%2Citalic%2C500%2C500italic%2C700%2C700italic%2C900%2C900italic|font_style:700%20bold%20regular%3A700%3Anormal\u00bb el_class=\u00bbtitulo-pagina\u00bb link=\u00bburl:https%3A%2F%2Fwww.eldia.es%2Fsociedad%2F2022%2F04%2F21%2Fbiblioteca-ull-recupera-dia-libro-65216886.html|target:_blank\u00bb][vc_column_text]La Biblioteca General y de Humanidades de la Universidad de La Laguna acoger\u00e1 la exposici\u00f3n <a href=\"https:\/\/www.ull.es\/portal\/agenda\/evento\/exposicion-en-la-senda-del-nilo-la-mirada-de-occidente-a-egipto-y-su-pasado\/\" target=\"_blank\" rel=\"noopener\" target=\"_blank\" rel=\"noopener\"><span class=\"s2\">\u201cEn la senda del Nilo: la mirada de Occidente a Egipto y su pasado\u201d<\/span><\/a>. La muestra, que ser\u00e1 inaugurada el pr\u00f3ximo viernes 22 de abril a las 12:00 horas y podr\u00e1 ser visitada hasta finales de mayo en el edificio del Campus de Guajara, en horario de 9:00 a 20:00 horas, pretende poner el foco en este pa\u00eds africano, as\u00ed como en su civilizaci\u00f3n y su importancia en las sociedades venideras.[\/vc_column_text][vc_btn title=\u00bbIr a la noticia\u00bb color=\u00bbmulled-wine\u00bb link=\u00bburl:https%3A%2F%2Fwww.ull.es%2Fportal%2Fnoticias%2F2022%2Fdia-libro-muestra-bibliografica-egipto%2F\u00bb][vc_separator css=\u00bb.vc_custom_1649413195907{margin-top: 30px !important;}\u00bb][\/vc_column][vc_column width=\u00bb1\/6&#8243;][\/vc_column][\/vc_row]<\/p>\n","protected":false},"excerpt":{"rendered":"<p>[vc_row][vc_column width=\u00bb1\/6&#8243;][\/vc_column][vc_column width=\u00bb2\/3&#8243;][vc_custom_heading source=\u00bbpost_title\u00bb font_container=\u00bbtag:h1|text_align:left\u00bb google_fonts=\u00bbfont_family:Roboto%3A100%2C100italic%2C300%2C300italic%2Cregular%2Citalic%2C500%2C500italic%2C700%2C700italic%2C900%2C900italic|font_style:700%20bold%20regular%3A700%3Anormal\u00bb el_class=\u00bbtitulo-pagina\u00bb link=\u00bbtarget:_blank\u00bb][\/vc_column][vc_column width=\u00bb1\/6&#8243;][\/vc_column][\/vc_row][vc_row][vc_column width=\u00bb1\/6&#8243;][\/vc_column][vc_column width=\u00bb2\/3&#8243;][vc_custom_heading text=\u00bbLa ULL celebra el D\u00eda del Libro con una exposici\u00f3n sobre el \u201cdescubrimiento\u201d de Egipto por parte de Occidente en el siglo XIX\u00bb google_fonts=\u00bbfont_family:Roboto%3A100%2C100italic%2C300%2C300italic%2Cregular%2Citalic%2C500%2C500italic%2C700%2C700italic%2C900%2C900italic|font_style:700%20bold%20regular%3A700%3Anormal\u00bb el_class=\u00bbtitulo-pagina\u00bb link=\u00bburl:https%3A%2F%2Fwww.ull.es%2Fportal%2Fnoticias%2F2022%2Fdia-del-libro-exposicion-descubrimiento-egipto-occidente-xix%2F|target:_blank\u00bb][vc_custom_heading text=\u00bbULL | 22\u00b704\u00b722&#8243; font_container=\u00bbtag:h6|text_align:left\u00bb google_fonts=\u00bbfont_family:Roboto%3A100%2C100italic%2C300%2C300italic%2Cregular%2Citalic%2C500%2C500italic%2C700%2C700italic%2C900%2C900italic|font_style:700%20bold%20regular%3A700%3Anormal\u00bb el_class=\u00bbtitulo-pagina\u00bb link=\u00bburl:https%3A%2F%2Fwww.eldia.es%2Fsociedad%2F2022%2F04%2F21%2Fbiblioteca-ull-recupera-dia-libro-65216886.html|target:_blank\u00bb][vc_column_text]Como es habitual cada a\u00f1o, la Biblioteca General y de Humanidades del&#8230;<\/p>\n","protected":false},"author":14,"featured_media":0,"parent":0,"menu_order":0,"comment_status":"closed","ping_status":"closed","template":"","meta":{"footnotes":""},"class_list":["post-652","page","type-page","status-publish","hentry"],"_links":{"self":[{"href":"https:\/\/www.ull.es\/eventos\/lasendadelnilo\/wp-json\/wp\/v2\/pages\/652"}],"collection":[{"href":"https:\/\/www.ull.es\/eventos\/lasendadelnilo\/wp-json\/wp\/v2\/pages"}],"about":[{"href":"https:\/\/www.ull.es\/eventos\/lasendadelnilo\/wp-json\/wp\/v2\/types\/page"}],"author":[{"embeddable":true,"href":"https:\/\/www.ull.es\/eventos\/lasendadelnilo\/wp-json\/wp\/v2\/users\/14"}],"replies":[{"embeddable":true,"href":"https:\/\/www.ull.es\/eventos\/lasendadelnilo\/wp-json\/wp\/v2\/comments?post=652"}],"version-history":[{"count":8,"href":"https:\/\/www.ull.es\/eventos\/lasendadelnilo\/wp-json\/wp\/v2\/pages\/652\/revisions"}],"predecessor-version":[{"id":664,"href":"https:\/\/www.ull.es\/eventos\/lasendadelnilo\/wp-json\/wp\/v2\/pages\/652\/revisions\/664"}],"wp:attachment":[{"href":"https:\/\/www.ull.es\/eventos\/lasendadelnilo\/wp-json\/wp\/v2\/media?parent=652"}],"curies":[{"name":"wp","href":"https:\/\/api.w.org\/{rel}","templated":true}]}}