{"id":2207,"date":"2026-04-14T09:41:40","date_gmt":"2026-04-14T09:41:40","guid":{"rendered":"https:\/\/www.ull.es\/eventos\/letras-en-danza\/?page_id=2207"},"modified":"2026-04-15T11:16:41","modified_gmt":"2026-04-15T11:16:41","slug":"prosa-y-danza","status":"publish","type":"page","link":"https:\/\/www.ull.es\/eventos\/letras-en-danza\/prosa-y-danza\/","title":{"rendered":"Prosa y danza"},"content":{"rendered":"<p>[vc_row full_width=\u00bbstretch_row_content\u00bb content_placement=\u00bbbottom\u00bb css=\u00bb.vc_custom_1776251795259{margin-top: 50px !important;background-position: center !important;background-repeat: no-repeat !important;background-size: cover !important;}\u00bb el_class=\u00bbcabecera\u00bb][vc_column css=\u00bb.vc_custom_1776071582163{border-top-width: 1px !important;border-top-color: #000000 !important;}\u00bb][vc_single_image image=\u00bb2258&#8243; img_size=\u00bbfull\u00bb alignment=\u00bbcenter\u00bb el_class=\u00bbimg-cabecera\u00bb][\/vc_column][\/vc_row][vc_row][vc_column width=\u00bb1\/4&#8243; css=\u00bb.vc_custom_1776071501776{background-position: center !important;background-repeat: no-repeat !important;background-size: contain !important;}\u00bb][\/vc_column][vc_column width=\u00bb1\/2&#8243;][vc_separator][vc_empty_space height=\u00bb72px\u00bb][vc_custom_heading source=\u00bbpost_title\u00bb font_container=\u00bbtag:h1|text_align:left|color:%23000000&#8243; google_fonts=\u00bbfont_family:Raleway%3A100%2C200%2C300%2Cregular%2C500%2C600%2C700%2C800%2C900|font_style:300%20light%20regular%3A300%3Anormal\u00bb][vc_empty_space][vc_column_text]<\/p>\n<hr \/>\n<p class=\"p1\">T\u00e9ngase en cuenta que la bailarina no es una mujer que baila [\u2026], sino una met\u00e1fora que resume uno de los aspectos fundamentales de nuestra forma, espada, copa, flor, etc., [\u2026] sugiriendo, por el prodigio de atajos o de impulsos, una escritura corporal a la que le har\u00edan falta p\u00e1rrafos en prosa tanto dialogada como descriptiva para expresar en la redacci\u00f3n: poema desprendido de todo aparato del escritor.<\/p>\n<p class=\"p3\" style=\"text-align: right;\">St\u00e9phane Mallarm\u00e9, <i>Divagaciones<\/i> (1897)<\/p>\n<p>&nbsp;<\/p>\n<hr \/>\n<p class=\"p1\">\u00a1Bailar! En los a\u00f1os mozos, esta palabra tiene un sonido, un eco, un retint\u00edn especial\u00edsimo. Hay en ella prestigio singular, rec\u00f3ndito aleteo de esa esperanza compa\u00f1era de la juventud, cuando presentimos la vida a modo de interesante novela y esperamos a la ventura como a <i>algo<\/i> positivo, que infaliblemente ha de realizarse cuando menos nos percatemos. Aparte del goce que encierra como ejercicio muscular, el chico adivina en el baile <i>otra cosa<\/i>: la representaci\u00f3n simb\u00f3lica del futuro drama amoroso, inseparable de la juventud.<\/p>\n<p class=\"p1\">As\u00ed es que bail\u00e1bamos, si con total inocencia, con poderosa ilusi\u00f3n. Ya no envidi\u00e1bamos a los estudiantes que, libres del yugo paterno, concurr\u00edan a los saraos zapateriles de los liceos; ni a los se\u00f1oritos de levita y <i>bomba<\/i>, que en el Casino obsequiaban a las damiselas con azucarillos y bandejas de yemas acarameladas.<\/p>\n<p class=\"p3\" style=\"text-align: right;\">Emilia Pardo Baz\u00e1n, <i>El baile del querub\u00edn<\/i> (1891)<\/p>\n<p>&nbsp;<\/p>\n<hr \/>\n<p class=\"p1\">\u00bfSab\u00e9is, emperadores del verso, que bajo el sol de Grecia el verso se cre\u00f3 para la danza, y que la cadencia de los menudos pies mostr\u00f3 a los elegidos de los dioses la posibilidad de la cadencia de las bellas palabras? \u00bfQu\u00e9 as\u00ed la poes\u00eda es una milagrosa revelaci\u00f3n del movimiento?<\/p>\n<p class=\"p3\" style=\"text-align: right;\">Gregorio Mart\u00ednez Sierra (Mar\u00eda de la O Lej\u00e1rraga),<br \/>\n\u00abPara la danza\u00bb, en <i>La feria de Neuilly<\/i> (1906)<\/p>\n<p>&nbsp;<\/p>\n<hr \/>\n<p class=\"p1\">Abordo de inmediato mis ideas y les digo, sin m\u00e1s preparaci\u00f3n, que la danza, a mi parecer, no se limita a ser un mero ejercicio, una diversi\u00f3n, un arte ornamental, o a veces un juego de sociedad; es un asunto serio y, en ciertos aspectos, muy venerable. Toda \u00e9poca que ha comprendido el cuerpo humano o que por lo menos ha experimentado la sensaci\u00f3n de misterio de este organismo, de sus recursos, l\u00edmites y combinaciones de energ\u00eda y sensibilidad, ha cultivado, venerado la danza.<\/p>\n<p class=\"p1\">Es un arte fundamental, como lo sugieren o lo demuestran su universalidad, su antig\u00fcedad inmemorial, los usos solemnes que se han hecho de \u00e9l, las ideas y reflexiones que ha engendrado en todos los tiempos. Porque la danza es un arte que se deriva de la vida misma, pues no es m\u00e1s que la acci\u00f3n del conjunto del cuerpo humano. Pero una acci\u00f3n transferida a un mundo, a una especie de espacio-tiempo, que ya no es del todo el mismo de la vida pr\u00e1ctica.<\/p>\n<p class=\"p3\" style=\"text-align: right;\">Paul Val\u00e9ry, <i>Filosof\u00eda de la danza<\/i> (1936)<\/p>\n<p>[\/vc_column_text][vc_empty_space height=\u00bb16px\u00bb][\/vc_column][vc_column width=\u00bb1\/4&#8243;][\/vc_column][\/vc_row][vc_row][vc_column][vc_separator][\/vc_column][\/vc_row][vc_row][vc_column width=\u00bb1\/5&#8243;][\/vc_column][vc_column width=\u00bb1\/5&#8243;][\/vc_column][vc_column width=\u00bb1\/5&#8243;][vc_empty_space height=\u00bb64px\u00bb][vc_custom_heading text=\u00bbCon la colaboraci\u00f3n de:\u00bb font_container=\u00bbtag:p|font_size:14|text_align:left\u00bb use_theme_fonts=\u00bbyes\u00bb][vc_single_image image=\u00bb2195&#8243; img_size=\u00bb150&#215;26&#8243;][\/vc_column][vc_column width=\u00bb1\/5&#8243;][\/vc_column][vc_column width=\u00bb1\/5&#8243;][\/vc_column][\/vc_row]<\/p>\n","protected":false},"excerpt":{"rendered":"<p>[vc_row full_width=\u00bbstretch_row_content\u00bb content_placement=\u00bbbottom\u00bb css=\u00bb.vc_custom_1776251795259{margin-top: 50px !important;background-position: center !important;background-repeat: no-repeat !important;background-size: cover !important;}\u00bb el_class=\u00bbcabecera\u00bb][vc_column css=\u00bb.vc_custom_1776071582163{border-top-width: 1px !important;border-top-color: #000000 !important;}\u00bb][vc_single_image image=\u00bb2258&#8243; img_size=\u00bbfull\u00bb alignment=\u00bbcenter\u00bb el_class=\u00bbimg-cabecera\u00bb][\/vc_column][\/vc_row][vc_row][vc_column width=\u00bb1\/4&#8243; css=\u00bb.vc_custom_1776071501776{background-position: center !important;background-repeat: no-repeat !important;background-size: contain !important;}\u00bb][\/vc_column][vc_column width=\u00bb1\/2&#8243;][vc_separator][vc_empty_space height=\u00bb72px\u00bb][vc_custom_heading source=\u00bbpost_title\u00bb font_container=\u00bbtag:h1|text_align:left|color:%23000000&#8243; google_fonts=\u00bbfont_family:Raleway%3A100%2C200%2C300%2Cregular%2C500%2C600%2C700%2C800%2C900|font_style:300%20light%20regular%3A300%3Anormal\u00bb][vc_empty_space][vc_column_text] T\u00e9ngase en cuenta que la bailarina no es una mujer que baila [\u2026], sino una met\u00e1fora que resume uno de&#8230;<\/p>\n","protected":false},"author":14,"featured_media":0,"parent":0,"menu_order":0,"comment_status":"closed","ping_status":"closed","template":"templates\/template-no-title.php","meta":{"footnotes":""},"class_list":["post-2207","page","type-page","status-publish","hentry"],"_links":{"self":[{"href":"https:\/\/www.ull.es\/eventos\/letras-en-danza\/wp-json\/wp\/v2\/pages\/2207"}],"collection":[{"href":"https:\/\/www.ull.es\/eventos\/letras-en-danza\/wp-json\/wp\/v2\/pages"}],"about":[{"href":"https:\/\/www.ull.es\/eventos\/letras-en-danza\/wp-json\/wp\/v2\/types\/page"}],"author":[{"embeddable":true,"href":"https:\/\/www.ull.es\/eventos\/letras-en-danza\/wp-json\/wp\/v2\/users\/14"}],"replies":[{"embeddable":true,"href":"https:\/\/www.ull.es\/eventos\/letras-en-danza\/wp-json\/wp\/v2\/comments?post=2207"}],"version-history":[{"count":11,"href":"https:\/\/www.ull.es\/eventos\/letras-en-danza\/wp-json\/wp\/v2\/pages\/2207\/revisions"}],"predecessor-version":[{"id":2262,"href":"https:\/\/www.ull.es\/eventos\/letras-en-danza\/wp-json\/wp\/v2\/pages\/2207\/revisions\/2262"}],"wp:attachment":[{"href":"https:\/\/www.ull.es\/eventos\/letras-en-danza\/wp-json\/wp\/v2\/media?parent=2207"}],"curies":[{"name":"wp","href":"https:\/\/api.w.org\/{rel}","templated":true}]}}

<p>[vc_row full_width=»stretch_row_content» content_placement=»bottom» css=».vc_custom_1776251795259{margin-top: 50px !important;background-position: center !important;background-repeat: no-repeat !important;background-size: cover !important;}» el_class=»cabecera»][vc_column css=».vc_custom_1776071582163{border-top-width: 1px !important;border-top-color: #000000 !important;}»][vc_single_image image=»2258&#8243; img_size=»full» alignment=»center» el_class=»img-cabecera»][/vc_column][/vc_row][vc_row][vc_column width=»1/4&#8243; css=».vc_custom_1776071501776{background-position: center !important;background-repeat: no-repeat !important;background-size: contain !important;}»][/vc_column][vc_column width=»1/2&#8243;][vc_separator][vc_empty_space height=»72px»][vc_custom_heading source=»post_title» font_container=»tag:h1|text_align:left|color:%23000000&#8243; google_fonts=»font_family:Raleway%3A100%2C200%2C300%2Cregular%2C500%2C600%2C700%2C800%2C900|font_style:300%20light%20regular%3A300%3Anormal»][vc_empty_space][vc_column_text]</p>
<hr />
<p class="p1">Téngase en cuenta que la bailarina no es una mujer que baila […], sino una metáfora que resume uno de los aspectos fundamentales de nuestra forma, espada, copa, flor, etc., […] sugiriendo, por el prodigio de atajos o de impulsos, una escritura corporal a la que le harían falta párrafos en prosa tanto dialogada como descriptiva para expresar en la redacción: poema desprendido de todo aparato del escritor.</p>
<p class="p3" style="text-align: right;">Stéphane Mallarmé, <i>Divagaciones</i> (1897)</p>
<p>&nbsp;</p>
<hr />
<p class="p1">¡Bailar! En los años mozos, esta palabra tiene un sonido, un eco, un retintín especialísimo. Hay en ella prestigio singular, recóndito aleteo de esa esperanza compañera de la juventud, cuando presentimos la vida a modo de interesante novela y esperamos a la ventura como a <i>algo</i> positivo, que infaliblemente ha de realizarse cuando menos nos percatemos. Aparte del goce que encierra como ejercicio muscular, el chico adivina en el baile <i>otra cosa</i>: la representación simbólica del futuro drama amoroso, inseparable de la juventud.</p>
<p class="p1">Así es que bailábamos, si con total inocencia, con poderosa ilusión. Ya no envidiábamos a los estudiantes que, libres del yugo paterno, concurrían a los saraos zapateriles de los liceos; ni a los señoritos de levita y <i>bomba</i>, que en el Casino obsequiaban a las damiselas con azucarillos y bandejas de yemas acarameladas.</p>
<p class="p3" style="text-align: right;">Emilia Pardo Bazán, <i>El baile del querubín</i> (1891)</p>
<p>&nbsp;</p>
<hr />
<p class="p1">¿Sabéis, emperadores del verso, que bajo el sol de Grecia el verso se creó para la danza, y que la cadencia de los menudos pies mostró a los elegidos de los dioses la posibilidad de la cadencia de las bellas palabras? ¿Qué así la poesía es una milagrosa revelación del movimiento?</p>
<p class="p3" style="text-align: right;">Gregorio Martínez Sierra (María de la O Lejárraga),<br />
«Para la danza», en <i>La feria de Neuilly</i> (1906)</p>
<p>&nbsp;</p>
<hr />
<p class="p1">Abordo de inmediato mis ideas y les digo, sin más preparación, que la danza, a mi parecer, no se limita a ser un mero ejercicio, una diversión, un arte ornamental, o a veces un juego de sociedad; es un asunto serio y, en ciertos aspectos, muy venerable. Toda época que ha comprendido el cuerpo humano o que por lo menos ha experimentado la sensación de misterio de este organismo, de sus recursos, límites y combinaciones de energía y sensibilidad, ha cultivado, venerado la danza.</p>
<p class="p1">Es un arte fundamental, como lo sugieren o lo demuestran su universalidad, su antigüedad inmemorial, los usos solemnes que se han hecho de él, las ideas y reflexiones que ha engendrado en todos los tiempos. Porque la danza es un arte que se deriva de la vida misma, pues no es más que la acción del conjunto del cuerpo humano. Pero una acción transferida a un mundo, a una especie de espacio-tiempo, que ya no es del todo el mismo de la vida práctica.</p>
<p class="p3" style="text-align: right;">Paul Valéry, <i>Filosofía de la danza</i> (1936)</p>
<p>[/vc_column_text][vc_empty_space height=»16px»][/vc_column][vc_column width=»1/4&#8243;][/vc_column][/vc_row][vc_row][vc_column][vc_separator][/vc_column][/vc_row][vc_row][vc_column width=»1/5&#8243;][/vc_column][vc_column width=»1/5&#8243;][/vc_column][vc_column width=»1/5&#8243;][vc_empty_space height=»64px»][vc_custom_heading text=»Con la colaboración de:» font_container=»tag:p|font_size:14|text_align:left» use_theme_fonts=»yes»][vc_single_image image=»2195&#8243; img_size=»150&#215;26&#8243;][/vc_column][vc_column width=»1/5&#8243;][/vc_column][vc_column width=»1/5&#8243;][/vc_column][/vc_row]</p>

<p>[vc_row full_width=»stretch_row_content» content_placement=»bottom» css=».vc_custom_1776251795259{margin-top: 50px !important;background-position: center !important;background-repeat: no-repeat !important;background-size: cover !important;}» el_class=»cabecera»][vc_column css=».vc_custom_1776071582163{border-top-width: 1px !important;border-top-color: #000000 !important;}»][vc_single_image image=»2258&#8243; img_size=»full» alignment=»center» el_class=»img-cabecera»][/vc_column][/vc_row][vc_row][vc_column width=»1/4&#8243; css=».vc_custom_1776071501776{background-position: center !important;background-repeat: no-repeat !important;background-size: contain !important;}»][/vc_column][vc_column width=»1/2&#8243;][vc_separator][vc_empty_space height=»72px»][vc_custom_heading source=»post_title» font_container=»tag:h1|text_align:left|color:%23000000&#8243; google_fonts=»font_family:Raleway%3A100%2C200%2C300%2Cregular%2C500%2C600%2C700%2C800%2C900|font_style:300%20light%20regular%3A300%3Anormal»][vc_empty_space][vc_column_text] Téngase en cuenta que la bailarina no es una mujer que baila […], sino una metáfora que resume uno de&#8230;</p>
