{"id":2230,"date":"2026-04-15T09:17:11","date_gmt":"2026-04-15T09:17:11","guid":{"rendered":"https:\/\/www.ull.es\/eventos\/letras-en-danza\/?page_id=2230"},"modified":"2026-04-15T11:17:44","modified_gmt":"2026-04-15T11:17:44","slug":"letras-y-danza","status":"publish","type":"page","link":"https:\/\/www.ull.es\/eventos\/letras-en-danza\/letras-y-danza\/","title":{"rendered":"Letras y danza"},"content":{"rendered":"<p>[vc_row full_width=\u00bbstretch_row_content\u00bb content_placement=\u00bbbottom\u00bb css=\u00bb.vc_custom_1776251854028{margin-top: 50px !important;background-position: center !important;background-repeat: no-repeat !important;background-size: cover !important;}\u00bb el_class=\u00bbcabecera\u00bb][vc_column css=\u00bb.vc_custom_1776071582163{border-top-width: 1px !important;border-top-color: #000000 !important;}\u00bb][vc_single_image image=\u00bb2260&#8243; img_size=\u00bbfull\u00bb alignment=\u00bbcenter\u00bb el_class=\u00bbimg-cabecera\u00bb][\/vc_column][\/vc_row][vc_row][vc_column width=\u00bb1\/4&#8243; css=\u00bb.vc_custom_1776071501776{background-position: center !important;background-repeat: no-repeat !important;background-size: contain !important;}\u00bb][\/vc_column][vc_column width=\u00bb1\/2&#8243;][vc_separator][vc_empty_space height=\u00bb96px\u00bb][vc_column_text]<\/p>\n<p class=\"p1\"><i>Letras en danza<\/i> es una propuesta expositiva que pretende explorar la impronta de la danza en los libros y de los libros en la danza. Arte, literatura, pensamiento y ciencia se entretejen para celebrar conjuntamente el D\u00eda Internacional del Libro (23 de abril) y el D\u00eda Internacional de la Danza (29 de abril) con el fin de reivindicar un arte hist\u00f3ricamente obliterado dentro y fuera de la universidad.<\/p>\n<p class=\"p1\">Ya Arist\u00f3teles en su <i>Po\u00e9tica<\/i> (siglo IV a. C.) asociaba la tragedia y su modo de representar las acciones con la danza, subrayando aquellos \u00abmetros de movimiento\u00bb como el y\u00e1mbico o el trocaico, que se vinculaban con la coreograf\u00eda. En la Biblia, tambi\u00e9n aparece un personaje que ha vertebrado uno de los mitos art\u00edsticos m\u00e1s fruct\u00edferos, como el de Salom\u00e9. En esta l\u00ednea, han aparecido otras figuraciones como la de Carmen, fundada por Prosper M\u00e9rim\u00e9e en 1847, lo que explica, entre otras razones, la existencia de un emoticono de flamenca en las redes sociales.<\/p>\n<p class=\"p1\">Bailar ha sido una actividad vital en las comunidades del mundo tanto por su condici\u00f3n art\u00edstica como por operar como espacio de sociabilizaci\u00f3n y de expresi\u00f3n del yo y del nosotros. De hecho, el poeta bengal\u00ed Rabindranath Tagore confiaba en la capacidad de la danza para traspasar las fronteras por su significado abierto, siempre huidizo a interpretaciones un\u00edvocas y limitadas. Como la lectura, el baile permite explorar lugares inimaginados, en construcci\u00f3n continua, desde el di\u00e1logo de los cuerpos, una cuesti\u00f3n de la que era consciente el ilustrado Voltaire, quien apostill\u00f3 en su <i>Dictionnaire philosophique<\/i> (1764, s.v. <i>libert\u00e9 d\u2019imprimer<\/i>) la necesidad de dejar leer y dejar bailar porque supon\u00edan entretenimientos que no hac\u00edan da\u00f1o al mundo.<\/p>\n<p class=\"p1\">La literatura estuvo intr\u00ednsecamente relacionada a la aparici\u00f3n del ballet rom\u00e1ntico europeo, con ejemplos paradigm\u00e1ticos como <i>El diablo cojuelo<\/i> (1836), inspirada en la obra hom\u00f3nima del dramaturgo \u00e1ureo Luis V\u00e9lez de Guevara; <i>Giselle<\/i> (1841), basada en un relato de Heinrich Heine; o <i>Copp\u00e9lia<\/i> (1870), creada a partir de un cuento de E. T. A. Hoffmann. Era tal la convicci\u00f3n de que las letras se pod\u00edan poner en movimiento que el escritor franc\u00e9s Th\u00e9ophile Gautier afirm\u00f3 que el ballet era una \u00abliteratura de las piernas\u00bb.<\/p>\n<p class=\"p1\">En buena medida, la lectura ha sido un motor creativo para la danza. Por ejemplo, Isadora Duncan, una de las grandes bailarinas de la danza moderna, consideraba que sus grandes maestros de baile hab\u00edan sido Jean-Jacques Rousseau, Friedrich Nietzsche y Walt Whitman. Lo que desconoc\u00eda Duncan es que sus bailes fueron un est\u00edmulo para escritores como H. D., Rub\u00e9n Dar\u00edo, Sergu\u00e9i Yesenin, Mar\u00eda (Lej\u00e1rraga) Mart\u00ednez Sierra o C\u00e9sar Vallejo, como ya hab\u00eda sucedido antes con la influencia de las bailarinas Rosita Mauri y Loie Fuller en los textos de St\u00e9phane Mallarm\u00e9 o de Polaire y Colette en la escritura de Ram\u00f3n G\u00f3mez de la Serna. Otra gran renovadora de comienzos del siglo xx fue T\u00f3rtola Valencia, quien siempre estuvo rodeada de escritores y lleg\u00f3 a justificar sus novedosas propuestas coreogr\u00e1ficas bajo el lema \u00abLa danza es la poes\u00eda del cuerpo\u00bb, atribuida al poeta Goethe, aunque realmente fue una invenci\u00f3n propia.<\/p>\n<p class=\"p1\">Mirar hacia la poes\u00eda, dialogar con ella y entenderse desde ese lenguaje abierto y evocador son una constante que contin\u00faa reverberando en la actualidad. Como ya advirtiera Cristina Morales en <i>Lectura f\u00e1cil<\/i> (2018), la danza nos lleva a reafirmarnos en la consciencia de que hay un lazo indiscutible que nos une a todas: poseer un cuerpo.<\/p>\n<p class=\"p1\">Desde \u00e9l brota el movimiento de quienes bailan, pero tambi\u00e9n de quienes reflexionan y construyen el conocimiento, de quienes indagan nuevos caminos para las ciencias y habitan las bibliotecas; porque las bibliotecas, a fin de cuentas, son un cuerpo vivo.<\/p>\n<p>[\/vc_column_text][vc_empty_space height=\u00bb16px\u00bb][\/vc_column][vc_column width=\u00bb1\/4&#8243;][\/vc_column][\/vc_row][vc_row][vc_column][vc_separator][\/vc_column][\/vc_row][vc_row][vc_column width=\u00bb1\/5&#8243;][\/vc_column][vc_column width=\u00bb1\/5&#8243;][\/vc_column][vc_column width=\u00bb1\/5&#8243;][vc_empty_space height=\u00bb64px\u00bb][vc_custom_heading text=\u00bbCon la colaboraci\u00f3n de:\u00bb font_container=\u00bbtag:p|font_size:14|text_align:center\u00bb use_theme_fonts=\u00bbyes\u00bb][vc_single_image image=\u00bb2195&#8243; img_size=\u00bbmedium\u00bb][\/vc_column][vc_column width=\u00bb1\/5&#8243;][\/vc_column][vc_column width=\u00bb1\/5&#8243;][\/vc_column][\/vc_row]<\/p>\n","protected":false},"excerpt":{"rendered":"<p>[vc_row full_width=\u00bbstretch_row_content\u00bb content_placement=\u00bbbottom\u00bb css=\u00bb.vc_custom_1776251854028{margin-top: 50px !important;background-position: center !important;background-repeat: no-repeat !important;background-size: cover !important;}\u00bb el_class=\u00bbcabecera\u00bb][vc_column css=\u00bb.vc_custom_1776071582163{border-top-width: 1px !important;border-top-color: #000000 !important;}\u00bb][vc_single_image image=\u00bb2260&#8243; img_size=\u00bbfull\u00bb alignment=\u00bbcenter\u00bb el_class=\u00bbimg-cabecera\u00bb][\/vc_column][\/vc_row][vc_row][vc_column width=\u00bb1\/4&#8243; css=\u00bb.vc_custom_1776071501776{background-position: center !important;background-repeat: no-repeat !important;background-size: contain !important;}\u00bb][\/vc_column][vc_column width=\u00bb1\/2&#8243;][vc_separator][vc_empty_space height=\u00bb96px\u00bb][vc_column_text] Letras en danza es una propuesta expositiva que pretende explorar la impronta de la danza en los libros y de los libros en&#8230;<\/p>\n","protected":false},"author":14,"featured_media":0,"parent":0,"menu_order":0,"comment_status":"closed","ping_status":"closed","template":"templates\/template-no-title.php","meta":{"footnotes":""},"class_list":["post-2230","page","type-page","status-publish","hentry"],"_links":{"self":[{"href":"https:\/\/www.ull.es\/eventos\/letras-en-danza\/wp-json\/wp\/v2\/pages\/2230"}],"collection":[{"href":"https:\/\/www.ull.es\/eventos\/letras-en-danza\/wp-json\/wp\/v2\/pages"}],"about":[{"href":"https:\/\/www.ull.es\/eventos\/letras-en-danza\/wp-json\/wp\/v2\/types\/page"}],"author":[{"embeddable":true,"href":"https:\/\/www.ull.es\/eventos\/letras-en-danza\/wp-json\/wp\/v2\/users\/14"}],"replies":[{"embeddable":true,"href":"https:\/\/www.ull.es\/eventos\/letras-en-danza\/wp-json\/wp\/v2\/comments?post=2230"}],"version-history":[{"count":4,"href":"https:\/\/www.ull.es\/eventos\/letras-en-danza\/wp-json\/wp\/v2\/pages\/2230\/revisions"}],"predecessor-version":[{"id":2264,"href":"https:\/\/www.ull.es\/eventos\/letras-en-danza\/wp-json\/wp\/v2\/pages\/2230\/revisions\/2264"}],"wp:attachment":[{"href":"https:\/\/www.ull.es\/eventos\/letras-en-danza\/wp-json\/wp\/v2\/media?parent=2230"}],"curies":[{"name":"wp","href":"https:\/\/api.w.org\/{rel}","templated":true}]}}

<p>[vc_row full_width=»stretch_row_content» content_placement=»bottom» css=».vc_custom_1776251854028{margin-top: 50px !important;background-position: center !important;background-repeat: no-repeat !important;background-size: cover !important;}» el_class=»cabecera»][vc_column css=».vc_custom_1776071582163{border-top-width: 1px !important;border-top-color: #000000 !important;}»][vc_single_image image=»2260&#8243; img_size=»full» alignment=»center» el_class=»img-cabecera»][/vc_column][/vc_row][vc_row][vc_column width=»1/4&#8243; css=».vc_custom_1776071501776{background-position: center !important;background-repeat: no-repeat !important;background-size: contain !important;}»][/vc_column][vc_column width=»1/2&#8243;][vc_separator][vc_empty_space height=»96px»][vc_column_text]</p>
<p class="p1"><i>Letras en danza</i> es una propuesta expositiva que pretende explorar la impronta de la danza en los libros y de los libros en la danza. Arte, literatura, pensamiento y ciencia se entretejen para celebrar conjuntamente el Día Internacional del Libro (23 de abril) y el Día Internacional de la Danza (29 de abril) con el fin de reivindicar un arte históricamente obliterado dentro y fuera de la universidad.</p>
<p class="p1">Ya Aristóteles en su <i>Poética</i> (siglo IV a. C.) asociaba la tragedia y su modo de representar las acciones con la danza, subrayando aquellos «metros de movimiento» como el yámbico o el trocaico, que se vinculaban con la coreografía. En la Biblia, también aparece un personaje que ha vertebrado uno de los mitos artísticos más fructíferos, como el de Salomé. En esta línea, han aparecido otras figuraciones como la de Carmen, fundada por Prosper Mérimée en 1847, lo que explica, entre otras razones, la existencia de un emoticono de flamenca en las redes sociales.</p>
<p class="p1">Bailar ha sido una actividad vital en las comunidades del mundo tanto por su condición artística como por operar como espacio de sociabilización y de expresión del yo y del nosotros. De hecho, el poeta bengalí Rabindranath Tagore confiaba en la capacidad de la danza para traspasar las fronteras por su significado abierto, siempre huidizo a interpretaciones unívocas y limitadas. Como la lectura, el baile permite explorar lugares inimaginados, en construcción continua, desde el diálogo de los cuerpos, una cuestión de la que era consciente el ilustrado Voltaire, quien apostilló en su <i>Dictionnaire philosophique</i> (1764, s.v. <i>liberté d’imprimer</i>) la necesidad de dejar leer y dejar bailar porque suponían entretenimientos que no hacían daño al mundo.</p>
<p class="p1">La literatura estuvo intrínsecamente relacionada a la aparición del ballet romántico europeo, con ejemplos paradigmáticos como <i>El diablo cojuelo</i> (1836), inspirada en la obra homónima del dramaturgo áureo Luis Vélez de Guevara; <i>Giselle</i> (1841), basada en un relato de Heinrich Heine; o <i>Coppélia</i> (1870), creada a partir de un cuento de E. T. A. Hoffmann. Era tal la convicción de que las letras se podían poner en movimiento que el escritor francés Théophile Gautier afirmó que el ballet era una «literatura de las piernas».</p>
<p class="p1">En buena medida, la lectura ha sido un motor creativo para la danza. Por ejemplo, Isadora Duncan, una de las grandes bailarinas de la danza moderna, consideraba que sus grandes maestros de baile habían sido Jean-Jacques Rousseau, Friedrich Nietzsche y Walt Whitman. Lo que desconocía Duncan es que sus bailes fueron un estímulo para escritores como H. D., Rubén Darío, Serguéi Yesenin, María (Lejárraga) Martínez Sierra o César Vallejo, como ya había sucedido antes con la influencia de las bailarinas Rosita Mauri y Loie Fuller en los textos de Stéphane Mallarmé o de Polaire y Colette en la escritura de Ramón Gómez de la Serna. Otra gran renovadora de comienzos del siglo xx fue Tórtola Valencia, quien siempre estuvo rodeada de escritores y llegó a justificar sus novedosas propuestas coreográficas bajo el lema «La danza es la poesía del cuerpo», atribuida al poeta Goethe, aunque realmente fue una invención propia.</p>
<p class="p1">Mirar hacia la poesía, dialogar con ella y entenderse desde ese lenguaje abierto y evocador son una constante que continúa reverberando en la actualidad. Como ya advirtiera Cristina Morales en <i>Lectura fácil</i> (2018), la danza nos lleva a reafirmarnos en la consciencia de que hay un lazo indiscutible que nos une a todas: poseer un cuerpo.</p>
<p class="p1">Desde él brota el movimiento de quienes bailan, pero también de quienes reflexionan y construyen el conocimiento, de quienes indagan nuevos caminos para las ciencias y habitan las bibliotecas; porque las bibliotecas, a fin de cuentas, son un cuerpo vivo.</p>
<p>[/vc_column_text][vc_empty_space height=»16px»][/vc_column][vc_column width=»1/4&#8243;][/vc_column][/vc_row][vc_row][vc_column][vc_separator][/vc_column][/vc_row][vc_row][vc_column width=»1/5&#8243;][/vc_column][vc_column width=»1/5&#8243;][/vc_column][vc_column width=»1/5&#8243;][vc_empty_space height=»64px»][vc_custom_heading text=»Con la colaboración de:» font_container=»tag:p|font_size:14|text_align:center» use_theme_fonts=»yes»][vc_single_image image=»2195&#8243; img_size=»medium»][/vc_column][vc_column width=»1/5&#8243;][/vc_column][vc_column width=»1/5&#8243;][/vc_column][/vc_row]</p>
