{"id":2265,"date":"2026-04-15T11:20:08","date_gmt":"2026-04-15T11:20:08","guid":{"rendered":"https:\/\/www.ull.es\/eventos\/letras-en-danza\/?page_id=2265"},"modified":"2026-04-15T11:23:25","modified_gmt":"2026-04-15T11:23:25","slug":"programa","status":"publish","type":"page","link":"https:\/\/www.ull.es\/eventos\/letras-en-danza\/programa\/","title":{"rendered":"Programa"},"content":{"rendered":"<p>[vc_row full_width=\u00bbstretch_row_content\u00bb content_placement=\u00bbbottom\u00bb css=\u00bb.vc_custom_1776251854028{margin-top: 50px !important;background-position: center !important;background-repeat: no-repeat !important;background-size: cover !important;}\u00bb el_class=\u00bbcabecera\u00bb][vc_column css=\u00bb.vc_custom_1776071582163{border-top-width: 1px !important;border-top-color: #000000 !important;}\u00bb][vc_single_image image=\u00bb2260&#8243; img_size=\u00bbfull\u00bb alignment=\u00bbcenter\u00bb el_class=\u00bbimg-cabecera\u00bb][\/vc_column][\/vc_row][vc_row][vc_column width=\u00bb1\/4&#8243; css=\u00bb.vc_custom_1776071501776{background-position: center !important;background-repeat: no-repeat !important;background-size: contain !important;}\u00bb][\/vc_column][vc_column width=\u00bb1\/2&#8243;][vc_separator][vc_empty_space height=\u00bb96px\u00bb][vc_column_text]<\/p>\n<h3><span style=\"font-weight: 400;\">PROGRAMA DE ACTOS D\u00cdA DEL LIBRO <\/span><\/h3>\n<h5><span style=\"font-weight: 400;\">23 de abril de 2026<\/span><\/h5>\n<p>&nbsp;<\/p>\n<p><b>09:00 &#8211; 10:45<\/b><span style=\"font-weight: 400;\"> Micr\u00f3fono abierto. Lectura ininterrumpida de obras por parte del p\u00fablico.<\/span><\/p>\n<p><b>10:30<\/b><span style=\"font-weight: 400;\"> Firma del Acta de aceptaci\u00f3n de la donaci\u00f3n de Alumni ULL a la Biblioteca Universitaria.<\/span><\/p>\n<p><b>11:00 &#8211; 12:30<\/b><span style=\"font-weight: 400;\"> Inauguraci\u00f3n de la exposici\u00f3n bibliogr\u00e1fica <\/span><i><span style=\"font-weight: 400;\">Letras en danza. Una visi\u00f3n performativa de la lectura,<\/span><\/i><span style=\"font-weight: 400;\"> con la actuaci\u00f3n de la bailarina Paula Quintana y la Agrupaci\u00f3n de Teatro de Filolog\u00eda de la ULL. <\/span><span style=\"font-weight: 400;\"><br \/>\n<\/span><\/p>\n<p><b>12.30-13:00<\/b> <span style=\"font-weight: 400;\">Entrega de Premios del <\/span><i><span style=\"font-weight: 400;\">XXI Concurso universitario de Relato breve D\u00eda del libro de la ULL 2025 <\/span><\/i><span style=\"font-weight: 400;\">y lectura del relato ganador de 2024<\/span><i><span style=\"font-weight: 400;\">.<\/span><\/i><\/p>\n<p><b>13:00<\/b> <b>&#8211; 14:00<\/b><span style=\"font-weight: 400;\"> Brindis.<\/span><\/p>\n<p><b>14:00 &#8211; 20:00<\/b><span style=\"font-weight: 400;\"> Micr\u00f3fono abierto. Reanudaci\u00f3n de la lectura.<\/span>[\/vc_column_text][vc_empty_space height=\u00bb16px\u00bb][\/vc_column][vc_column width=\u00bb1\/4&#8243;][\/vc_column][\/vc_row][vc_row][vc_column][vc_separator][\/vc_column][\/vc_row][vc_row][vc_column width=\u00bb1\/5&#8243;][\/vc_column][vc_column width=\u00bb1\/5&#8243;][\/vc_column][vc_column width=\u00bb1\/5&#8243;][vc_empty_space height=\u00bb64px\u00bb][vc_custom_heading text=\u00bbCon la colaboraci\u00f3n de:\u00bb font_container=\u00bbtag:p|font_size:14|text_align:left\u00bb use_theme_fonts=\u00bbyes\u00bb][vc_single_image image=\u00bb2195&#8243; img_size=\u00bb150&#215;26&#8243;][\/vc_column][vc_column width=\u00bb1\/5&#8243;][\/vc_column][vc_column width=\u00bb1\/5&#8243;][\/vc_column][\/vc_row]<\/p>\n","protected":false},"excerpt":{"rendered":"<p>[vc_row full_width=\u00bbstretch_row_content\u00bb content_placement=\u00bbbottom\u00bb css=\u00bb.vc_custom_1776251854028{margin-top: 50px !important;background-position: center !important;background-repeat: no-repeat !important;background-size: cover !important;}\u00bb el_class=\u00bbcabecera\u00bb][vc_column css=\u00bb.vc_custom_1776071582163{border-top-width: 1px !important;border-top-color: #000000 !important;}\u00bb][vc_single_image image=\u00bb2260&#8243; img_size=\u00bbfull\u00bb alignment=\u00bbcenter\u00bb el_class=\u00bbimg-cabecera\u00bb][\/vc_column][\/vc_row][vc_row][vc_column width=\u00bb1\/4&#8243; css=\u00bb.vc_custom_1776071501776{background-position: center !important;background-repeat: no-repeat !important;background-size: contain !important;}\u00bb][\/vc_column][vc_column width=\u00bb1\/2&#8243;][vc_separator][vc_empty_space height=\u00bb96px\u00bb][vc_column_text] PROGRAMA DE ACTOS D\u00cdA DEL LIBRO 23 de abril de 2026 &nbsp; 09:00 &#8211; 10:45 Micr\u00f3fono abierto. Lectura ininterrumpida de obras por parte&#8230;<\/p>\n","protected":false},"author":14,"featured_media":0,"parent":0,"menu_order":0,"comment_status":"closed","ping_status":"closed","template":"templates\/template-no-title.php","meta":{"footnotes":""},"class_list":["post-2265","page","type-page","status-publish","hentry"],"_links":{"self":[{"href":"https:\/\/www.ull.es\/eventos\/letras-en-danza\/wp-json\/wp\/v2\/pages\/2265"}],"collection":[{"href":"https:\/\/www.ull.es\/eventos\/letras-en-danza\/wp-json\/wp\/v2\/pages"}],"about":[{"href":"https:\/\/www.ull.es\/eventos\/letras-en-danza\/wp-json\/wp\/v2\/types\/page"}],"author":[{"embeddable":true,"href":"https:\/\/www.ull.es\/eventos\/letras-en-danza\/wp-json\/wp\/v2\/users\/14"}],"replies":[{"embeddable":true,"href":"https:\/\/www.ull.es\/eventos\/letras-en-danza\/wp-json\/wp\/v2\/comments?post=2265"}],"version-history":[{"count":8,"href":"https:\/\/www.ull.es\/eventos\/letras-en-danza\/wp-json\/wp\/v2\/pages\/2265\/revisions"}],"predecessor-version":[{"id":2273,"href":"https:\/\/www.ull.es\/eventos\/letras-en-danza\/wp-json\/wp\/v2\/pages\/2265\/revisions\/2273"}],"wp:attachment":[{"href":"https:\/\/www.ull.es\/eventos\/letras-en-danza\/wp-json\/wp\/v2\/media?parent=2265"}],"curies":[{"name":"wp","href":"https:\/\/api.w.org\/{rel}","templated":true}]}}

<p>[vc_row full_width=»stretch_row_content» content_placement=»bottom» css=».vc_custom_1776251854028{margin-top: 50px !important;background-position: center !important;background-repeat: no-repeat !important;background-size: cover !important;}» el_class=»cabecera»][vc_column css=».vc_custom_1776071582163{border-top-width: 1px !important;border-top-color: #000000 !important;}»][vc_single_image image=»2260&#8243; img_size=»full» alignment=»center» el_class=»img-cabecera»][/vc_column][/vc_row][vc_row][vc_column width=»1/4&#8243; css=».vc_custom_1776071501776{background-position: center !important;background-repeat: no-repeat !important;background-size: contain !important;}»][/vc_column][vc_column width=»1/2&#8243;][vc_separator][vc_empty_space height=»96px»][vc_column_text]</p>
<h3><span style="font-weight: 400;">PROGRAMA DE ACTOS DÍA DEL LIBRO </span></h3>
<h5><span style="font-weight: 400;">23 de abril de 2026</span></h5>
<p>&nbsp;</p>
<p><b>09:00 &#8211; 10:45</b><span style="font-weight: 400;"> Micrófono abierto. Lectura ininterrumpida de obras por parte del público.</span></p>
<p><b>10:30</b><span style="font-weight: 400;"> Firma del Acta de aceptación de la donación de Alumni ULL a la Biblioteca Universitaria.</span></p>
<p><b>11:00 &#8211; 12:30</b><span style="font-weight: 400;"> Inauguración de la exposición bibliográfica </span><i><span style="font-weight: 400;">Letras en danza. Una visión performativa de la lectura,</span></i><span style="font-weight: 400;"> con la actuación de la bailarina Paula Quintana y la Agrupación de Teatro de Filología de la ULL. </span><span style="font-weight: 400;"><br />
</span></p>
<p><b>12.30-13:00</b> <span style="font-weight: 400;">Entrega de Premios del </span><i><span style="font-weight: 400;">XXI Concurso universitario de Relato breve Día del libro de la ULL 2025 </span></i><span style="font-weight: 400;">y lectura del relato ganador de 2024</span><i><span style="font-weight: 400;">.</span></i></p>
<p><b>13:00</b> <b>&#8211; 14:00</b><span style="font-weight: 400;"> Brindis.</span></p>
<p><b>14:00 &#8211; 20:00</b><span style="font-weight: 400;"> Micrófono abierto. Reanudación de la lectura.</span>[/vc_column_text][vc_empty_space height=»16px»][/vc_column][vc_column width=»1/4&#8243;][/vc_column][/vc_row][vc_row][vc_column][vc_separator][/vc_column][/vc_row][vc_row][vc_column width=»1/5&#8243;][/vc_column][vc_column width=»1/5&#8243;][/vc_column][vc_column width=»1/5&#8243;][vc_empty_space height=»64px»][vc_custom_heading text=»Con la colaboración de:» font_container=»tag:p|font_size:14|text_align:left» use_theme_fonts=»yes»][vc_single_image image=»2195&#8243; img_size=»150&#215;26&#8243;][/vc_column][vc_column width=»1/5&#8243;][/vc_column][vc_column width=»1/5&#8243;][/vc_column][/vc_row]</p>

<p>[vc_row full_width=»stretch_row_content» content_placement=»bottom» css=».vc_custom_1776251854028{margin-top: 50px !important;background-position: center !important;background-repeat: no-repeat !important;background-size: cover !important;}» el_class=»cabecera»][vc_column css=».vc_custom_1776071582163{border-top-width: 1px !important;border-top-color: #000000 !important;}»][vc_single_image image=»2260&#8243; img_size=»full» alignment=»center» el_class=»img-cabecera»][/vc_column][/vc_row][vc_row][vc_column width=»1/4&#8243; css=».vc_custom_1776071501776{background-position: center !important;background-repeat: no-repeat !important;background-size: contain !important;}»][/vc_column][vc_column width=»1/2&#8243;][vc_separator][vc_empty_space height=»96px»][vc_column_text] PROGRAMA DE ACTOS DÍA DEL LIBRO 23 de abril de 2026 &nbsp; 09:00 &#8211; 10:45 Micrófono abierto. Lectura ininterrumpida de obras por parte&#8230;</p>
