{"id":2277,"date":"2026-04-15T11:29:12","date_gmt":"2026-04-15T11:29:12","guid":{"rendered":"https:\/\/www.ull.es\/eventos\/letras-en-danza\/?page_id=2277"},"modified":"2026-04-15T11:29:12","modified_gmt":"2026-04-15T11:29:12","slug":"danza-de-paula-quintana","status":"publish","type":"page","link":"https:\/\/www.ull.es\/eventos\/letras-en-danza\/danza-de-paula-quintana\/","title":{"rendered":"Danza de Paula Quintana"},"content":{"rendered":"<p>[vc_row full_width=\u00bbstretch_row_content\u00bb content_placement=\u00bbbottom\u00bb css=\u00bb.vc_custom_1776251820642{margin-top: 50px !important;background-position: center !important;background-repeat: no-repeat !important;background-size: cover !important;}\u00bb el_class=\u00bbcabecera\u00bb][vc_column css=\u00bb.vc_custom_1776071582163{border-top-width: 1px !important;border-top-color: #000000 !important;}\u00bb][vc_single_image image=\u00bb2259&#8243; img_size=\u00bbfull\u00bb alignment=\u00bbcenter\u00bb el_class=\u00bbimg-cabecera\u00bb][\/vc_column][\/vc_row][vc_row][vc_column width=\u00bb1\/4&#8243; css=\u00bb.vc_custom_1776071501776{background-position: center !important;background-repeat: no-repeat !important;background-size: contain !important;}\u00bb][\/vc_column][vc_column width=\u00bb1\/2&#8243;][vc_separator][vc_empty_space height=\u00bb72px\u00bb][vc_custom_heading source=\u00bbpost_title\u00bb font_container=\u00bbtag:h1|text_align:left|color:%23000000&#8243; google_fonts=\u00bbfont_family:Raleway%3A100%2C200%2C300%2Cregular%2C500%2C600%2C700%2C800%2C900|font_style:300%20light%20regular%3A300%3Anormal\u00bb][vc_empty_space][vc_column_text]<span style=\"font-weight: 400;\">Paula Quintana <\/span><span style=\"font-weight: 400;\">ha explorado a lo largo de su trayectoria, a trav\u00e9s de distintos lenguajes danc\u00edsticos, las relaciones entre diversos \u00e1mbitos del pensamiento, como la ciencia, la ecolog\u00eda, la medicina y la astrof\u00edsica. Con una prol\u00edfica carrera que la ha llevado a representar su obra en Italia, Corea del Sur, Reino Unido, Congo, Uruguay y Estados Unidos, ha obtenido seis candidaturas a los premios Max de Artes Esc\u00e9nicas y el Premio a la Mejor Interpretaci\u00f3n en los galardones R\u00e9plica de las Artes Esc\u00e9nicas (2019), entre otros reconocimientos.\u00a0<\/span><\/p>\n<p><span style=\"font-weight: 400;\">Web de\u00a0 <\/span><a href=\"https:\/\/paulaquintana.com\/\" target=\"_blank\" rel=\"noopener\"><span style=\"font-weight: 400;\">Paula Quintana <\/span><\/a><span style=\"font-weight: 400;\">\u00a0<\/span><\/p>\n<p><span style=\"font-weight: 400;\">Enlaces a sus v\u00eddeos:<br \/>\n<\/span><a href=\"https:\/\/urldefense.com\/v3\/__https:\/\/vimeo.com\/127607995?fl=pl&amp;fe=cm__;!!D9dNQwwGXtA!W2kQ6M1297HWEEG8gDhA4Y2tt8twxxY_1QHD0VQx9wPrLaNrqG_CR8qj2p324v5R3ss6xm6CWrIjPZYpBQ$\" target=\"_blank\" rel=\"noopener\"><span style=\"font-weight: 400;\">https:\/\/vimeo.com\/127607995?fl=pl&amp;fe=cm<\/span><\/a><br \/>\n<a href=\"https:\/\/urldefense.com\/v3\/__https:\/\/vimeo.com\/90121620?fl=pl&amp;fe=cm__;!!D9dNQwwGXtA!W2kQ6M1297HWEEG8gDhA4Y2tt8twxxY_1QHD0VQx9wPrLaNrqG_CR8qj2p324v5R3ss6xm6CWrIJTrMpSw$\" target=\"_blank\" rel=\"noopener\"><span style=\"font-weight: 400;\">https:\/\/vimeo.com\/90121620?fl=pl&amp;fe=cm<\/span><\/a><br \/>\n<a href=\"https:\/\/urldefense.com\/v3\/__https:\/\/vimeo.com\/44728038?fl=pl&amp;fe=cm__;!!D9dNQwwGXtA!W2kQ6M1297HWEEG8gDhA4Y2tt8twxxY_1QHD0VQx9wPrLaNrqG_CR8qj2p324v5R3ss6xm6CWrKzM2Lk4w$\" target=\"_blank\" rel=\"noopener\"><span style=\"font-weight: 400;\">https:\/\/vimeo.com\/44728038?fl=pl&amp;fe=cm<\/span><\/a><br \/>\n<a href=\"https:\/\/urldefense.com\/v3\/__https:\/\/youtu.be\/eeNSLVNKn4c__;!!D9dNQwwGXtA!W2kQ6M1297HWEEG8gDhA4Y2tt8twxxY_1QHD0VQx9wPrLaNrqG_CR8qj2p324v5R3ss6xm6CWrIq3H1o-g$\" target=\"_blank\" rel=\"noopener\"><span style=\"font-weight: 400;\">https:\/\/youtu.be\/eeNSLVNKn4c<\/span><\/a><br \/>\n<a href=\"https:\/\/paulaquintana.com\/\" target=\"_blank\" rel=\"noopener\"><span style=\"font-weight: 400;\">https:\/\/paulaquintana.com\/<\/span><\/a>[\/vc_column_text][vc_empty_space height=\u00bb16px\u00bb][\/vc_column][vc_column width=\u00bb1\/4&#8243;][\/vc_column][\/vc_row][vc_row][vc_column][vc_separator][\/vc_column][\/vc_row][vc_row][vc_column width=\u00bb1\/5&#8243;][\/vc_column][vc_column width=\u00bb1\/5&#8243;][\/vc_column][vc_column width=\u00bb1\/5&#8243;][vc_empty_space height=\u00bb64px\u00bb][vc_custom_heading text=\u00bbCon la colaboraci\u00f3n de:\u00bb font_container=\u00bbtag:p|font_size:14|text_align:left\u00bb use_theme_fonts=\u00bbyes\u00bb][vc_single_image image=\u00bb2195&#8243; img_size=\u00bb150&#215;26&#8243;][\/vc_column][vc_column width=\u00bb1\/5&#8243;][\/vc_column][vc_column width=\u00bb1\/5&#8243;][\/vc_column][\/vc_row]<\/p>\n","protected":false},"excerpt":{"rendered":"<p>[vc_row full_width=\u00bbstretch_row_content\u00bb content_placement=\u00bbbottom\u00bb css=\u00bb.vc_custom_1776251820642{margin-top: 50px !important;background-position: center !important;background-repeat: no-repeat !important;background-size: cover !important;}\u00bb el_class=\u00bbcabecera\u00bb][vc_column css=\u00bb.vc_custom_1776071582163{border-top-width: 1px !important;border-top-color: #000000 !important;}\u00bb][vc_single_image image=\u00bb2259&#8243; img_size=\u00bbfull\u00bb alignment=\u00bbcenter\u00bb el_class=\u00bbimg-cabecera\u00bb][\/vc_column][\/vc_row][vc_row][vc_column width=\u00bb1\/4&#8243; css=\u00bb.vc_custom_1776071501776{background-position: center !important;background-repeat: no-repeat !important;background-size: contain !important;}\u00bb][\/vc_column][vc_column width=\u00bb1\/2&#8243;][vc_separator][vc_empty_space height=\u00bb72px\u00bb][vc_custom_heading source=\u00bbpost_title\u00bb font_container=\u00bbtag:h1|text_align:left|color:%23000000&#8243; google_fonts=\u00bbfont_family:Raleway%3A100%2C200%2C300%2Cregular%2C500%2C600%2C700%2C800%2C900|font_style:300%20light%20regular%3A300%3Anormal\u00bb][vc_empty_space][vc_column_text]Paula Quintana ha explorado a lo largo de su trayectoria, a trav\u00e9s de distintos lenguajes danc\u00edsticos, las relaciones entre diversos \u00e1mbitos&#8230;<\/p>\n","protected":false},"author":14,"featured_media":0,"parent":0,"menu_order":0,"comment_status":"closed","ping_status":"closed","template":"templates\/template-no-title.php","meta":{"footnotes":""},"class_list":["post-2277","page","type-page","status-publish","hentry"],"_links":{"self":[{"href":"https:\/\/www.ull.es\/eventos\/letras-en-danza\/wp-json\/wp\/v2\/pages\/2277"}],"collection":[{"href":"https:\/\/www.ull.es\/eventos\/letras-en-danza\/wp-json\/wp\/v2\/pages"}],"about":[{"href":"https:\/\/www.ull.es\/eventos\/letras-en-danza\/wp-json\/wp\/v2\/types\/page"}],"author":[{"embeddable":true,"href":"https:\/\/www.ull.es\/eventos\/letras-en-danza\/wp-json\/wp\/v2\/users\/14"}],"replies":[{"embeddable":true,"href":"https:\/\/www.ull.es\/eventos\/letras-en-danza\/wp-json\/wp\/v2\/comments?post=2277"}],"version-history":[{"count":2,"href":"https:\/\/www.ull.es\/eventos\/letras-en-danza\/wp-json\/wp\/v2\/pages\/2277\/revisions"}],"predecessor-version":[{"id":2279,"href":"https:\/\/www.ull.es\/eventos\/letras-en-danza\/wp-json\/wp\/v2\/pages\/2277\/revisions\/2279"}],"wp:attachment":[{"href":"https:\/\/www.ull.es\/eventos\/letras-en-danza\/wp-json\/wp\/v2\/media?parent=2277"}],"curies":[{"name":"wp","href":"https:\/\/api.w.org\/{rel}","templated":true}]}}

<p>[vc_row full_width=»stretch_row_content» content_placement=»bottom» css=».vc_custom_1776251820642{margin-top: 50px !important;background-position: center !important;background-repeat: no-repeat !important;background-size: cover !important;}» el_class=»cabecera»][vc_column css=».vc_custom_1776071582163{border-top-width: 1px !important;border-top-color: #000000 !important;}»][vc_single_image image=»2259&#8243; img_size=»full» alignment=»center» el_class=»img-cabecera»][/vc_column][/vc_row][vc_row][vc_column width=»1/4&#8243; css=».vc_custom_1776071501776{background-position: center !important;background-repeat: no-repeat !important;background-size: contain !important;}»][/vc_column][vc_column width=»1/2&#8243;][vc_separator][vc_empty_space height=»72px»][vc_custom_heading source=»post_title» font_container=»tag:h1|text_align:left|color:%23000000&#8243; google_fonts=»font_family:Raleway%3A100%2C200%2C300%2Cregular%2C500%2C600%2C700%2C800%2C900|font_style:300%20light%20regular%3A300%3Anormal»][vc_empty_space][vc_column_text]<span style="font-weight: 400;">Paula Quintana </span><span style="font-weight: 400;">ha explorado a lo largo de su trayectoria, a través de distintos lenguajes dancísticos, las relaciones entre diversos ámbitos del pensamiento, como la ciencia, la ecología, la medicina y la astrofísica. Con una prolífica carrera que la ha llevado a representar su obra en Italia, Corea del Sur, Reino Unido, Congo, Uruguay y Estados Unidos, ha obtenido seis candidaturas a los premios Max de Artes Escénicas y el Premio a la Mejor Interpretación en los galardones Réplica de las Artes Escénicas (2019), entre otros reconocimientos. </span></p>
<p><span style="font-weight: 400;">Web de  </span><a href="https://paulaquintana.com/" target="_blank" rel="noopener"><span style="font-weight: 400;">Paula Quintana </span></a><span style="font-weight: 400;"> </span></p>
<p><span style="font-weight: 400;">Enlaces a sus vídeos:<br />
</span><a href="https://urldefense.com/v3/__https://vimeo.com/127607995?fl=pl&amp;fe=cm__;!!D9dNQwwGXtA!W2kQ6M1297HWEEG8gDhA4Y2tt8twxxY_1QHD0VQx9wPrLaNrqG_CR8qj2p324v5R3ss6xm6CWrIjPZYpBQ$" target="_blank" rel="noopener"><span style="font-weight: 400;">https://vimeo.com/127607995?fl=pl&amp;fe=cm</span></a><br />
<a href="https://urldefense.com/v3/__https://vimeo.com/90121620?fl=pl&amp;fe=cm__;!!D9dNQwwGXtA!W2kQ6M1297HWEEG8gDhA4Y2tt8twxxY_1QHD0VQx9wPrLaNrqG_CR8qj2p324v5R3ss6xm6CWrIJTrMpSw$" target="_blank" rel="noopener"><span style="font-weight: 400;">https://vimeo.com/90121620?fl=pl&amp;fe=cm</span></a><br />
<a href="https://urldefense.com/v3/__https://vimeo.com/44728038?fl=pl&amp;fe=cm__;!!D9dNQwwGXtA!W2kQ6M1297HWEEG8gDhA4Y2tt8twxxY_1QHD0VQx9wPrLaNrqG_CR8qj2p324v5R3ss6xm6CWrKzM2Lk4w$" target="_blank" rel="noopener"><span style="font-weight: 400;">https://vimeo.com/44728038?fl=pl&amp;fe=cm</span></a><br />
<a href="https://urldefense.com/v3/__https://youtu.be/eeNSLVNKn4c__;!!D9dNQwwGXtA!W2kQ6M1297HWEEG8gDhA4Y2tt8twxxY_1QHD0VQx9wPrLaNrqG_CR8qj2p324v5R3ss6xm6CWrIq3H1o-g$" target="_blank" rel="noopener"><span style="font-weight: 400;">https://youtu.be/eeNSLVNKn4c</span></a><br />
<a href="https://paulaquintana.com/" target="_blank" rel="noopener"><span style="font-weight: 400;">https://paulaquintana.com/</span></a>[/vc_column_text][vc_empty_space height=»16px»][/vc_column][vc_column width=»1/4&#8243;][/vc_column][/vc_row][vc_row][vc_column][vc_separator][/vc_column][/vc_row][vc_row][vc_column width=»1/5&#8243;][/vc_column][vc_column width=»1/5&#8243;][/vc_column][vc_column width=»1/5&#8243;][vc_empty_space height=»64px»][vc_custom_heading text=»Con la colaboración de:» font_container=»tag:p|font_size:14|text_align:left» use_theme_fonts=»yes»][vc_single_image image=»2195&#8243; img_size=»150&#215;26&#8243;][/vc_column][vc_column width=»1/5&#8243;][/vc_column][vc_column width=»1/5&#8243;][/vc_column][/vc_row]</p>

<p>[vc_row full_width=»stretch_row_content» content_placement=»bottom» css=».vc_custom_1776251820642{margin-top: 50px !important;background-position: center !important;background-repeat: no-repeat !important;background-size: cover !important;}» el_class=»cabecera»][vc_column css=».vc_custom_1776071582163{border-top-width: 1px !important;border-top-color: #000000 !important;}»][vc_single_image image=»2259&#8243; img_size=»full» alignment=»center» el_class=»img-cabecera»][/vc_column][/vc_row][vc_row][vc_column width=»1/4&#8243; css=».vc_custom_1776071501776{background-position: center !important;background-repeat: no-repeat !important;background-size: contain !important;}»][/vc_column][vc_column width=»1/2&#8243;][vc_separator][vc_empty_space height=»72px»][vc_custom_heading source=»post_title» font_container=»tag:h1|text_align:left|color:%23000000&#8243; google_fonts=»font_family:Raleway%3A100%2C200%2C300%2Cregular%2C500%2C600%2C700%2C800%2C900|font_style:300%20light%20regular%3A300%3Anormal»][vc_empty_space][vc_column_text]Paula Quintana ha explorado a lo largo de su trayectoria, a través de distintos lenguajes dancísticos, las relaciones entre diversos ámbitos&#8230;</p>
