{"id":2281,"date":"2026-04-15T11:33:00","date_gmt":"2026-04-15T11:33:00","guid":{"rendered":"https:\/\/www.ull.es\/eventos\/letras-en-danza\/?page_id=2281"},"modified":"2026-04-30T07:45:50","modified_gmt":"2026-04-30T07:45:50","slug":"creditos","status":"publish","type":"page","link":"https:\/\/www.ull.es\/eventos\/letras-en-danza\/creditos\/","title":{"rendered":"Cr\u00e9ditos"},"content":{"rendered":"<p>[vc_row full_width=\u00bbstretch_row_content\u00bb content_placement=\u00bbbottom\u00bb css=\u00bb.vc_custom_1776251820642{margin-top: 50px !important;background-position: center !important;background-repeat: no-repeat !important;background-size: cover !important;}\u00bb el_class=\u00bbcabecera\u00bb][vc_column css=\u00bb.vc_custom_1776071582163{border-top-width: 1px !important;border-top-color: #000000 !important;}\u00bb][vc_single_image image=\u00bb2258&#8243; img_size=\u00bbfull\u00bb alignment=\u00bbcenter\u00bb el_class=\u00bbimg-cabecera\u00bb][\/vc_column][\/vc_row][vc_row][vc_column width=\u00bb1\/4&#8243; css=\u00bb.vc_custom_1776071501776{background-position: center !important;background-repeat: no-repeat !important;background-size: contain !important;}\u00bb][\/vc_column][vc_column width=\u00bb1\/2&#8243;][vc_separator][vc_empty_space height=\u00bb72px\u00bb][vc_custom_heading source=\u00bbpost_title\u00bb font_container=\u00bbtag:h1|text_align:left|color:%23000000&#8243; google_fonts=\u00bbfont_family:Raleway%3A100%2C200%2C300%2Cregular%2C500%2C600%2C700%2C800%2C900|font_style:300%20light%20regular%3A300%3Anormal\u00bb][vc_empty_space][vc_column_text]<\/p>\n<h3><strong>Comisarios<\/strong><\/h3>\n<p><span style=\"font-weight: 400;\">Ale Coello Hern\u00e1ndez y Alberto Ismael Garc\u00eda Aguilar<\/span><\/p>\n<h3><strong>Equipo de la Biblioteca<\/strong><\/h3>\n<p><span style=\"font-weight: 400;\">Liti Garc\u00eda-Ramos, Sonia Garc\u00eda Y\u00e1nez,\u00a0 Ismael Garc\u00eda, Carmen Lahuerta Hern\u00e1ndez, Francy P\u00e9rez Cabrera, Paqui Rivero, Raquel Rojo y F\u00e1tima Sainz\u00a0<\/span><\/p>\n<h3><strong>Colaboradores<\/strong><\/h3>\n<p><span style=\"font-weight: 400;\">Ana Febles, Gladys Sanabria, Beatriz Est\u00e9vez, Desir\u00e9e Nozal, Francisco Umpi\u00e9rrez, Isidro Pacheco Hern\u00e1ndez.<\/span><\/p>\n<h3>Agradecimientos<\/h3>\n<p>Roberto Garc\u00eda de Mesa<br \/>\nJos\u00e9 Manuel Erbez<br \/>\nElda Mart\u00edn[\/vc_column_text][vc_empty_space height=\u00bb16px\u00bb][\/vc_column][vc_column width=\u00bb1\/4&#8243;][\/vc_column][\/vc_row][vc_row][vc_column][vc_separator][\/vc_column][\/vc_row][vc_row][vc_column width=\u00bb1\/5&#8243;][\/vc_column][vc_column width=\u00bb1\/5&#8243;][\/vc_column][vc_column width=\u00bb1\/5&#8243;][vc_empty_space height=\u00bb64px\u00bb][vc_custom_heading text=\u00bbCon la colaboraci\u00f3n de:\u00bb font_container=\u00bbtag:p|font_size:14|text_align:left\u00bb use_theme_fonts=\u00bbyes\u00bb][vc_single_image image=\u00bb2195&#8243; img_size=\u00bb150&#215;26&#8243;][\/vc_column][vc_column width=\u00bb1\/5&#8243;][\/vc_column][vc_column width=\u00bb1\/5&#8243;][\/vc_column][\/vc_row]<\/p>\n","protected":false},"excerpt":{"rendered":"<p>[vc_row full_width=\u00bbstretch_row_content\u00bb content_placement=\u00bbbottom\u00bb css=\u00bb.vc_custom_1776251820642{margin-top: 50px !important;background-position: center !important;background-repeat: no-repeat !important;background-size: cover !important;}\u00bb el_class=\u00bbcabecera\u00bb][vc_column css=\u00bb.vc_custom_1776071582163{border-top-width: 1px !important;border-top-color: #000000 !important;}\u00bb][vc_single_image image=\u00bb2258&#8243; img_size=\u00bbfull\u00bb alignment=\u00bbcenter\u00bb el_class=\u00bbimg-cabecera\u00bb][\/vc_column][\/vc_row][vc_row][vc_column width=\u00bb1\/4&#8243; css=\u00bb.vc_custom_1776071501776{background-position: center !important;background-repeat: no-repeat !important;background-size: contain !important;}\u00bb][\/vc_column][vc_column width=\u00bb1\/2&#8243;][vc_separator][vc_empty_space height=\u00bb72px\u00bb][vc_custom_heading source=\u00bbpost_title\u00bb font_container=\u00bbtag:h1|text_align:left|color:%23000000&#8243; google_fonts=\u00bbfont_family:Raleway%3A100%2C200%2C300%2Cregular%2C500%2C600%2C700%2C800%2C900|font_style:300%20light%20regular%3A300%3Anormal\u00bb][vc_empty_space][vc_column_text] Comisarios Ale Coello Hern\u00e1ndez y Alberto Ismael Garc\u00eda Aguilar Equipo de la Biblioteca Liti Garc\u00eda-Ramos, Sonia Garc\u00eda Y\u00e1nez,\u00a0 Ismael Garc\u00eda,&#8230;<\/p>\n","protected":false},"author":14,"featured_media":0,"parent":0,"menu_order":0,"comment_status":"closed","ping_status":"closed","template":"templates\/template-no-title.php","meta":{"footnotes":""},"class_list":["post-2281","page","type-page","status-publish","hentry"],"_links":{"self":[{"href":"https:\/\/www.ull.es\/eventos\/letras-en-danza\/wp-json\/wp\/v2\/pages\/2281"}],"collection":[{"href":"https:\/\/www.ull.es\/eventos\/letras-en-danza\/wp-json\/wp\/v2\/pages"}],"about":[{"href":"https:\/\/www.ull.es\/eventos\/letras-en-danza\/wp-json\/wp\/v2\/types\/page"}],"author":[{"embeddable":true,"href":"https:\/\/www.ull.es\/eventos\/letras-en-danza\/wp-json\/wp\/v2\/users\/14"}],"replies":[{"embeddable":true,"href":"https:\/\/www.ull.es\/eventos\/letras-en-danza\/wp-json\/wp\/v2\/comments?post=2281"}],"version-history":[{"count":9,"href":"https:\/\/www.ull.es\/eventos\/letras-en-danza\/wp-json\/wp\/v2\/pages\/2281\/revisions"}],"predecessor-version":[{"id":2309,"href":"https:\/\/www.ull.es\/eventos\/letras-en-danza\/wp-json\/wp\/v2\/pages\/2281\/revisions\/2309"}],"wp:attachment":[{"href":"https:\/\/www.ull.es\/eventos\/letras-en-danza\/wp-json\/wp\/v2\/media?parent=2281"}],"curies":[{"name":"wp","href":"https:\/\/api.w.org\/{rel}","templated":true}]}}

Créditos

<p>[vc_row full_width=»stretch_row_content» content_placement=»bottom» css=».vc_custom_1776251820642{margin-top: 50px !important;background-position: center !important;background-repeat: no-repeat !important;background-size: cover !important;}» el_class=»cabecera»][vc_column css=».vc_custom_1776071582163{border-top-width: 1px !important;border-top-color: #000000 !important;}»][vc_single_image image=»2258&#8243; img_size=»full» alignment=»center» el_class=»img-cabecera»][/vc_column][/vc_row][vc_row][vc_column width=»1/4&#8243; css=».vc_custom_1776071501776{background-position: center !important;background-repeat: no-repeat !important;background-size: contain !important;}»][/vc_column][vc_column width=»1/2&#8243;][vc_separator][vc_empty_space height=»72px»][vc_custom_heading source=»post_title» font_container=»tag:h1|text_align:left|color:%23000000&#8243; google_fonts=»font_family:Raleway%3A100%2C200%2C300%2Cregular%2C500%2C600%2C700%2C800%2C900|font_style:300%20light%20regular%3A300%3Anormal»][vc_empty_space][vc_column_text]</p>
<h3><strong>Comisarios</strong></h3>
<p><span style="font-weight: 400;">Ale Coello Hernández y Alberto Ismael García Aguilar</span></p>
<h3><strong>Equipo de la Biblioteca</strong></h3>
<p><span style="font-weight: 400;">Liti García-Ramos, Sonia García Yánez,  Ismael García, Carmen Lahuerta Hernández, Francy Pérez Cabrera, Paqui Rivero, Raquel Rojo y Fátima Sainz </span></p>
<h3><strong>Colaboradores</strong></h3>
<p><span style="font-weight: 400;">Ana Febles, Gladys Sanabria, Beatriz Estévez, Desirée Nozal, Francisco Umpiérrez, Isidro Pacheco Hernández.</span></p>
<h3>Agradecimientos</h3>
<p>Roberto García de Mesa<br />
José Manuel Erbez<br />
Elda Martín[/vc_column_text][vc_empty_space height=»16px»][/vc_column][vc_column width=»1/4&#8243;][/vc_column][/vc_row][vc_row][vc_column][vc_separator][/vc_column][/vc_row][vc_row][vc_column width=»1/5&#8243;][/vc_column][vc_column width=»1/5&#8243;][/vc_column][vc_column width=»1/5&#8243;][vc_empty_space height=»64px»][vc_custom_heading text=»Con la colaboración de:» font_container=»tag:p|font_size:14|text_align:left» use_theme_fonts=»yes»][vc_single_image image=»2195&#8243; img_size=»150&#215;26&#8243;][/vc_column][vc_column width=»1/5&#8243;][/vc_column][vc_column width=»1/5&#8243;][/vc_column][/vc_row]</p>

<p>[vc_row full_width=»stretch_row_content» content_placement=»bottom» css=».vc_custom_1776251820642{margin-top: 50px !important;background-position: center !important;background-repeat: no-repeat !important;background-size: cover !important;}» el_class=»cabecera»][vc_column css=».vc_custom_1776071582163{border-top-width: 1px !important;border-top-color: #000000 !important;}»][vc_single_image image=»2258&#8243; img_size=»full» alignment=»center» el_class=»img-cabecera»][/vc_column][/vc_row][vc_row][vc_column width=»1/4&#8243; css=».vc_custom_1776071501776{background-position: center !important;background-repeat: no-repeat !important;background-size: contain !important;}»][/vc_column][vc_column width=»1/2&#8243;][vc_separator][vc_empty_space height=»72px»][vc_custom_heading source=»post_title» font_container=»tag:h1|text_align:left|color:%23000000&#8243; google_fonts=»font_family:Raleway%3A100%2C200%2C300%2Cregular%2C500%2C600%2C700%2C800%2C900|font_style:300%20light%20regular%3A300%3Anormal»][vc_empty_space][vc_column_text] Comisarios Ale Coello Hernández y Alberto Ismael García Aguilar Equipo de la Biblioteca Liti García-Ramos, Sonia García Yánez,  Ismael García,&#8230;</p>
