{"id":189,"date":"2020-01-15T15:24:58","date_gmt":"2020-01-15T14:24:58","guid":{"rendered":"http:\/\/www.ull.es\/eventos\/luces-sobre-un-tiempo-en-gris\/?page_id=189"},"modified":"2020-01-15T15:24:58","modified_gmt":"2020-01-15T14:24:58","slug":"audiovisuales","status":"publish","type":"page","link":"https:\/\/www.ull.es\/eventos\/luces-sobre-un-tiempo-en-gris\/audiovisuales\/","title":{"rendered":"AUDIOVISUALES"},"content":{"rendered":"<p>[vc_row][vc_column][vc_column_text]<\/p>\n<h1>AUDIOVISUALES<\/h1>\n<p>[\/vc_column_text][vc_empty_space][vc_separator][vc_column_text]<\/p>\n<div class=\"span6 offset2 texto\">\n<div class=\"row\">\n<div class=\"span6 offset2 texto\">\n<h3><strong>Audios<\/strong><\/h3>\n<p><a href=\"http:\/\/www.rtve.es\/alacarta\/audios\/canarias-mediodia\/canarias-mediodia-aralda-rodriguez-presidenta-asociacion-memoria-historica-palma-encontrado-restos-padre-75-anos-despues-haber-desaparecido\/1543496\/\" target=\"_blank\" rel=\"noopener noreferrer\" target=\"_blank\" rel=\"noopener\">Canarias Mediod\u00eda: Aralda Rodr\u00edguez, presidenta de la Asociaci\u00f3n de la Memoria Hist\u00f3rica de La Palma, ha encontrado los restos de su padre 75 a\u00f1os despu\u00e9s de haber desaparecido.<\/a><\/p>\n<p><a href=\"http:\/\/www.ivoox.com\/guerra-civil-canarias-a-cargo-del-investigador-audios-mp3_rf_1164571_1.html\" target=\"_blank\" rel=\"noopener noreferrer\" target=\"_blank\" rel=\"noopener\">Charla-coloquio \u201cLa represi\u00f3n franquista en Canarias y la Recuperaci\u00f3n de la Memoria Hist\u00f3rica\u201d, a cargo del investigador Pedro Medina Sanabria y el historiador Ramiro Rivas Garc\u00eda, en abril de 2012 en la Sala San Borond\u00f3n<\/a><\/p>\n<p><a href=\"http:\/\/www.fundacionpedrogarciacabrera.com\/descargas\/sobre-pedro-garcia-cabrera\/audios\" target=\"_blank\" rel=\"noopener noreferrer\" target=\"_blank\" rel=\"noopener\">Fundaci\u00f3n Pedro Garc\u00eda Cabrera: audios.<\/a><\/p>\n<hr \/>\n<h3><strong>Videos<\/strong><\/h3>\n<p><a href=\"http:\/\/www.youtube.com\/watch?v=XFUwtsIV8RU\" target=\"_blank\" rel=\"noopener\">\u00abPrisi\u00f3n Militar de Fyffes. El fascismo en Tenerife (1936-1943)\u00bb \/ Conferencia de Ramiro Rivas Garc\u00eda en el Espacio Sociocultural \u00abLa Casa\u00bb (La Orotava), 17 de julio de 2013.<\/a><\/p>\n<p><a href=\"http:\/\/www.youtube.com\/watch?v=uGVxb-70PyA\" target=\"_blank\" rel=\"noopener noreferrer\" target=\"_blank\" rel=\"noopener\">La memoria recobrada. Cap\u00edtulo 3: Huesos<\/a><\/p>\n<p><a href=\"http:\/\/www.youtube.com\/watch?v=OhO9zyciWL0\" target=\"_blank\" rel=\"noopener noreferrer\" target=\"_blank\" rel=\"noopener\">La Memoria Silenciada. Los salones de Fyffes en Tenerife<\/a><\/p>\n<p><a href=\"http:\/\/www.youtube.com\/watch?v=3yENZehi2ZU\" target=\"_blank\" rel=\"noopener noreferrer\" target=\"_blank\" rel=\"noopener\">La Memoria Silenciada. Los Escondidos en la isla de El Hierro<\/a><\/p>\n<p><a href=\"http:\/\/www.youtube.com\/watch?v=kRccmAUZdTE\" target=\"_blank\" rel=\"noopener noreferrer\" target=\"_blank\" rel=\"noopener\">La Memoria Silenciada. El Fogueo en La Gomera<\/a><\/p>\n<p><a href=\"http:\/\/www.youtube.com\/watch?v=D5a69KTZ1eQ\" target=\"_blank\" rel=\"noopener noreferrer\" target=\"_blank\" rel=\"noopener\">La Memoria Silenciada. Sucesos posteriores a la Semana Roja en La Palma<\/a><\/p>\n<p><a href=\"http:\/\/www.youtube.com\/watch?v=hN4klJiK5oU\" target=\"_blank\" rel=\"noopener noreferrer\" target=\"_blank\" rel=\"noopener\">La Memoria Silenciada. Lanzarote: una guerra en el silencio<\/a><\/p>\n<p><a href=\"http:\/\/www.youtube.com\/watch?v=0djUXuM04e8\" target=\"_blank\" rel=\"noopener noreferrer\" target=\"_blank\" rel=\"noopener\">La Memoria Silenciada. El campo de concentraci\u00f3n de Tef\u00eda en Fuerteventura<\/a><\/p>\n<p><a href=\"http:\/\/www.youtube.com\/watch?v=FiIwurh4Sxo\" target=\"_blank\" rel=\"noopener noreferrer\" target=\"_blank\" rel=\"noopener\">La Memoria Silenciada. Los Sucesos de Sardina del Norte en Gran Canaria<\/a><\/p>\n<p><a href=\"http:\/\/www.rtve.es\/filmoteca\/no-do\/not-214\/1467166\/\" target=\"_blank\" rel=\"noopener noreferrer\" target=\"_blank\" rel=\"noopener\">NO-DO. Carrero Blanco en Tenerife 1947<\/a><\/p>\n<p><a href=\"http:\/\/www.rtve.es\/filmoteca\/no-do\/not-409\/1487528\/\" target=\"_blank\" rel=\"noopener noreferrer\" target=\"_blank\" rel=\"noopener\">NO-DO. Franco en Tenerife 1950<\/a><\/p>\n<hr \/>\n<h3><strong>Testimonios personales<\/strong><\/h3>\n<p><a href=\"http:\/\/www.youtube.com\/user\/archivomemoriahistor\" target=\"_blank\" rel=\"noopener noreferrer\" target=\"_blank\" rel=\"noopener\">Archivo Memoria Hist\u00f3rica de Canarias<\/a><\/p>\n<p><a href=\"http:\/\/www.youtube.com\/watch?v=WyM7csD0CEg\" target=\"_blank\" rel=\"noopener noreferrer\" target=\"_blank\" rel=\"noopener\">Eduardo Almenara Zuppo, entrevista realizada por Manuel Almenara Rosales<\/a><\/p>\n<p><a href=\"http:\/\/www.youtube.com\/watch?v=tJQYL6KlK2Y\" target=\"_blank\" rel=\"noopener noreferrer\" target=\"_blank\" rel=\"noopener\">Juan Antonio Espinosa Rodr\u00edguez<\/a><\/p>\n<\/div>\n<div class=\"span4\"><\/div>\n<\/div>\n<\/div>\n<p>[\/vc_column_text][vc_empty_space][vc_separator][\/vc_column][\/vc_row]<\/p>\n","protected":false},"excerpt":{"rendered":"<p>[vc_row][vc_column][vc_column_text] AUDIOVISUALES [\/vc_column_text][vc_empty_space][vc_separator][vc_column_text] Audios Canarias Mediod\u00eda: Aralda Rodr\u00edguez, presidenta de la Asociaci\u00f3n de la Memoria Hist\u00f3rica de La Palma, ha encontrado los restos de su padre 75 a\u00f1os despu\u00e9s de haber desaparecido. Charla-coloquio \u201cLa represi\u00f3n franquista en Canarias y la Recuperaci\u00f3n de la Memoria Hist\u00f3rica\u201d, a cargo del investigador Pedro Medina Sanabria y el historiador&#8230;<\/p>\n","protected":false},"author":14,"featured_media":0,"parent":0,"menu_order":0,"comment_status":"closed","ping_status":"closed","template":"","meta":{"footnotes":""},"class_list":["post-189","page","type-page","status-publish","hentry"],"_links":{"self":[{"href":"https:\/\/www.ull.es\/eventos\/luces-sobre-un-tiempo-en-gris\/wp-json\/wp\/v2\/pages\/189"}],"collection":[{"href":"https:\/\/www.ull.es\/eventos\/luces-sobre-un-tiempo-en-gris\/wp-json\/wp\/v2\/pages"}],"about":[{"href":"https:\/\/www.ull.es\/eventos\/luces-sobre-un-tiempo-en-gris\/wp-json\/wp\/v2\/types\/page"}],"author":[{"embeddable":true,"href":"https:\/\/www.ull.es\/eventos\/luces-sobre-un-tiempo-en-gris\/wp-json\/wp\/v2\/users\/14"}],"replies":[{"embeddable":true,"href":"https:\/\/www.ull.es\/eventos\/luces-sobre-un-tiempo-en-gris\/wp-json\/wp\/v2\/comments?post=189"}],"version-history":[{"count":2,"href":"https:\/\/www.ull.es\/eventos\/luces-sobre-un-tiempo-en-gris\/wp-json\/wp\/v2\/pages\/189\/revisions"}],"predecessor-version":[{"id":191,"href":"https:\/\/www.ull.es\/eventos\/luces-sobre-un-tiempo-en-gris\/wp-json\/wp\/v2\/pages\/189\/revisions\/191"}],"wp:attachment":[{"href":"https:\/\/www.ull.es\/eventos\/luces-sobre-un-tiempo-en-gris\/wp-json\/wp\/v2\/media?parent=189"}],"curies":[{"name":"wp","href":"https:\/\/api.w.org\/{rel}","templated":true}]}}