{"id":56,"date":"2020-06-01T09:37:32","date_gmt":"2020-06-01T09:37:32","guid":{"rendered":"http:\/\/www.ull.es\/eventos\/ods2020\/?page_id=56"},"modified":"2020-06-08T08:09:35","modified_gmt":"2020-06-08T08:09:35","slug":"56-2","status":"publish","type":"page","link":"https:\/\/www.ull.es\/eventos\/ods2020\/56-2\/","title":{"rendered":"Cr\u00e9ditos"},"content":{"rendered":"<p>[vc_row full_width=\u00bbstretch_row_content\u00bb][vc_column width=\u00bb1\/6&#8243;][\/vc_column][vc_column width=\u00bb2\/3&#8243;][vc_column_text]<\/p>\n<h2><span style=\"font-weight: 400\">Equipo organizador<\/span><\/h2>\n<p><b>Cintia Hern\u00e1ndez S\u00e1nchez\u00a0<\/b><\/p>\n<p><span style=\"font-weight: 400\">Profesora del \u00c1rea de Medicina Preventiva y Salud P\u00fablica<\/span><\/p>\n<p>&nbsp;<\/p>\n<p><b>Sara Gonz\u00e1lez P\u00e9rez<\/b><\/p>\n<p><span style=\"font-weight: 400\">Profesora del Departamento de Ingenier\u00eda Industrial<\/span><\/p>\n<p>&nbsp;<\/p>\n<p><b>Javier Hern\u00e1ndez Borges<\/b><\/p>\n<p><span style=\"font-weight: 400\">Profesor del Departamento de Qu\u00edmica<\/span><\/p>\n<p>&nbsp;<\/p>\n<p><b>Javier Gonz\u00e1lez S\u00e1lamo<\/b><\/p>\n<p>Investigador del Programa Agust\u00edn de Betancourt, Departamento de Qu\u00edmica<\/p>\n<h2><span style=\"font-weight: 400\">Fotograf\u00edas<\/span><\/h2>\n<p><span style=\"font-weight: 400\">Carlos Mallo<\/span><\/p>\n<p><span style=\"font-weight: 400\">Laura Vanopdenbosch<\/span><\/p>\n<p><span style=\"font-weight: 400\">Yulian Cordero<\/span><\/p>\n<p><span style=\"font-weight: 400\">Julia Zafra<\/span><\/p>\n<p><span style=\"font-weight: 400\">Coline Munchanin<\/span><\/p>\n<p><span style=\"font-weight: 400\">Isabelle Peeters<\/span><\/p>\n<p><span style=\"font-weight: 400\">Maggie Seida<\/span><\/p>\n<p><span style=\"font-weight: 400\">Alejandra Portero<\/span><\/p>\n<p><span style=\"font-weight: 400\">Berta Felipe<\/span><\/p>\n<h2><span style=\"font-weight: 400\">Colaboran<\/span><\/h2>\n<p><span style=\"font-weight: 400\">ONG INNOCEANA<\/span><span style=\"font-weight: 400\"><br \/>\n<\/span><\/p>\n<p>Innoceana es una organizaci\u00f3n sin \u00e1nimo de lucro formada por ingenieros, bi\u00f3logos y profesionales de distintas disciplinas que trabajan construyendo proyectos de conservaci\u00f3n alrededor del mundo. Su misi\u00f3n es aplicar la innovaci\u00f3n y la tecnolog\u00eda en proyectos que no solo ayuden a entender y conservar el medio marino, sino que tambi\u00e9n involucren a las poblaciones locales para que sean parte de la soluci\u00f3n.<\/p>\n<p>Innoceana tiene uno de sus focos de trabajo en Tenerife, donde lucha por la protecci\u00f3n de los ecosistemas arenosos, y donde promueve la educaci\u00f3n y la concienciaci\u00f3n como apuesta para cambiar la situaci\u00f3n.<\/p>\n<p>&nbsp;<\/p>\n<p><span style=\"font-weight: 400\">Biblioteca de la Universidad de La Laguna <\/span><\/p>\n<h4 style=\"padding-left: 40px\"><span style=\"font-weight: 400\">Documentaci\u00f3n\u00a0<\/span><\/h4>\n<p style=\"padding-left: 40px\"><span style=\"font-weight: 400\">Isabel Mar\u00eda Exp\u00f3sito Pestano<\/span><\/p>\n<p style=\"padding-left: 40px\"><span style=\"font-weight: 400\">Delfina Galv\u00e1n Alonso<\/span><\/p>\n<p style=\"padding-left: 40px\"><span style=\"font-weight: 400\">M\u00aaJes\u00fas Moreno Lorenzo<\/span><\/p>\n<h4 style=\"padding-left: 40px\"><span style=\"font-weight: 400\">Maquetaci\u00f3n y dise\u00f1o<\/span><\/h4>\n<p style=\"padding-left: 40px\"><span style=\"font-weight: 400\">Ismael Garc\u00eda<\/span><\/p>\n<h4 style=\"padding-left: 40px\"><span style=\"font-weight: 400\">Coordinaci\u00f3n<\/span><\/h4>\n<p style=\"padding-left: 40px\"><span style=\"font-weight: 400\">Liti Garc\u00eda-Ramos Medina<\/span><\/p>\n<p style=\"padding-left: 40px\"><span style=\"font-weight: 400\">F\u00e1tima Sainz Sainz<\/span><\/p>\n<p>[\/vc_column_text][vc_empty_space height=\u00bb72px\u00bb][vc_row_inner][vc_column_inner width=\u00bb1\/5&#8243;][vc_single_image image=\u00bb64&#8243; img_size=\u00bb\u00bb alignment=\u00bbcenter\u00bb onclick=\u00bbcustom_link\u00bb img_link_target=\u00bb_blank\u00bb link=\u00bbhttps:\/\/www.facebook.com\/innoceana\/\u00bb][\/vc_column_inner][vc_column_inner width=\u00bb1\/5&#8243;][\/vc_column_inner][vc_column_inner width=\u00bb1\/5&#8243;][vc_single_image image=\u00bb65&#8243; img_size=\u00bb\u00bb alignment=\u00bbcenter\u00bb onclick=\u00bbcustom_link\u00bb link=\u00bbhttp:\/\/jhborges.webs.ull.es\/\u00bb][\/vc_column_inner][vc_column_inner width=\u00bb1\/5&#8243;][\/vc_column_inner][vc_column_inner width=\u00bb1\/5&#8243;][vc_single_image image=\u00bb63&#8243; img_size=\u00bb\u00bb alignment=\u00bbcenter\u00bb onclick=\u00bbcustom_link\u00bb link=\u00bbhttps:\/\/www.ull.es\/portal\/campus-y-sostenibilidad\/\u00bb][\/vc_column_inner][\/vc_row_inner][vc_separator][vc_empty_space][vc_row_inner][vc_column_inner width=\u00bb1\/3&#8243;][\/vc_column_inner][vc_column_inner width=\u00bb1\/3&#8243;][vc_single_image image=\u00bb67&#8243; img_size=\u00bb\u00bb onclick=\u00bbcustom_link\u00bb img_link_target=\u00bb_blank\u00bb link=\u00bbhttps:\/\/www.ull.es\/servicios\/biblioteca\/\u00bb][\/vc_column_inner][vc_column_inner width=\u00bb1\/3&#8243;][\/vc_column_inner][\/vc_row_inner][\/vc_column][vc_column width=\u00bb1\/6&#8243;][\/vc_column][\/vc_row]<\/p>\n","protected":false},"excerpt":{"rendered":"<p>[vc_row full_width=\u00bbstretch_row_content\u00bb][vc_column width=\u00bb1\/6&#8243;][\/vc_column][vc_column width=\u00bb2\/3&#8243;][vc_column_text] Equipo organizador Cintia Hern\u00e1ndez S\u00e1nchez\u00a0 Profesora del \u00c1rea de Medicina Preventiva y Salud P\u00fablica &nbsp; Sara Gonz\u00e1lez P\u00e9rez Profesora del Departamento de Ingenier\u00eda Industrial &nbsp; Javier Hern\u00e1ndez Borges Profesor del Departamento de Qu\u00edmica &nbsp; Javier Gonz\u00e1lez S\u00e1lamo Investigador del Programa Agust\u00edn de Betancourt, Departamento de Qu\u00edmica Fotograf\u00edas Carlos Mallo Laura Vanopdenbosch&#8230;<\/p>\n","protected":false},"author":14,"featured_media":0,"parent":0,"menu_order":0,"comment_status":"closed","ping_status":"closed","template":"templates\/template-no-hero.php","meta":{"footnotes":""},"class_list":["post-56","page","type-page","status-publish","hentry"],"_links":{"self":[{"href":"https:\/\/www.ull.es\/eventos\/ods2020\/wp-json\/wp\/v2\/pages\/56"}],"collection":[{"href":"https:\/\/www.ull.es\/eventos\/ods2020\/wp-json\/wp\/v2\/pages"}],"about":[{"href":"https:\/\/www.ull.es\/eventos\/ods2020\/wp-json\/wp\/v2\/types\/page"}],"author":[{"embeddable":true,"href":"https:\/\/www.ull.es\/eventos\/ods2020\/wp-json\/wp\/v2\/users\/14"}],"replies":[{"embeddable":true,"href":"https:\/\/www.ull.es\/eventos\/ods2020\/wp-json\/wp\/v2\/comments?post=56"}],"version-history":[{"count":30,"href":"https:\/\/www.ull.es\/eventos\/ods2020\/wp-json\/wp\/v2\/pages\/56\/revisions"}],"predecessor-version":[{"id":464,"href":"https:\/\/www.ull.es\/eventos\/ods2020\/wp-json\/wp\/v2\/pages\/56\/revisions\/464"}],"wp:attachment":[{"href":"https:\/\/www.ull.es\/eventos\/ods2020\/wp-json\/wp\/v2\/media?parent=56"}],"curies":[{"name":"wp","href":"https:\/\/api.w.org\/{rel}","templated":true}]}}