{"id":92,"date":"2020-12-04T12:39:57","date_gmt":"2020-12-04T12:39:57","guid":{"rendered":"http:\/\/www.ull.es\/eventos\/volcanes-de-papel\/?page_id=92"},"modified":"2021-05-06T13:02:52","modified_gmt":"2021-05-06T13:02:52","slug":"causas-de-los-volcanes","status":"publish","type":"page","link":"https:\/\/www.ull.es\/eventos\/volcanes-de-papel\/causas-de-los-volcanes\/","title":{"rendered":"Causas de los volcanes"},"content":{"rendered":"<p>[vc_row][vc_column][vc_empty_space][\/vc_column][\/vc_row][vc_row equal_height=\u00bbyes\u00bb content_placement=\u00bbbottom\u00bb][vc_column width=\u00bb1\/3&#8243;][vc_row_inner][vc_column_inner][vc_empty_space height=\u00bb12px\u00bb][vc_single_image image=\u00bb72&#8243; img_size=\u00bb72px\u00bb onclick=\u00bbcustom_link\u00bb link=\u00bbhttps:\/\/www.ull.es\/eventos\/volcanes-de-papel\/\u00bb][\/vc_column_inner][\/vc_row_inner][vc_separator color=\u00bbblack\u00bb][\/vc_column][vc_column width=\u00bb2\/3&#8243;][vc_row_inner][vc_column_inner width=\u00bb1\/2&#8243;][vc_custom_heading source=\u00bbpost_title\u00bb font_container=\u00bbtag:h1|font_size:2.8em|text_align:left|color:%230a0a0a|line_height:100%25&#8243; google_fonts=\u00bbfont_family:Vollkorn%3Aregular%2Citalic%2C700%2C700italic|font_style:400%20regular%3A400%3Anormal\u00bb][vc_separator color=\u00bbblack\u00bb][\/vc_column_inner][vc_column_inner width=\u00bb1\/2&#8243;][\/vc_column_inner][\/vc_row_inner][\/vc_column][\/vc_row][vc_row][vc_column width=\u00bb1\/3&#8243; css=\u00bb.vc_custom_1607079009573{padding-right: 30px !important;}\u00bb][vc_empty_space][\/vc_column][vc_column width=\u00bb2\/3&#8243;][vc_empty_space][vc_custom_heading text=\u00bbLas ideas de Arist\u00f3teles, junto a otros textos cl\u00e1sicos complementarios de Plinio, Lucrecio, Dioni y Alberto Magno, perduraron en el tiempo y fueron usados como referencias de modo permanente hasta mediados del siglo XVIII. En Canarias, por ejemplo, Torriani recuerda en el siglo XVI lo \u00abaprendido de los fil\u00f3sofos\u00bb y \u00abla agitaci\u00f3n de los vientos subterr\u00e1neos\u00bb.\u00bb font_container=\u00bbtag:h3|text_align:left|color:%230a0a0a\u00bb google_fonts=\u00bbfont_family:Vollkorn%3Aregular%2Citalic%2C700%2C700italic|font_style:400%20italic%3A400%3Aitalic\u00bb][vc_empty_space][vc_media_grid element_width=\u00bb6&#8243; grid_id=\u00bbvc_gid:1620306133876-f18a08f7-6ed0-1&#8243; include=\u00bb155,156&#8243;][vc_empty_space][vc_column_text]Las nuevas aportaciones sobre la naturaleza de los cronistas de Indias y de los misioneros filipinos fueron capaces de introducir en Europa la constataci\u00f3n de la generalidad de los procesos volc\u00e1nicos, con nuevos ejemplos de volcanes activos, nuevas observaciones y un af\u00e1n por reinterpretar las causas, materias, geograf\u00edas, dinamismos, formas y significados de las monta\u00f1as ign\u00edvomas.<\/p>\n<p>A partir de las ideas de Descartes y Athanasius Kircher, los volcanes fueron explicados como resultado de la existencia del fuego del interior de la\u00a0 tierra:<\/p>\n<blockquote>\n<blockquote><p><em>Que en las v\u00edsceras de la Tierra existen abismos enormes llenos de fuego, lo demuestra la existencia de los montes de Vulcano, cuyo fuego&#8230; tiene sus oficinas en las m\u00e1s profundas v\u00edsceras de la Tierra, sirviendo los montes como respiradero del holl\u00edn superfluo y para desahogar la fuerza de los calores internos&#8230;<\/em><\/p>\n<blockquote><p>Athanasius Kircher<em>. Mundus subterraneus<\/em>.<\/p>\n<p>&nbsp;<\/p><\/blockquote>\n<\/blockquote>\n<\/blockquote>\n<p>Estas teor\u00edas marcaron un proceso intelectual y cient\u00edfico de interpretaci\u00f3n global del volcanismo y sus causas que se prolongar\u00e1n durante toda la historia moderna hasta la discusi\u00f3n, ya en el s. XVIII, sobre el origen volc\u00e1nico o sedimentario del basalto, con las primeras nociones modernas acerca del volcanismo.<\/p>\n<p>Todo el progreso posterior en la ciencia de los volcanes, hasta llegar a la moderna concepci\u00f3n din\u00e1mica global del planeta, arranca de estos primeros pasos.[\/vc_column_text][vc_separator color=\u00bbblack\u00bb][\/vc_column][\/vc_row]<\/p>\n","protected":false},"excerpt":{"rendered":"<p>[vc_row][vc_column][vc_empty_space][\/vc_column][\/vc_row][vc_row equal_height=\u00bbyes\u00bb content_placement=\u00bbbottom\u00bb][vc_column width=\u00bb1\/3&#8243;][vc_row_inner][vc_column_inner][vc_empty_space height=\u00bb12px\u00bb][vc_single_image image=\u00bb72&#8243; img_size=\u00bb72px\u00bb onclick=\u00bbcustom_link\u00bb link=\u00bbhttps:\/\/www.ull.es\/eventos\/volcanes-de-papel\/\u00bb][\/vc_column_inner][\/vc_row_inner][vc_separator color=\u00bbblack\u00bb][\/vc_column][vc_column width=\u00bb2\/3&#8243;][vc_row_inner][vc_column_inner width=\u00bb1\/2&#8243;][vc_custom_heading source=\u00bbpost_title\u00bb font_container=\u00bbtag:h1|font_size:2.8em|text_align:left|color:%230a0a0a|line_height:100%25&#8243; google_fonts=\u00bbfont_family:Vollkorn%3Aregular%2Citalic%2C700%2C700italic|font_style:400%20regular%3A400%3Anormal\u00bb][vc_separator color=\u00bbblack\u00bb][\/vc_column_inner][vc_column_inner width=\u00bb1\/2&#8243;][\/vc_column_inner][\/vc_row_inner][\/vc_column][\/vc_row][vc_row][vc_column width=\u00bb1\/3&#8243; css=\u00bb.vc_custom_1607079009573{padding-right: 30px !important;}\u00bb][vc_empty_space][\/vc_column][vc_column width=\u00bb2\/3&#8243;][vc_empty_space][vc_custom_heading text=\u00bbLas ideas de Arist\u00f3teles, junto a otros textos cl\u00e1sicos complementarios de Plinio, Lucrecio, Dioni y Alberto Magno, perduraron en el tiempo y fueron usados como referencias de modo permanente hasta mediados del siglo&#8230;<\/p>\n","protected":false},"author":14,"featured_media":0,"parent":0,"menu_order":0,"comment_status":"closed","ping_status":"closed","template":"templates\/template-no-title.php","meta":{"footnotes":""},"class_list":["post-92","page","type-page","status-publish","hentry"],"_links":{"self":[{"href":"https:\/\/www.ull.es\/eventos\/volcanes-de-papel\/wp-json\/wp\/v2\/pages\/92"}],"collection":[{"href":"https:\/\/www.ull.es\/eventos\/volcanes-de-papel\/wp-json\/wp\/v2\/pages"}],"about":[{"href":"https:\/\/www.ull.es\/eventos\/volcanes-de-papel\/wp-json\/wp\/v2\/types\/page"}],"author":[{"embeddable":true,"href":"https:\/\/www.ull.es\/eventos\/volcanes-de-papel\/wp-json\/wp\/v2\/users\/14"}],"replies":[{"embeddable":true,"href":"https:\/\/www.ull.es\/eventos\/volcanes-de-papel\/wp-json\/wp\/v2\/comments?post=92"}],"version-history":[{"count":5,"href":"https:\/\/www.ull.es\/eventos\/volcanes-de-papel\/wp-json\/wp\/v2\/pages\/92\/revisions"}],"predecessor-version":[{"id":167,"href":"https:\/\/www.ull.es\/eventos\/volcanes-de-papel\/wp-json\/wp\/v2\/pages\/92\/revisions\/167"}],"wp:attachment":[{"href":"https:\/\/www.ull.es\/eventos\/volcanes-de-papel\/wp-json\/wp\/v2\/media?parent=92"}],"curies":[{"name":"wp","href":"https:\/\/api.w.org\/{rel}","templated":true}]}}