{"id":39,"date":"2018-03-15T10:05:24","date_gmt":"2018-03-15T10:05:24","guid":{"rendered":"http:\/\/www.ull.es\/formacion-permanente\/master-universitario-asesoria-fiscal-contable\/?page_id=39"},"modified":"2025-08-13T10:30:24","modified_gmt":"2025-08-13T10:30:24","slug":"trabajo-fin-de-titulacion","status":"publish","type":"page","link":"https:\/\/www.ull.es\/formacion-permanente\/diploma-de-experto-en-neurociencia-afectiva-y-psicologica-clinica\/fr\/trabajo-fin-de-titulacion\/","title":{"rendered":"Projet de fin d&#039;\u00e9tudes"},"content":{"rendered":"\n<div class=\"wp-block-stackable-columns alignfull stk-block-columns stk-block stk-8657999\" data-block-id=\"8657999\"><style>.stk-8657999 {padding-bottom:0px !important;margin-top:-30px !important;margin-bottom:0px !important;}@media screen and (max-width: 767px){.stk-8657999 {margin-top:-10% !important;}}<\/style><div class=\"stk-row stk-inner-blocks stk-block-content stk-content-align stk-8657999-column alignfull\">\n<div class=\"wp-block-stackable-column stk-block-column stk-column stk-block stk-914f03e\" data-v=\"4\" data-block-id=\"914f03e\"><div class=\"stk-column-wrapper stk-block-column__content stk-container stk-914f03e-container stk--no-background stk--no-padding\"><div class=\"stk-block-content stk-inner-blocks stk-914f03e-inner-blocks\"><style id=\"depicter-2-inline-pre-css\">\n\n.depicter-2:not(.depicter-ready){\n\theight:450px;\n}\n\n\/***** Tablet *****\/\n@media screen and (max-width: 1024px){\n\n.depicter-2:not(.depicter-ready){\n\theight:700px;\n}\n\n}\n\/***** Mobile *****\/\n@media screen and (max-width: 767px){\n\n.depicter-2:not(.depicter-ready){\n\theight:450px;\n}\n\n}\n<\/style>\n<div id=\"depicter-2\" class=\"depicter depicter-document depicter-revert depicter-2 depicter-layout-fullwidth\">\n\n<div class=\"depicter-loading-container depicter-loading dotFlashing-dark\"><div class=\"depicter-loading-dark depicter-dot-flashing\">\n   <span><\/span>\n   <span><\/span>\n   <span><\/span>\n<\/div>\n<\/div>\n<div id=\"depicter-2-section-1\" class=\"depicter-section depicter-2-section-1\" data-name=\"Section 1\" data-type=\"section\" data-local-id=\"section-1\">\n<picture class=\"depicter-bg\">\n<source data-depicter-srcset=\"https:\/\/www.ull.es\/formacion-permanente\/diploma-de-experto-en-neurociencia-afectiva-y-psicologica-clinica\/wp-content\/uploads\/sites\/75\/2025\/08\/@PeXi17483868-768x432.jpg, https:\/\/www.ull.es\/formacion-permanente\/diploma-de-experto-en-neurociencia-afectiva-y-psicologica-clinica\/wp-content\/uploads\/sites\/75\/2025\/08\/@PeXi17483868.jpg 2x\" srcset=\"data:image\/gif;base64,R0lGODlhAQABAIAAAAAAAP\/\/\/yH5BAEAAAAALAAAAAABAAEAAAIBRAA7\" media=\"(max-width: 1024px)\" \/>\n\n<source data-depicter-srcset=\"https:\/\/www.ull.es\/formacion-permanente\/diploma-de-experto-en-neurociencia-afectiva-y-psicologica-clinica\/wp-content\/uploads\/sites\/75\/2025\/08\/@PeXi17483868.jpg, https:\/\/www.ull.es\/formacion-permanente\/diploma-de-experto-en-neurociencia-afectiva-y-psicologica-clinica\/wp-content\/uploads\/sites\/75\/2025\/08\/@PeXi17483868-1920x1080.jpg 2x\" srcset=\"data:image\/gif;base64,R0lGODlhAQABAIAAAAAAAP\/\/\/yH5BAEAAAAALAAAAAABAAEAAAIBRAA7\" media=\"(min-width: 1025px)\" \/>\n<img decoding=\"async\" src=\"data:image\/gif;base64,R0lGODlhAQABAIAAAAAAAP\/\/\/yH5BAEAAAAALAAAAAABAAEAAAIBRAA7\" data-ken-burns=\"false\" data-tablet-ken-burns=\"false\" data-mobile-ken-burns=\"false\" alt=\"\" data-depicter-src=\"https:\/\/www.ull.es\/formacion-permanente\/diploma-de-experto-en-neurociencia-afectiva-y-psicologica-clinica\/wp-content\/uploads\/sites\/75\/2025\/08\/@PeXi17483868.jpg\" data-object-fit=\"custom,custom,\" data-object-position=\"center top,,\" data-crop=\"{'focalPoint':{'x':0.5,'y':0.5},'mediaSize':{'width':1200,'height':675}}\" data-tablet-crop=\"{'focalPoint':{'x':0.5,'y':0.5},'mediaSize':{'width':1244.4444444444443433894775807857513427734375,'height':700}}\" data-mobile-crop=\"{'focalPoint':{'x':0.5,'y':0.5},'mediaSize':{'width':800,'height':450}}\" \/>\n<\/picture>\n\n\n<h1 id=\"depicter-2-element-5\" class=\"depicter-element depicter-layer depicter-2-element-5\" data-type=\"text\" data-wrap=\"true\" data-name=\"Text 2\" data-local-id=\"element-5\" data-offset=\"x:0px;y:118px;origin:tl\" data-tablet-offset=\"x:189px;y:206px;origin:tl\" data-mobile-offset=\"x:-2px;y:171px;origin:tl\" data-width=\"1060px,646px,376px\" data-height=\"auto,auto,auto\" data-responsive-scale=\"true,,\">Diploma de Experto\/a en Neurociencia Afectiva y Psicolog\u00eda Cl\u00ednica<br><\/h1>\n\n<div id=\"depicter-2-element-10\" class=\"depicter-element depicter-layer depicter-2-element-10\" data-type=\"shape\" data-wrap=\"true\" data-name=\"Shape 1\" data-local-id=\"element-10\" data-offset=\"x:0px;y:366px;origin:tl\" data-tablet-offset=\"x:189px;y:506px;origin:tl\" data-mobile-offset=\"x:0px;y:313px;origin:tl\" data-width=\"968px,647px,360px\" data-height=\"8px,8px,8px\" data-responsive-scale=\"true,,\"><\/div>\n<\/div>\n<\/div>\n<script>\n(window.depicterSetups = window.depicterSetups || []).push(function(){\n\tDepicter.basePath = 'https:\/\/www.ull.es\/formacion-permanente\/diploma-de-experto-en-neurociencia-afectiva-y-psicologica-clinica\/wp-content\/plugins\/depicter\/resources\/scripts\/player\/';\n\tconst dpPlayer = Depicter.setup('.depicter-2',\n\t\t{\"width\":[\"1200\",\"1024\",\"360\"],\"height\":[\"450\",\"700\",\"450\"],\"view\":\"basic\",\"keepAspectRatio\":true,\"preload\":0,\"layout\":\"fullwidth\",\"rtl\":false,\"initAfterAppear\":false,\"ajaxApiUrl\":\"https:\\\/\\\/www.ull.es\\\/formacion-permanente\\\/diploma-de-experto-en-neurociencia-afectiva-y-psicologica-clinica\\\/wp-admin\\\/admin-ajax.php\",\"mouseSwipe\":true,\"touchSwipe\":true,\"useWatermark\":false}\n\t);\n});\n<\/script><\/div><\/div><\/div>\n<\/div><\/div>\n\n\n\n<div class=\"wp-block-stackable-columns alignfull stk-block-columns stk--hide-mobile stk-block stk-ceecbdc stk-block-background\" data-block-id=\"ceecbdc\"><style>.stk-ceecbdc {background-color:#e2be27 !important;padding-top:65px !important;padding-right:0px !important;padding-bottom:2px !important;padding-left:0px !important;margin-top:-20px !important;margin-bottom:0px !important;}.stk-ceecbdc:before{background-color:#e2be27 !important;}<\/style><div class=\"stk-row stk-inner-blocks stk-block-content stk-content-align stk-ceecbdc-column alignfull\">\n<div class=\"wp-block-stackable-column stk-block-column stk-column stk-block stk-fc60a5d\" data-v=\"4\" data-block-id=\"fc60a5d\"><div class=\"stk-column-wrapper stk-block-column__content stk-container stk-fc60a5d-container stk--no-background stk--no-padding\"><div class=\"stk-block-content stk-inner-blocks stk-fc60a5d-inner-blocks\">\n<div class=\"wp-block-stackable-spacer stk-block-spacer stk--no-padding stk-block stk-a3a8a68\" data-block-id=\"a3a8a68\"><style>.stk-a3a8a68 {height:0px !important;}<\/style><\/div>\n<\/div><\/div><\/div>\n<\/div><\/div>\n\n\n\n<div class=\"wp-block-stackable-columns stk-block-columns stk-block stk-8b59b96\" data-block-id=\"8b59b96\"><style>.stk-8b59b96 .stk--block-align-8b59b96{align-items:flex-start !important;}.stk-8b59b96 {margin-top:50px !important;}.stk-8b59b96-column{--stk-columns-spacing:0px !important;--stk-column-gap:50px !important;}@media screen and (max-width: 767px){.stk-8b59b96-column{row-gap:var(--stk--preset--spacing--60, 2.25rem) !important;}}<\/style><div class=\"stk-row stk-inner-blocks stk--block-align-8b59b96 stk-block-content stk-content-align stk-8b59b96-column\">\n<div class=\"wp-block-stackable-column stk-block-column stk-column stk-block stk-dbb7e15\" data-v=\"4\" data-block-id=\"dbb7e15\"><style>@media screen and (min-width: 768px){.stk-dbb7e15 {flex:var(--stk-flex-grow, 1) 1 66.7% !important;}}<\/style><div class=\"stk-column-wrapper stk-block-column__content stk-container stk-dbb7e15-container stk--no-background stk--no-padding\"><div class=\"stk-block-content stk-inner-blocks stk-dbb7e15-inner-blocks\">\n<div class=\"wp-block-stackable-heading stk-block-heading stk-block-heading--v2 stk-block stk-fc6338c\" id=\"trabajo-fin-de-titulacion\" data-block-id=\"fc6338c\"><style>.stk-fc6338c .stk-block-heading__text{color:#000000 !important;}<\/style><h1 class=\"stk-block-heading__text has-text-color\">Trabajo fin de titulaci\u00f3n<\/h1><\/div>\n\n\n\n<div class=\"wp-block-stackable-text stk-block-text stk-block stk-0182701\" data-block-id=\"0182701\"><p class=\"stk-block-text__text\">Una vez que el alumno haya alcanzado la madurez necesaria en su formaci\u00f3n tanto del modelo contable como del Ordenamiento Tributario Espa\u00f1ol debe realizar un Trabajo Fin de M\u00e1ster. El per\u00edodo comprendido para su desarrollo ser\u00e1 entre mayo y&nbsp;septiembre.<\/p><\/div>\n\n\n\n<p>Puede obtener m\u00e1s informaci\u00f3n en la&nbsp;<a href=\"https:\/\/drive.google.com\/file\/d\/1P33K975hQRn_mA3zkFFoplVEOOvssoWb\/view\" target=\"_blank\" rel=\"noreferrer noopener\" target=\"_blank\" rel=\"noopener\">gu\u00eda de la asignatura.<\/a><\/p>\n<\/div><\/div><\/div>\n\n\n\n<div class=\"wp-block-stackable-column stk-block-column stk-column stk-block stk-53ec762\" data-v=\"4\" data-block-id=\"53ec762\"><style>.stk-53ec762-inner-blocks{row-gap:0px !important;}.stk-53ec762 {padding-top:0px !important;padding-right:0px !important;padding-bottom:0px !important;padding-left:0px !important;margin-top:1.75% !important;}@media screen and (min-width: 768px){.stk-53ec762 {flex:var(--stk-flex-grow, 1) 1 33.3% !important;}}<\/style><div class=\"stk-column-wrapper stk-block-column__content stk-container stk-53ec762-container stk--no-background stk--no-padding\"><div class=\"stk-block-content stk-inner-blocks stk-53ec762-inner-blocks\">\n<ul class=\"widget-box\">\n<li class='contacto-header'>Informaci\u00f3n de contacto<\/li><li><i class=\"fa fa-map-marker\"><\/i> Avenida  Astrof\u00edsico Francisco S\u00e1nchez, s\/n. Edificio Calabaza. 38200 San Crist\u00f3bal de La Laguna<\/li><li><i class=\"fa fa-phone\"><\/i> (+34) 922 31 79 00 \/ 95 38<\/li><li><i class=\"fa fa-envelope\"><\/i>  <a href=mailto:tpropios@ull.es>tpropios@ull.es<\/a><\/li>\n<\/ul>\n\n\n\n\n\n<div class=\"wp-block-stackable-spacer stk-block-spacer stk--no-padding stk-block stk-6d33d0e\" data-block-id=\"6d33d0e\"><style>.stk-6d33d0e {height:25px !important;}<\/style><\/div>\n<\/div><\/div><\/div>\n<\/div><\/div>\n","protected":false},"excerpt":{"rendered":"<p>Projet de fin d&#039;\u00e9tudes\u00a0: Une fois le niveau de compr\u00e9hension requis atteint en mati\u00e8re de mod\u00e8le comptable et de syst\u00e8me fiscal espagnol, les \u00e9tudiants doivent r\u00e9diger un m\u00e9moire de master. Ce m\u00e9moire se d\u00e9roule entre mai et septembre. Pour plus d&#039;informations, veuillez consulter le guide du cours.<\/p>","protected":false},"author":1,"featured_media":0,"parent":0,"menu_order":0,"comment_status":"closed","ping_status":"closed","template":"templates\/template-frontpage.php","meta":{"footnotes":""},"class_list":["post-39","page","type-page","status-publish","hentry"],"_links":{"self":[{"href":"https:\/\/www.ull.es\/formacion-permanente\/diploma-de-experto-en-neurociencia-afectiva-y-psicologica-clinica\/fr\/wp-json\/wp\/v2\/pages\/39","targetHints":{"allow":["GET"]}}],"collection":[{"href":"https:\/\/www.ull.es\/formacion-permanente\/diploma-de-experto-en-neurociencia-afectiva-y-psicologica-clinica\/fr\/wp-json\/wp\/v2\/pages"}],"about":[{"href":"https:\/\/www.ull.es\/formacion-permanente\/diploma-de-experto-en-neurociencia-afectiva-y-psicologica-clinica\/fr\/wp-json\/wp\/v2\/types\/page"}],"author":[{"embeddable":true,"href":"https:\/\/www.ull.es\/formacion-permanente\/diploma-de-experto-en-neurociencia-afectiva-y-psicologica-clinica\/fr\/wp-json\/wp\/v2\/users\/1"}],"replies":[{"embeddable":true,"href":"https:\/\/www.ull.es\/formacion-permanente\/diploma-de-experto-en-neurociencia-afectiva-y-psicologica-clinica\/fr\/wp-json\/wp\/v2\/comments?post=39"}],"version-history":[{"count":6,"href":"https:\/\/www.ull.es\/formacion-permanente\/diploma-de-experto-en-neurociencia-afectiva-y-psicologica-clinica\/fr\/wp-json\/wp\/v2\/pages\/39\/revisions"}],"predecessor-version":[{"id":463,"href":"https:\/\/www.ull.es\/formacion-permanente\/diploma-de-experto-en-neurociencia-afectiva-y-psicologica-clinica\/fr\/wp-json\/wp\/v2\/pages\/39\/revisions\/463"}],"wp:attachment":[{"href":"https:\/\/www.ull.es\/formacion-permanente\/diploma-de-experto-en-neurociencia-afectiva-y-psicologica-clinica\/fr\/wp-json\/wp\/v2\/media?parent=39"}],"curies":[{"name":"wp","href":"https:\/\/api.w.org\/{rel}","templated":true}]}}

Projet de fin d&#039;études

<div class="wp-block-stackable-columns alignfull stk-block-columns stk-block stk-8657999" data-block-id="8657999"><style>.stk-8657999 {padding-bottom:0px !important;margin-top:-30px !important;margin-bottom:0px !important;}@media screen and (max-width: 767px){.stk-8657999 {margin-top:-10% !important;}}</style><div class="stk-row stk-inner-blocks stk-block-content stk-content-align stk-8657999-column alignfull">
<div class="wp-block-stackable-column stk-block-column stk-column stk-block stk-914f03e" data-v="4" data-block-id="914f03e"><div class="stk-column-wrapper stk-block-column__content stk-container stk-914f03e-container stk--no-background stk--no-padding"><div class="stk-block-content stk-inner-blocks stk-914f03e-inner-blocks"><style id="depicter-2-inline-pre-css">

.depicter-2:not(.depicter-ready){
	height:450px;
}

/***** Tablet *****/
@media screen and (max-width: 1024px){

.depicter-2:not(.depicter-ready){
	height:700px;
}

}
/***** Mobile *****/
@media screen and (max-width: 767px){

.depicter-2:not(.depicter-ready){
	height:450px;
}

}
</style>
<div id="depicter-2" class="depicter depicter-document depicter-revert depicter-2 depicter-layout-fullwidth">

<div class="depicter-loading-container depicter-loading dotFlashing-dark"><div class="depicter-loading-dark depicter-dot-flashing">
   <span></span>
   <span></span>
   <span></span>
</div>
</div>
<div id="depicter-2-section-1" class="depicter-section depicter-2-section-1" data-name="Section 1" data-type="section" data-local-id="section-1">
<picture class="depicter-bg">
<source data-depicter-srcset="https://www.ull.es/formacion-permanente/diploma-de-experto-en-neurociencia-afectiva-y-psicologica-clinica/wp-content/uploads/sites/75/2025/08/@PeXi17483868-768x432.jpg, https://www.ull.es/formacion-permanente/diploma-de-experto-en-neurociencia-afectiva-y-psicologica-clinica/wp-content/uploads/sites/75/2025/08/@PeXi17483868.jpg 2x" srcset="data:image/gif;base64,R0lGODlhAQABAIAAAAAAAP///yH5BAEAAAAALAAAAAABAAEAAAIBRAA7" media="(max-width: 1024px)" />

<source data-depicter-srcset="https://www.ull.es/formacion-permanente/diploma-de-experto-en-neurociencia-afectiva-y-psicologica-clinica/wp-content/uploads/sites/75/2025/08/@PeXi17483868.jpg, https://www.ull.es/formacion-permanente/diploma-de-experto-en-neurociencia-afectiva-y-psicologica-clinica/wp-content/uploads/sites/75/2025/08/@PeXi17483868-1920x1080.jpg 2x" srcset="data:image/gif;base64,R0lGODlhAQABAIAAAAAAAP///yH5BAEAAAAALAAAAAABAAEAAAIBRAA7" media="(min-width: 1025px)" />
<img decoding="async" src="data:image/gif;base64,R0lGODlhAQABAIAAAAAAAP///yH5BAEAAAAALAAAAAABAAEAAAIBRAA7" data-ken-burns="false" data-tablet-ken-burns="false" data-mobile-ken-burns="false" alt="" data-depicter-src="https://www.ull.es/formacion-permanente/diploma-de-experto-en-neurociencia-afectiva-y-psicologica-clinica/wp-content/uploads/sites/75/2025/08/@PeXi17483868.jpg" data-object-fit="custom,custom," data-object-position="center top,," data-crop="{'focalPoint':{'x':0.5,'y':0.5},'mediaSize':{'width':1200,'height':675}}" data-tablet-crop="{'focalPoint':{'x':0.5,'y':0.5},'mediaSize':{'width':1244.4444444444443433894775807857513427734375,'height':700}}" data-mobile-crop="{'focalPoint':{'x':0.5,'y':0.5},'mediaSize':{'width':800,'height':450}}" />
</picture>


<h1 id="depicter-2-element-5" class="depicter-element depicter-layer depicter-2-element-5" data-type="text" data-wrap="true" data-name="Text 2" data-local-id="element-5" data-offset="x:0px;y:118px;origin:tl" data-tablet-offset="x:189px;y:206px;origin:tl" data-mobile-offset="x:-2px;y:171px;origin:tl" data-width="1060px,646px,376px" data-height="auto,auto,auto" data-responsive-scale="true,,">Diploma de Experto/a en Neurociencia Afectiva y Psicología Clínica<br></h1>

<div id="depicter-2-element-10" class="depicter-element depicter-layer depicter-2-element-10" data-type="shape" data-wrap="true" data-name="Shape 1" data-local-id="element-10" data-offset="x:0px;y:366px;origin:tl" data-tablet-offset="x:189px;y:506px;origin:tl" data-mobile-offset="x:0px;y:313px;origin:tl" data-width="968px,647px,360px" data-height="8px,8px,8px" data-responsive-scale="true,,"></div>
</div>
</div>
<script>
(window.depicterSetups = window.depicterSetups || []).push(function(){
	Depicter.basePath = 'https://www.ull.es/formacion-permanente/diploma-de-experto-en-neurociencia-afectiva-y-psicologica-clinica/wp-content/plugins/depicter/resources/scripts/player/';
	const dpPlayer = Depicter.setup('.depicter-2',
		{"width":["1200","1024","360"],"height":["450","700","450"],"view":"basic","keepAspectRatio":true,"preload":0,"layout":"fullwidth","rtl":false,"initAfterAppear":false,"ajaxApiUrl":"https:\/\/www.ull.es\/formacion-permanente\/diploma-de-experto-en-neurociencia-afectiva-y-psicologica-clinica\/wp-admin\/admin-ajax.php","mouseSwipe":true,"touchSwipe":true,"useWatermark":false}
	);
});
</script></div></div></div>
</div></div>



<div class="wp-block-stackable-columns alignfull stk-block-columns stk--hide-mobile stk-block stk-ceecbdc stk-block-background" data-block-id="ceecbdc"><style>.stk-ceecbdc {background-color:#e2be27 !important;padding-top:65px !important;padding-right:0px !important;padding-bottom:2px !important;padding-left:0px !important;margin-top:-20px !important;margin-bottom:0px !important;}.stk-ceecbdc:before{background-color:#e2be27 !important;}</style><div class="stk-row stk-inner-blocks stk-block-content stk-content-align stk-ceecbdc-column alignfull">
<div class="wp-block-stackable-column stk-block-column stk-column stk-block stk-fc60a5d" data-v="4" data-block-id="fc60a5d"><div class="stk-column-wrapper stk-block-column__content stk-container stk-fc60a5d-container stk--no-background stk--no-padding"><div class="stk-block-content stk-inner-blocks stk-fc60a5d-inner-blocks">
<div class="wp-block-stackable-spacer stk-block-spacer stk--no-padding stk-block stk-a3a8a68" data-block-id="a3a8a68"><style>.stk-a3a8a68 {height:0px !important;}</style></div>
</div></div></div>
</div></div>



<div class="wp-block-stackable-columns stk-block-columns stk-block stk-8b59b96" data-block-id="8b59b96"><style>.stk-8b59b96 .stk--block-align-8b59b96{align-items:flex-start !important;}.stk-8b59b96 {margin-top:50px !important;}.stk-8b59b96-column{--stk-columns-spacing:0px !important;--stk-column-gap:50px !important;}@media screen and (max-width: 767px){.stk-8b59b96-column{row-gap:var(--stk--preset--spacing--60, 2.25rem) !important;}}</style><div class="stk-row stk-inner-blocks stk--block-align-8b59b96 stk-block-content stk-content-align stk-8b59b96-column">
<div class="wp-block-stackable-column stk-block-column stk-column stk-block stk-dbb7e15" data-v="4" data-block-id="dbb7e15"><style>@media screen and (min-width: 768px){.stk-dbb7e15 {flex:var(--stk-flex-grow, 1) 1 66.7% !important;}}</style><div class="stk-column-wrapper stk-block-column__content stk-container stk-dbb7e15-container stk--no-background stk--no-padding"><div class="stk-block-content stk-inner-blocks stk-dbb7e15-inner-blocks">
<div class="wp-block-stackable-heading stk-block-heading stk-block-heading--v2 stk-block stk-fc6338c" id="trabajo-fin-de-titulacion" data-block-id="fc6338c"><style>.stk-fc6338c .stk-block-heading__text{color:#000000 !important;}</style><h1 class="stk-block-heading__text has-text-color">Trabajo fin de titulación</h1></div>



<div class="wp-block-stackable-text stk-block-text stk-block stk-0182701" data-block-id="0182701"><p class="stk-block-text__text">Una vez que el alumno haya alcanzado la madurez necesaria en su formación tanto del modelo contable como del Ordenamiento Tributario Español debe realizar un Trabajo Fin de Máster. El período comprendido para su desarrollo será entre mayo y&nbsp;septiembre.</p></div>



<p>Puede obtener más información en la&nbsp;<a href="https://drive.google.com/file/d/1P33K975hQRn_mA3zkFFoplVEOOvssoWb/view" target="_blank" rel="noreferrer noopener" target="_blank" rel="noopener">guía de la asignatura.</a></p>
</div></div></div>



<div class="wp-block-stackable-column stk-block-column stk-column stk-block stk-53ec762" data-v="4" data-block-id="53ec762"><style>.stk-53ec762-inner-blocks{row-gap:0px !important;}.stk-53ec762 {padding-top:0px !important;padding-right:0px !important;padding-bottom:0px !important;padding-left:0px !important;margin-top:1.75% !important;}@media screen and (min-width: 768px){.stk-53ec762 {flex:var(--stk-flex-grow, 1) 1 33.3% !important;}}</style><div class="stk-column-wrapper stk-block-column__content stk-container stk-53ec762-container stk--no-background stk--no-padding"><div class="stk-block-content stk-inner-blocks stk-53ec762-inner-blocks">
<ul class="widget-box">
<li class='contacto-header'>Información de contacto</li><li><i class="fa fa-map-marker"></i> Avenida  Astrofísico Francisco Sánchez, s/n. Edificio Calabaza. 38200 San Cristóbal de La Laguna</li><li><i class="fa fa-phone"></i> (+34) 922 31 79 00 / 95 38</li><li><i class="fa fa-envelope"></i>  <a href=mailto:tpropios@ull.es>tpropios@ull.es</a></li>
</ul>





<div class="wp-block-stackable-spacer stk-block-spacer stk--no-padding stk-block stk-6d33d0e" data-block-id="6d33d0e"><style>.stk-6d33d0e {height:25px !important;}</style></div>
</div></div></div>
</div></div>

<p>Projet de fin d&#039;études : Une fois le niveau de compréhension requis atteint en matière de modèle comptable et de système fiscal espagnol, les étudiants doivent rédiger un mémoire de master. Ce mémoire se déroule entre mai et septembre. Pour plus d&#039;informations, veuillez consulter le guide du cours.</p>
