{"id":43,"date":"2019-02-28T13:06:59","date_gmt":"2019-02-28T12:06:59","guid":{"rendered":"http:\/\/www.ull.es\/formacion-permanente\/diploma-gastronomia\/?page_id=43"},"modified":"2025-08-18T12:36:46","modified_gmt":"2025-08-18T10:36:46","slug":"guias-docentes","status":"publish","type":"page","link":"https:\/\/www.ull.es\/formacion-permanente\/experto-universitario-movilidad-inteligente\/guias-docentes\/","title":{"rendered":"Gu\u00edas docentes"},"content":{"rendered":"\n<div class=\"wp-block-stackable-columns alignfull stk-block-columns stk-block stk-8657999\" data-block-id=\"8657999\"><style>.stk-8657999 {padding-bottom:0px !important;margin-top:-30px !important;margin-bottom:0px !important;}@media screen and (max-width: 767px){.stk-8657999 {margin-top:-10% !important;}}<\/style><div class=\"stk-row stk-inner-blocks stk-block-content stk-content-align stk-8657999-column alignfull\">\n<div class=\"wp-block-stackable-column stk-block-column stk-column stk-block stk-914f03e\" data-v=\"4\" data-block-id=\"914f03e\"><div class=\"stk-column-wrapper stk-block-column__content stk-container stk-914f03e-container stk--no-background stk--no-padding\"><div class=\"stk-block-content stk-inner-blocks stk-914f03e-inner-blocks\"><style id=\"depicter-2-inline-pre-css\">\n\n.depicter-2:not(.depicter-ready){\n\theight:450px;\n}\n\n\/***** Tablet *****\/\n@media screen and (max-width: 1024px){\n\n.depicter-2:not(.depicter-ready){\n\theight:700px;\n}\n\n}\n\/***** Mobile *****\/\n@media screen and (max-width: 767px){\n\n.depicter-2:not(.depicter-ready){\n\theight:450px;\n}\n\n}\n<\/style>\n<div id=\"depicter-2\" class=\"depicter depicter-document depicter-revert depicter-2 depicter-layout-fullwidth\">\n\n<div class=\"depicter-loading-container depicter-loading dotFlashing-dark\"><div class=\"depicter-loading-dark depicter-dot-flashing\">\n   <span><\/span>\n   <span><\/span>\n   <span><\/span>\n<\/div>\n<\/div>\n<div id=\"depicter-2-section-1\" class=\"depicter-section depicter-2-section-1\" data-name=\"Section 1\" data-type=\"section\" data-local-id=\"section-1\">\n<picture class=\"depicter-bg\">\n<source data-depicter-srcset=\"https:\/\/www.ull.es\/formacion-permanente\/experto-universitario-movilidad-inteligente\/wp-content\/uploads\/sites\/31\/2025\/08\/@UnSi_0iV9LmPDn0-768x432.jpg, https:\/\/www.ull.es\/formacion-permanente\/experto-universitario-movilidad-inteligente\/wp-content\/uploads\/sites\/31\/2025\/08\/@UnSi_0iV9LmPDn0.jpg 2x\" srcset=\"data:image\/gif;base64,R0lGODlhAQABAIAAAAAAAP\/\/\/yH5BAEAAAAALAAAAAABAAEAAAIBRAA7\" media=\"(max-width: 1024px)\" \/>\n\n<source data-depicter-srcset=\"https:\/\/www.ull.es\/formacion-permanente\/experto-universitario-movilidad-inteligente\/wp-content\/uploads\/sites\/31\/2025\/08\/@UnSi_0iV9LmPDn0.jpg, https:\/\/www.ull.es\/formacion-permanente\/experto-universitario-movilidad-inteligente\/wp-content\/uploads\/sites\/31\/2025\/08\/@UnSi_0iV9LmPDn0-1920x1080.jpg 2x\" srcset=\"data:image\/gif;base64,R0lGODlhAQABAIAAAAAAAP\/\/\/yH5BAEAAAAALAAAAAABAAEAAAIBRAA7\" media=\"(min-width: 1025px)\" \/>\n<img decoding=\"async\" src=\"data:image\/gif;base64,R0lGODlhAQABAIAAAAAAAP\/\/\/yH5BAEAAAAALAAAAAABAAEAAAIBRAA7\" data-ken-burns=\"false\" data-tablet-ken-burns=\"false\" data-mobile-ken-burns=\"false\" alt=\"\" data-depicter-src=\"https:\/\/www.ull.es\/formacion-permanente\/experto-universitario-movilidad-inteligente\/wp-content\/uploads\/sites\/31\/2025\/08\/@UnSi_0iV9LmPDn0.jpg\" data-object-fit=\"custom,custom,\" data-object-position=\"center top,,\" data-crop=\"{'focalPoint':{'x':0.5,'y':0.5},'mediaSize':{'width':1200,'height':675}}\" data-tablet-crop=\"{'focalPoint':{'x':0.5,'y':0.5},'mediaSize':{'width':1244.4444444444443433894775807857513427734375,'height':700}}\" data-mobile-crop=\"{'focalPoint':{'x':0.5,'y':0.5},'mediaSize':{'width':800,'height':450}}\" \/>\n<\/picture>\n\n\n<h1 id=\"depicter-2-element-5\" class=\"depicter-element depicter-layer depicter-2-element-5\" data-type=\"text\" data-wrap=\"true\" data-name=\"Text 2\" data-local-id=\"element-5\" data-offset=\"x:0px;y:165px;origin:tl\" data-tablet-offset=\"x:189px;y:206px;origin:tl\" data-mobile-offset=\"x:-2px;y:171px;origin:tl\" data-width=\"1060px,646px,376px\" data-height=\"auto,auto,auto\" data-responsive-scale=\"true,,\">Experto Universitario en Movilidad Inteligente<br><\/h1>\n\n<div id=\"depicter-2-element-10\" class=\"depicter-element depicter-layer depicter-2-element-10\" data-type=\"shape\" data-wrap=\"true\" data-name=\"Shape 1\" data-local-id=\"element-10\" data-offset=\"x:0px;y:341px;origin:tl\" data-tablet-offset=\"x:189px;y:506px;origin:tl\" data-mobile-offset=\"x:0px;y:313px;origin:tl\" data-width=\"968px,647px,360px\" data-height=\"8px,8px,8px\" data-responsive-scale=\"true,,\"><\/div>\n<\/div>\n<\/div>\n<script>\n(window.depicterSetups = window.depicterSetups || []).push(function(){\n\tDepicter.basePath = 'https:\/\/www.ull.es\/formacion-permanente\/experto-universitario-movilidad-inteligente\/wp-content\/plugins\/depicter\/resources\/scripts\/player\/';\n\tconst dpPlayer = Depicter.setup('.depicter-2',\n\t\t{\"width\":[\"1200\",\"1024\",\"360\"],\"height\":[\"450\",\"700\",\"450\"],\"view\":\"basic\",\"keepAspectRatio\":true,\"preload\":0,\"layout\":\"fullwidth\",\"rtl\":false,\"initAfterAppear\":false,\"ajaxApiUrl\":\"https:\\\/\\\/www.ull.es\\\/formacion-permanente\\\/experto-universitario-movilidad-inteligente\\\/wp-admin\\\/admin-ajax.php\",\"mouseSwipe\":true,\"touchSwipe\":true,\"useWatermark\":false}\n\t);\n});\n<\/script><\/div><\/div><\/div>\n<\/div><\/div>\n\n\n\n<div class=\"wp-block-stackable-columns alignfull stk-block-columns stk--hide-mobile stk-block stk-ceecbdc stk-block-background\" data-block-id=\"ceecbdc\"><style>.stk-ceecbdc {background-color:#e2be27 !important;padding-top:65px !important;padding-right:0px !important;padding-bottom:2px !important;padding-left:0px !important;margin-top:-20px !important;margin-bottom:0px !important;}.stk-ceecbdc:before{background-color:#e2be27 !important;}<\/style><div class=\"stk-row stk-inner-blocks stk-block-content stk-content-align stk-ceecbdc-column alignfull\">\n<div class=\"wp-block-stackable-column stk-block-column stk-column stk-block stk-fc60a5d\" data-v=\"4\" data-block-id=\"fc60a5d\"><div class=\"stk-column-wrapper stk-block-column__content stk-container stk-fc60a5d-container stk--no-background stk--no-padding\"><div class=\"stk-block-content stk-inner-blocks stk-fc60a5d-inner-blocks\">\n<div class=\"wp-block-stackable-spacer stk-block-spacer stk--no-padding stk-block stk-a3a8a68\" data-block-id=\"a3a8a68\"><style>.stk-a3a8a68 {height:0px !important;}<\/style><\/div>\n<\/div><\/div><\/div>\n<\/div><\/div>\n\n\n\n<div class=\"wp-block-stackable-columns stk-block-columns stk-block stk-8b59b96\" data-block-id=\"8b59b96\"><style>.stk-8b59b96 .stk--block-align-8b59b96{align-items:flex-start !important;}.stk-8b59b96 {margin-top:50px !important;}.stk-8b59b96-column{--stk-columns-spacing:0px !important;--stk-column-gap:50px !important;}@media screen and (max-width: 767px){.stk-8b59b96-column{row-gap:var(--stk--preset--spacing--60, 2.25rem) !important;}}<\/style><div class=\"stk-row stk-inner-blocks stk--block-align-8b59b96 stk-block-content stk-content-align stk-8b59b96-column\">\n<div class=\"wp-block-stackable-column stk-block-column stk-column stk-block stk-dbb7e15\" data-v=\"4\" data-block-id=\"dbb7e15\"><style>@media screen and (min-width: 768px){.stk-dbb7e15 {flex:var(--stk-flex-grow, 1) 1 66.7% !important;}}<\/style><div class=\"stk-column-wrapper stk-block-column__content stk-container stk-dbb7e15-container stk--no-background stk--no-padding\"><div class=\"stk-block-content stk-inner-blocks stk-dbb7e15-inner-blocks\">\n<div class=\"wp-block-stackable-heading stk-block-heading stk-block-heading--v2 stk-block stk-fc6338c\" id=\"estructura-del-plan-de-estudios\" data-block-id=\"fc6338c\"><style>.stk-fc6338c .stk-block-heading__text{color:#000000 !important;}<\/style><h1 class=\"stk-block-heading__text has-text-color\">Estructura del plan de estudios<\/h1><\/div>\n\n\n\n<p>Este T\u00edtulo Propio de&nbsp;<strong>M\u00e1ster propio<\/strong>&nbsp;forma parte de una estructura modular que se vincula con otros tres t\u00edtulos propios de posgrado de nivel de Expertos Universitarios, denominados&nbsp;<strong>\u201cExperto en Gesti\u00f3n Integral de la Cadena de Suministro\u201d, \u201cExperto en Sistemas Inteligentes de Transporte\u201d y \u201cExperto en Movilidad Inteligente\u201d<\/strong>.<\/p>\n\n\n\n<p>Esta estructura favorece que los alumnos puedan optar por dos estrategias a la hora de afrontar sus estudios de m\u00e1ster, pudiendo bien matricularse en el m\u00e1ster desde el inicio del curso, o accediendo al m\u00e1ster tras cursar alguno (o todos) los expertos relacionados anteriormente. Por ejemplo, un alumno que hubiera logrado los tres t\u00edtulos propios de experto, siempre que cumpla con los requisitos necesarios para acceder al m\u00e1ster, podr\u00e1 matricularse con el fin de realizar \u00fanicamente la asignatura de Trabajo Fin de M\u00e1ster y obtener el t\u00edtulo de M\u00e1ster propio en Transporte, Log\u00edstica y Movilidad<\/p>\n\n\n\n<div class=\"wp-block-stackable-image stk-block-image stk-block stk-e6601c7\" data-block-id=\"e6601c7\"><figure><span class=\"stk-img-wrapper stk-image--shape-stretch\"><img loading=\"lazy\" decoding=\"async\" class=\"stk-img wp-image-261\" src=\"https:\/\/www.ull.es\/formacion-permanente\/experto-universitario-movilidad-inteligente\/wp-content\/uploads\/sites\/31\/2025\/08\/Esquema-de-la-estructura-modular-de-la-formacion-1.png\" width=\"573\" height=\"211\" srcset=\"https:\/\/www.ull.es\/formacion-permanente\/experto-universitario-movilidad-inteligente\/wp-content\/uploads\/sites\/31\/2025\/08\/Esquema-de-la-estructura-modular-de-la-formacion-1.png 573w, https:\/\/www.ull.es\/formacion-permanente\/experto-universitario-movilidad-inteligente\/wp-content\/uploads\/sites\/31\/2025\/08\/Esquema-de-la-estructura-modular-de-la-formacion-1-300x110.png 300w, https:\/\/www.ull.es\/formacion-permanente\/experto-universitario-movilidad-inteligente\/wp-content\/uploads\/sites\/31\/2025\/08\/Esquema-de-la-estructura-modular-de-la-formacion-1-18x7.png 18w, https:\/\/www.ull.es\/formacion-permanente\/experto-universitario-movilidad-inteligente\/wp-content\/uploads\/sites\/31\/2025\/08\/Esquema-de-la-estructura-modular-de-la-formacion-1-200x74.png 200w, https:\/\/www.ull.es\/formacion-permanente\/experto-universitario-movilidad-inteligente\/wp-content\/uploads\/sites\/31\/2025\/08\/Esquema-de-la-estructura-modular-de-la-formacion-1-375x138.png 375w\" sizes=\"auto, (max-width: 573px) 100vw, 573px\" \/><\/span><\/figure><\/div>\n\n\n\n<p>El&nbsp;<strong>M\u00e1ster propio en Transporte, Log\u00edstica y Movilidad,<\/strong>&nbsp;tanto las y los tres t\u00edtulos de expertos mencionados anteriormente, comparten un bloque de asignaturas comunes:<\/p>\n\n\n\n<ul class=\"wp-block-list\">\n<li><a href=\"https:\/\/drive.google.com\/file\/d\/1QaKKz2ZUEQH-GeWv5AhA6GslqOpUJd1D\/view\" target=\"_blank\" rel=\"noreferrer noopener\" target=\"_blank\" rel=\"noopener\">Log\u00edstica y Gesti\u00f3n de la Cadena de Suministro (5 ECTS)<\/a><\/li>\n\n\n\n<li><a href=\"https:\/\/drive.google.com\/file\/d\/1YAhKn6eKZR-Xe_A0wsHwUFQyDvNgq_M-\/view\" target=\"_blank\" rel=\"noreferrer noopener\" target=\"_blank\" rel=\"noopener\">Tecnolog\u00edas aplicadas a la movilidad y al transporte (4 ECTS)<\/a><\/li>\n\n\n\n<li><a href=\"https:\/\/drive.google.com\/file\/d\/1acYtgBs53_lKDCAnROOYN15qlQCYS-kP\/view\" target=\"_blank\" rel=\"noreferrer noopener\" target=\"_blank\" rel=\"noopener\">Transporte y servicios log\u00edsticos en la econom\u00eda digital (4 ECTS)<\/a><\/li>\n\n\n\n<li><a href=\"https:\/\/drive.google.com\/file\/d\/1c_FLXwpOOGSwnuiF7g93NoGzpWq1mWT5\/view\" target=\"_blank\" rel=\"noreferrer noopener\" target=\"_blank\" rel=\"noopener\">Econom\u00eda del Transporte (5 ECTS)<\/a><\/li>\n<\/ul>\n\n\n\n<p>Estas asignaturas deber\u00e1n ser cursadas por cualquier alumno o alumna que curse tanto el M\u00e1ster en Transporte, Log\u00edstica y Movilidad como alguno de los Expertos Universitarios de manera independiente.<\/p>\n\n\n\n<p>Todo ello est\u00e1 pensado para otorgar coherencia y unidad a las distintas titulaciones que se relacionan con este M\u00e1ster. La existencia de m\u00f3dulos comunes facilitar\u00e1 el tr\u00e1nsito entre los Expertos Universitarios, tanto como entre \u00e9stos y el M\u00e1ster, siempre y cuando se produzca una re-edici\u00f3n de estas titulaciones en condiciones similares o no sufra modificaciones curriculares significativas. En cualquier caso, los cr\u00e9ditos comunes entre los distintos planes de estudios ser\u00e1n reconocidos, en el tr\u00e1nsito de unas titulaciones a otras.<\/p>\n\n\n\n<p>Adem\u00e1s de estas cuatro asignaturas obligatorias comunes, que suman 18 cr\u00e9ditos ECTS, el M\u00e1ster propio en Transporte, Log\u00edstica y Movilidad consta de otros tres m\u00f3dulos, compuestos de otras cuatro asignaturas obligatorias espec\u00edficas.<\/p>\n\n\n\n<p>El&nbsp;<strong>M\u00f3dulo en Gesti\u00f3n Integral de la Cadena de Suministro<\/strong>&nbsp;est\u00e1 formado por las siguientes asignaturas espec\u00edficas, tambi\u00e9n obligatorias:<\/p>\n\n\n\n<ul class=\"wp-block-list\">\n<li><a href=\"https:\/\/drive.google.com\/file\/d\/1NxDsRHyptQGFu0P6Pe6jZihUOAPX1VwI\/view\" target=\"_blank\" rel=\"noreferrer noopener\" target=\"_blank\" rel=\"noopener\">Modelos de gesti\u00f3n log\u00edstica (3 cr\u00e9ditos ECTS)<\/a><\/li>\n\n\n\n<li><a href=\"https:\/\/drive.google.com\/file\/d\/1pWUke14MFE1OhixGhZuuY2epDDSvW6j2\/view\" target=\"_blank\" rel=\"noreferrer noopener\" target=\"_blank\" rel=\"noopener\">Transporte a\u00e9reo y gesti\u00f3n aeroportuaria (3 cr\u00e9ditos ECTS)<\/a><\/li>\n\n\n\n<li><a href=\"https:\/\/drive.google.com\/file\/d\/1-mkvfhLjzc9nnJH4-OURJ7ivll75ajRh\/view\" target=\"_blank\" rel=\"noreferrer noopener\" target=\"_blank\" rel=\"noopener\">Transporte mar\u00edtimo y gesti\u00f3n portuaria (3 cr\u00e9ditos ECTS)<\/a><\/li>\n\n\n\n<li><a href=\"https:\/\/drive.google.com\/file\/d\/1-nRO31DP5_wHAf09LIBLLPBNECIy6KVX\/view\" target=\"_blank\" rel=\"noreferrer noopener\" target=\"_blank\" rel=\"noopener\">Transporte intermodal e internacional (3 cr\u00e9ditos ECTS)<\/a><\/li>\n<\/ul>\n\n\n\n<p>El&nbsp;<strong>M\u00f3dulo en Sistemas Inteligentes de Transporte&nbsp;<\/strong>est\u00e1 formado por las siguientes asignaturas espec\u00edficas, tambi\u00e9n obligatorias:<\/p>\n\n\n\n<ul class=\"wp-block-list\">\n<li><a href=\"https:\/\/drive.google.com\/file\/d\/1aiaXUPBVC8ydaZeKA3FPMaE1LlwU6JMO\/view\" target=\"_blank\" rel=\"noreferrer noopener\" target=\"_blank\" rel=\"noopener\">Aplicaciones de los Sistemas de Inteligentes de Transporte (3 cr\u00e9ditos ECTS)<\/a><\/li>\n\n\n\n<li><a href=\"https:\/\/drive.google.com\/file\/d\/17S-rZuH6XbrtHxMntV7bh8n_Q4jJTw0F\/view\" target=\"_blank\" rel=\"noreferrer noopener\" target=\"_blank\" rel=\"noopener\">Herramientas de optimizaci\u00f3n y soporte a las decisiones (3 cr\u00e9ditos ECTS)<\/a><\/li>\n\n\n\n<li><a href=\"https:\/\/drive.google.com\/file\/d\/1WlnHaxS9lnqIH_dAFa_2VlLrSKxeWkRO\/view\" target=\"_blank\" rel=\"noreferrer noopener\" target=\"_blank\" rel=\"noopener\">Miner\u00eda y Tratamiento Masivo de Datos (3 cr\u00e9ditos ECTS)<\/a><\/li>\n\n\n\n<li><a href=\"https:\/\/drive.google.com\/file\/d\/1z8bXHht4eM4NeLA7P5RPwWSUrKq9apnG\/view\" target=\"_blank\" rel=\"noreferrer noopener\" target=\"_blank\" rel=\"noopener\">Cloud computing, Open Data y&nbsp;<em>Blockchain<\/em>&nbsp;(3 cr\u00e9ditos ECTS)<\/a><\/li>\n<\/ul>\n\n\n\n<p>El<strong>&nbsp;M\u00f3dulo en Movilidad Inteligente&nbsp;<\/strong>est\u00e1 formado por las siguientes asignaturas espec\u00edficas, tambi\u00e9n obligatorias:<\/p>\n\n\n\n<ul class=\"wp-block-list\">\n<li><a href=\"https:\/\/drive.google.com\/file\/d\/1mF03wuxShQrVmVBSwpSJJakj7qEC8zTY\/view\" target=\"_blank\" rel=\"noreferrer noopener\" target=\"_blank\" rel=\"noopener\">Gesti\u00f3n de la movilidad (3 cr\u00e9ditos ECTS)<\/a><\/li>\n\n\n\n<li><a href=\"https:\/\/drive.google.com\/file\/d\/1RoxQfaiFkKZAYF-ZyeYYeFwkdSy_RCci\/view\" target=\"_blank\" rel=\"noreferrer noopener\" target=\"_blank\" rel=\"noopener\">Infraestructuras y sistemas de transportes (3 cr\u00e9ditos ECTS)<\/a><\/li>\n\n\n\n<li><a href=\"https:\/\/drive.google.com\/file\/d\/1maxuOkf4-ahCUybMtdR7C5UV1jxoCcWg\/view\" target=\"_blank\" rel=\"noreferrer noopener\" target=\"_blank\" rel=\"noopener\">La planificaci\u00f3n territorial del transporte y la movilidad (3 cr\u00e9ditos ECTS)<\/a><\/li>\n\n\n\n<li><a href=\"https:\/\/drive.google.com\/file\/d\/14MquzGIXVW02H_zJh32a52SvNEvHH-YR\/view\" target=\"_blank\" rel=\"noreferrer noopener\" target=\"_blank\" rel=\"noopener\">An\u00e1lisis y Dise\u00f1o sobre Sistemas de Informaci\u00f3n Geogr\u00e1fica (3 cr\u00e9ditos ECTS)<\/a><\/li>\n<\/ul>\n\n\n\n<p>Por \u00faltimo, el M\u00e1ster en Transporte, Log\u00edstica y Movilidad incluye tambi\u00e9n una asignatura de Trabajo Fin de M\u00e1ster, de 6 cr\u00e9ditos ECTS, que se cursar\u00e1 tras haber cursado la pr\u00e1ctica totalidad de las asignaturas del m\u00e1ster.<\/p>\n\n\n\n<p>Es una asignatura obligatoria, siendo imprescindible para la obtenci\u00f3n de la certificaci\u00f3n de M\u00e1ster, tal y como queda recogido en el Reglamento de T\u00edtulos Propios de la Universidad de La Laguna.<\/p>\n\n\n\n<p>Para saber m\u00e1s sobre la organizaci\u00f3n docente puedes consultar la&nbsp;<a href=\"https:\/\/www.ull.es\/titulospropios\/master-propio-transporte-logistica-movilidad\/estructura-del-plan-de-estudios\/\" target=\"_blank\" rel=\"noreferrer noopener\" target=\"_blank\" rel=\"noopener\">estructura del plan de estudios.<\/a><\/p>\n<\/div><\/div><\/div>\n\n\n\n<div class=\"wp-block-stackable-column stk-block-column stk-column stk-block stk-53ec762\" data-v=\"4\" data-block-id=\"53ec762\"><style>.stk-53ec762-inner-blocks{row-gap:0px !important;}.stk-53ec762 {padding-top:0px !important;padding-right:0px !important;padding-bottom:0px !important;padding-left:0px !important;margin-top:1.75% !important;}@media screen and (min-width: 768px){.stk-53ec762 {flex:var(--stk-flex-grow, 1) 1 33.3% !important;}}<\/style><div class=\"stk-column-wrapper stk-block-column__content stk-container stk-53ec762-container stk--no-background stk--no-padding\"><div class=\"stk-block-content stk-inner-blocks stk-53ec762-inner-blocks\">\n<ul class=\"widget-box\">\n<li class='contacto-header'>Informaci\u00f3n de contacto<\/li><li><i class=\"fa fa-map-marker\"><\/i> Avda. Astrof\u00edsico Francisco S\u00e1nchez, SN. Edificio Calabaza - AN.2D Apdo. 456 38200 San Crist\u00f3bal de La Laguna.<\/li><li><i class=\"fa fa-phone\"><\/i> (+34) 922 31 79 00 \/ 95 38<\/li><li><i class=\"fa fa-envelope\"><\/i>  <a href=mailto:gestpropios@ull.es>gestpropios@ull.es<\/a><\/li>\n<\/ul>\n\n\n\n\n\n<div class=\"wp-block-stackable-spacer stk-block-spacer stk--no-padding stk-block stk-6d33d0e\" data-block-id=\"6d33d0e\"><style>.stk-6d33d0e {height:25px !important;}<\/style><\/div>\n<\/div><\/div><\/div>\n<\/div><\/div>\n","protected":false},"excerpt":{"rendered":"<p>Estructura del plan de estudios Este T\u00edtulo Propio de&nbsp;M\u00e1ster propio&nbsp;forma parte de una estructura modular que se vincula con otros tres t\u00edtulos propios de posgrado de nivel de Expertos Universitarios, denominados&nbsp;\u201cExperto en Gesti\u00f3n Integral de la Cadena de Suministro\u201d, \u201cExperto en Sistemas Inteligentes de Transporte\u201d y \u201cExperto en Movilidad Inteligente\u201d. Esta estructura favorece que los&#8230;<\/p>\n","protected":false},"author":4,"featured_media":0,"parent":0,"menu_order":0,"comment_status":"closed","ping_status":"closed","template":"templates\/template-frontpage.php","meta":{"footnotes":""},"class_list":["post-43","page","type-page","status-publish","hentry"],"_links":{"self":[{"href":"https:\/\/www.ull.es\/formacion-permanente\/experto-universitario-movilidad-inteligente\/wp-json\/wp\/v2\/pages\/43","targetHints":{"allow":["GET"]}}],"collection":[{"href":"https:\/\/www.ull.es\/formacion-permanente\/experto-universitario-movilidad-inteligente\/wp-json\/wp\/v2\/pages"}],"about":[{"href":"https:\/\/www.ull.es\/formacion-permanente\/experto-universitario-movilidad-inteligente\/wp-json\/wp\/v2\/types\/page"}],"author":[{"embeddable":true,"href":"https:\/\/www.ull.es\/formacion-permanente\/experto-universitario-movilidad-inteligente\/wp-json\/wp\/v2\/users\/4"}],"replies":[{"embeddable":true,"href":"https:\/\/www.ull.es\/formacion-permanente\/experto-universitario-movilidad-inteligente\/wp-json\/wp\/v2\/comments?post=43"}],"version-history":[{"count":2,"href":"https:\/\/www.ull.es\/formacion-permanente\/experto-universitario-movilidad-inteligente\/wp-json\/wp\/v2\/pages\/43\/revisions"}],"predecessor-version":[{"id":263,"href":"https:\/\/www.ull.es\/formacion-permanente\/experto-universitario-movilidad-inteligente\/wp-json\/wp\/v2\/pages\/43\/revisions\/263"}],"wp:attachment":[{"href":"https:\/\/www.ull.es\/formacion-permanente\/experto-universitario-movilidad-inteligente\/wp-json\/wp\/v2\/media?parent=43"}],"curies":[{"name":"wp","href":"https:\/\/api.w.org\/{rel}","templated":true}]}}