{"id":27,"date":"2019-02-28T12:52:28","date_gmt":"2019-02-28T11:52:28","guid":{"rendered":"http:\/\/www.ull.es\/formacion-permanente\/diploma-gastronomia\/?page_id=27"},"modified":"2019-06-24T15:34:54","modified_gmt":"2019-06-24T13:34:54","slug":"horarios-y-calendario-examenes","status":"publish","type":"page","link":"https:\/\/www.ull.es\/formacion-permanente\/experto-universitario-sistemas-inteligentes-transporte\/horarios-y-calendario-examenes\/","title":{"rendered":"Horarios y Calendario Ex\u00e1menes"},"content":{"rendered":"<p>[vc_row][vc_column][vc_column_text]<\/p>\n<div class=\"wpb_text_column wpb_content_element \">\n<div class=\"wpb_wrapper\">\n<h1>Horarios<\/h1>\n<\/div>\n<\/div>\n<div class=\"wpb_text_column wpb_content_element \">\n<div class=\"wpb_wrapper\">\n<ul>\n<li><a href=\"https:\/\/drive.google.com\/open?id=1MfbX_5r3zELXnOy2gQPxbB3nWovJzK-h\" target=\"_blank\" rel=\"noopener\">Acceso al horario curso acad\u00e9mico 2019\/2020<\/a><\/li>\n<\/ul>\n<p>La mayor parte de las clases se desarrollar\u00e1n en las aulas de la Fundaci\u00f3n General de la Universidad de La Laguna (FGULL).<\/p>\n<p>La docencia presencial se concentrar\u00e1 en sesiones a desarrollar los viernes por la tarde y s\u00e1bados por la ma\u00f1ana desde septiembre de 2019 a julio de 2020 de manera que los 4 m\u00f3dulos se impartir\u00e1n secuencialmente:<\/p>\n<ul>\n<li>M\u00f3dulo com\u00fan: 6 de septiembre de 2019 a 14 de diciembre de 2019<\/li>\n<li>M\u00f3dulo espec\u00edfico 1: 10 de enero de 2020 a 7 de marzo de 2020<\/li>\n<li>M\u00f3dulo espec\u00edfico 2: 13 de marzo de 2020 a 16 de mayo de 2020<\/li>\n<li>M\u00f3dulo espec\u00edfico 3: 22 de mayo de 2020 a 18 de julio de 2020<\/li>\n<\/ul>\n<\/div>\n<div class=\"wpb_wrapper\">\n<p>&nbsp;<\/p>\n<hr \/>\n<p>&nbsp;<\/p>\n<\/div>\n<\/div>\n<p>[\/vc_column_text][vc_column_text]<\/p>\n<div class=\"wpb_text_column wpb_content_element \">\n<div class=\"wpb_wrapper\">\n<h1>Calendario de ex\u00e1menes<\/h1>\n<\/div>\n<\/div>\n<div class=\"wpb_text_column wpb_content_element \">\n<div class=\"wpb_wrapper\">\n<p>La convocatoria de ex\u00e1menes se pueden consultar en estos documentos:<\/p>\n<ul>\n<li><a href=\"https:\/\/drive.google.com\/file\/d\/1K3Xf7sdxJzlNVkb9e0cwuJMXrv7tZBwZ\/view?usp=sharing\" target=\"_blank\" rel=\"noopener\">Acceso al calendario de ex\u00e1menes 2019\/2020<\/a><\/li>\n<\/ul>\n<p>&nbsp;<\/p>\n<hr \/>\n<p>&nbsp;<\/p>\n<\/div>\n<\/div>\n<p>[\/vc_column_text][vc_column_text]<\/p>\n<div class=\"wpb_text_column wpb_content_element \">\n<div class=\"wpb_wrapper\">\n<h1>Calendario acad\u00e9mico<\/h1>\n<div class=\"wpb_wrapper\">\n<ul>\n<li style=\"list-style-type: none;\">\n<ul>\n<li><a href=\"https:\/\/www.ull.es\/estudios-docencia\/calendario-academico\/\" target=\"_blank\" rel=\"noopener\">Acceso al calendario del curso acad\u00e9mico 2019\/2020<\/a><\/li>\n<\/ul>\n<\/li>\n<\/ul>\n<p>&nbsp;<\/p>\n<\/div>\n<\/div>\n<\/div>\n<div class=\"wpb_text_column wpb_content_element \">\n<div class=\"wpb_wrapper\">\n<hr \/>\n<p>&nbsp;<\/p>\n<p><strong>*Puede sufrir alguna variaci\u00f3n<\/strong><\/p>\n<\/div>\n<\/div>\n<p>[\/vc_column_text][\/vc_column][\/vc_row]<\/p>\n","protected":false},"excerpt":{"rendered":"<p>[vc_row][vc_column][vc_column_text] Horarios Acceso al horario curso acad\u00e9mico 2019\/2020 La mayor parte de las clases se desarrollar\u00e1n en las aulas de la Fundaci\u00f3n General de la Universidad de La Laguna (FGULL). La docencia presencial se concentrar\u00e1 en sesiones a desarrollar los viernes por la tarde y s\u00e1bados por la ma\u00f1ana desde septiembre de 2019 a julio&#8230;<\/p>\n","protected":false},"author":4,"featured_media":0,"parent":0,"menu_order":0,"comment_status":"closed","ping_status":"closed","template":"","meta":{"footnotes":""},"class_list":["post-27","page","type-page","status-publish","hentry"],"_links":{"self":[{"href":"https:\/\/www.ull.es\/formacion-permanente\/experto-universitario-sistemas-inteligentes-transporte\/wp-json\/wp\/v2\/pages\/27","targetHints":{"allow":["GET"]}}],"collection":[{"href":"https:\/\/www.ull.es\/formacion-permanente\/experto-universitario-sistemas-inteligentes-transporte\/wp-json\/wp\/v2\/pages"}],"about":[{"href":"https:\/\/www.ull.es\/formacion-permanente\/experto-universitario-sistemas-inteligentes-transporte\/wp-json\/wp\/v2\/types\/page"}],"author":[{"embeddable":true,"href":"https:\/\/www.ull.es\/formacion-permanente\/experto-universitario-sistemas-inteligentes-transporte\/wp-json\/wp\/v2\/users\/4"}],"replies":[{"embeddable":true,"href":"https:\/\/www.ull.es\/formacion-permanente\/experto-universitario-sistemas-inteligentes-transporte\/wp-json\/wp\/v2\/comments?post=27"}],"version-history":[{"count":1,"href":"https:\/\/www.ull.es\/formacion-permanente\/experto-universitario-sistemas-inteligentes-transporte\/wp-json\/wp\/v2\/pages\/27\/revisions"}],"predecessor-version":[{"id":242,"href":"https:\/\/www.ull.es\/formacion-permanente\/experto-universitario-sistemas-inteligentes-transporte\/wp-json\/wp\/v2\/pages\/27\/revisions\/242"}],"wp:attachment":[{"href":"https:\/\/www.ull.es\/formacion-permanente\/experto-universitario-sistemas-inteligentes-transporte\/wp-json\/wp\/v2\/media?parent=27"}],"curies":[{"name":"wp","href":"https:\/\/api.w.org\/{rel}","templated":true}]}}