{"id":38,"date":"2019-02-28T13:02:29","date_gmt":"2019-02-28T12:02:29","guid":{"rendered":"http:\/\/www.ull.es\/formacion-permanente\/diploma-gastronomia\/?page_id=38"},"modified":"2019-02-28T13:02:29","modified_gmt":"2019-02-28T12:02:29","slug":"competencias","status":"publish","type":"page","link":"https:\/\/www.ull.es\/formacion-permanente\/experto-universitario-sistemas-inteligentes-transporte\/competencias\/","title":{"rendered":"Competencias"},"content":{"rendered":"<p>\t\t\t\t[vc_row][vc_column][vc_tta_accordion][vc_tta_section title=\u00bbCompetencias B\u00e1sicas\u00bb tab_id=\u00bbcompetencias-basicas\u00bb][vc_column_text]<span style=\"font-weight: 400\">Seg\u00fan el Real Decreto 861\/2010, de 2 de julio, por el que se modifica el Real Decreto 1393\/2007, de 29 de octubre, por el que se establece la ordenaci\u00f3n de las ense\u00f1anzas universitarias oficiales, se garantizar\u00e1n, como m\u00ednimo las siguientes competencias b\u00e1sicas, en el caso del M\u00e1ster, y aquellas otras que figuren en el Marco Espa\u00f1ol de Cualificaciones para la Educaci\u00f3n Superior, MECES:<\/span><\/p>\n<p><span style=\"font-weight: 400\">CB1 Poseer y comprender conocimientos que aporten una base u oportunidad de ser originales en el desarrollo y\/o aplicaci\u00f3n de ideas, a menudo en un contexto de investigaci\u00f3n.<\/span><\/p>\n<p><span style=\"font-weight: 400\">CB2 Que los estudiantes sepan aplicar los conocimientos adquiridos y su capacidad de resoluci\u00f3n de problemas en entornos nuevos o poco conocidos dentro de contextos m\u00e1s amplios (o multidisciplinares) relacionados con su \u00e1rea de estudio.<\/span><\/p>\n<p><span style=\"font-weight: 400\">CB3 Que los estudiantes sean capaces de integrar conocimientos y enfrentarse a la complejidad de formular juicios a partir de una informaci\u00f3n que, siendo incompleta o limitada, incluya reflexiones sobre las responsabilidades sociales y \u00e9ticas vinculadas a la aplicaci\u00f3n de sus conocimientos y juicios.<\/span><\/p>\n<p><span style=\"font-weight: 400\">CB4 Que los estudiantes sepan comunicar sus conclusiones \u2013y los conocimientos y razones \u00faltimas que las sustentan\u2013 a p\u00fablicos especializados y no especializados de un modo claro y sin ambig\u00fcedades.<\/span><\/p>\n<p><span style=\"font-weight: 400\">CB5 Que los estudiantes posean las habilidades de aprendizaje que les permitan continuar estudiando de un modo que habr\u00e1 de ser en gran medida autodirigido o aut\u00f3nomo<\/span><\/p>\n<p style=\"padding-left: 30px\"><span style=\"font-weight: 400\">\u00a0<\/span><\/p>\n<p>[\/vc_column_text][\/vc_tta_section][vc_tta_section title=\u00bbCompetencias Generales\u00bb tab_id=\u00bbcompetencias-generales\u00bb][vc_column_text]<span style=\"font-weight: 400\">CG1 Aplicar adecuadamente los conocimientos matem\u00e1ticos, anal\u00edticos, cient\u00edficos, instrumentales, tecnol\u00f3gicos, de informaci\u00f3n y de gesti\u00f3n.<\/span><\/p>\n<p><span style=\"font-weight: 400\">CG2 Gestionar t\u00e9cnica y econ\u00f3micamente proyectos, instalaciones, plantas, empresas y centros tecnol\u00f3gicos y de investigaci\u00f3n relacionados con los transportes, la movilidad o la cadena de suministro.<\/span><\/p>\n<p><span style=\"font-weight: 400\">CG3 Dirigir, planificar y supervisar equipos multidisciplinares.<\/span><\/p>\n<p><span style=\"font-weight: 400\">CG4 Realizar investigaci\u00f3n, desarrollo e innovaci\u00f3n en el \u00e1mbito del transporte, la movilidad o la cadena de suministro, as\u00ed como dirigir el desarrollo de soluciones de transporte, movilidad, log\u00edstica y cadena de suministro en entornos nuevos o poco conocidos, relacionando creatividad, innovaci\u00f3n y transferencia de tecnolog\u00eda.<\/span><\/p>\n<p><span style=\"font-weight: 400\">CG5 Capacidad para elaborar informes y estudios t\u00e9cnicos de consultor\u00eda, evaluaci\u00f3n o auditor\u00eda relacionados con la aplicaci\u00f3n de tecnolog\u00edas de la informaci\u00f3n y las comunicaciones aplicadas al transporte y la movilidad.<\/span><\/p>\n<p><span style=\"font-weight: 400\">CG6 Capacidad para desarrollar e integrar soluciones tecnol\u00f3gicas innovadoras y diversas que tengan por objeto la concepci\u00f3n, el desarrollo o la explotaci\u00f3n de sistemas inteligentes en el \u00e1mbito del transporte y la movilidad.<\/span><\/p>\n<p><span style=\"font-weight: 400\">CG7 Ejercer funciones de direcci\u00f3n general, direcci\u00f3n t\u00e9cnica y direcci\u00f3n de proyectos I+D+i en plantas, empresas y centros tecnol\u00f3gicos y de investigaci\u00f3n relacionados con el transporte, la movilidad o la cadena de suministro.<\/span><\/p>\n<p><span style=\"font-weight: 400\">CG8 Aplicar la legislaci\u00f3n necesaria en el \u00e1mbito del transporte y movilidad o de cadena de suministro, en especial la relacionada con Canarias.<\/span><\/p>\n<p><span style=\"font-weight: 400\">CG9 Razonar y actuar siguiendo criterios de seguridad y sostenibilidad.<\/span><\/p>\n<p>[\/vc_column_text][\/vc_tta_section][vc_tta_section title=\u00bbCompetencias Espec\u00edficas\u00bb tab_id=\u00bbcompetencias-especificas\u00bb][vc_column_text]<span style=\"font-weight: 400\">CE1<\/span><span style=\"font-weight: 400\">\u00a0\u00a0\u00a0 <\/span><span style=\"font-weight: 400\">Conocer las t\u00e9cnicas avanzadas de explotaci\u00f3n de grandes cantidades de datos (procedentes de sensores y dispositivos inteligentes), as\u00ed como de la extracci\u00f3n de informaci\u00f3n a partir de los mismos.<\/span><\/p>\n<p><span style=\"font-weight: 400\">CE2<\/span><span style=\"font-weight: 400\">\u00a0\u00a0\u00a0 <\/span><span style=\"font-weight: 400\">Concebir, desplegar, organizar y gestionar sistemas y servicios inform\u00e1ticos, en contextos empresariales o institucionales, para mejorar sus procesos de negocio.<\/span><\/p>\n<p><span style=\"font-weight: 400\">CE3<\/span><span style=\"font-weight: 400\">\u00a0\u00a0\u00a0 <\/span><span style=\"font-weight: 400\">Dise\u00f1ar y saber aplicar sistemas inteligentes de ayuda a la decisi\u00f3n.<\/span><\/p>\n<p><span style=\"font-weight: 400\">CE4<\/span><span style=\"font-weight: 400\">\u00a0\u00a0\u00a0 <\/span><span style=\"font-weight: 400\">Dise\u00f1ar y saber aplicar sistemas de extracci\u00f3n de informaci\u00f3n y de gesti\u00f3n del conocimiento.<\/span><\/p>\n<p><span style=\"font-weight: 400\">CE5<\/span><span style=\"font-weight: 400\">\u00a0\u00a0\u00a0 <\/span><span style=\"font-weight: 400\">Capacidad para dise\u00f1ar y evaluar sistemas operativos y servidores, y aplicaciones y sistemas de ayuda a la explotaci\u00f3n.<\/span><\/p>\n<p><span style=\"font-weight: 400\">CE6<\/span><span style=\"font-weight: 400\">\u00a0\u00a0\u00a0 <\/span><span style=\"font-weight: 400\">Capacidad para aplicar m\u00e9todos matem\u00e1ticos, estad\u00edsticos y de inteligencia artificial para modelar, dise\u00f1ar y desarrollar aplicaciones, servicios, sistemas inteligentes y sistemas basados en el conocimiento.<\/span><\/p>\n<p><span style=\"font-weight: 400\">CE7<\/span><span style=\"font-weight: 400\">\u00a0\u00a0\u00a0 <\/span><span style=\"font-weight: 400\">Capacidad para la integraci\u00f3n de tecnolog\u00edas, aplicaciones, servicios y sistemas propios del transporte y movilidad en contextos multidisciplinares.<\/span><\/p>\n<p><span style=\"font-weight: 400\">CE8<\/span><span style=\"font-weight: 400\">\u00a0\u00a0\u00a0 <\/span><span style=\"font-weight: 400\">Conocer los fundamentos de los principales elementos y tecnolog\u00edas \u00a0de las cadenas de bloques, distinguiendo su aplicabilidad en distintas situaciones.<\/span><\/p>\n<p><span style=\"font-weight: 400\">CE9<\/span><span style=\"font-weight: 400\">\u00a0\u00a0\u00a0 <\/span><span style=\"font-weight: 400\">Conocer las principales tecnolog\u00edas de la informaci\u00f3n y las comunicaciones que afectan, que aportan valor y soluciones a los rectos del transporte y la movilidad.<\/span><\/p>\n<p><span style=\"font-weight: 400\">CE10 <\/span><span style=\"font-weight: 400\">\u00a0\u00a0\u00a0 <\/span><span style=\"font-weight: 400\">Conocer, analizar y explotar las fuentes de datos basadas en las estrategias de Open Access y Open Data Government.<\/span><\/p>\n<p><span style=\"font-weight: 400\">CE11<\/span><span style=\"font-weight: 400\">\u00a0\u00a0\u00a0 <\/span><span style=\"font-weight: 400\">Dise\u00f1ar cadenas de suministro, o sus partes, mediante la aplicaci\u00f3n de los m\u00e9todos, t\u00e9cnicas y herramientas que sean procedentes para cada funci\u00f3n y objetivo espec\u00edficos.<\/span><\/p>\n<p><span style=\"font-weight: 400\">CE12<\/span><span style=\"font-weight: 400\">\u00a0\u00a0\u00a0 <\/span><span style=\"font-weight: 400\">Dise\u00f1ar procedimientos de recogida de datos de transporte que tengan en cuenta su especificidad, aplicar las t\u00e9cnicas adecuadas para tratarlos, analizarlos y extraer conclusiones, para su uso adecuado en los modelos que los requieran.<\/span><\/p>\n<p><span style=\"font-weight: 400\">CE13<\/span><span style=\"font-weight: 400\">\u00a0\u00a0\u00a0 <\/span><span style=\"font-weight: 400\">Dise\u00f1ar y realizar estudios de an\u00e1lisis de la demanda, modelar la demanda y su estructuraci\u00f3n seg\u00fan los distintos modelos de transporte.<\/span><\/p>\n<p><span style=\"font-weight: 400\">CE14<\/span><span style=\"font-weight: 400\">\u00a0\u00a0\u00a0 <\/span><span style=\"font-weight: 400\">Aplicar las t\u00e9cnicas de modelizaci\u00f3n, optimizaci\u00f3n y simulaci\u00f3n para la resoluci\u00f3n de los problemas que plantea el dise\u00f1o, operaci\u00f3n y gesti\u00f3n de los sistemas de transporte.<\/span><\/p>\n<p><span style=\"font-weight: 400\">CE15<\/span><span style=\"font-weight: 400\">\u00a0\u00a0\u00a0 <\/span><span style=\"font-weight: 400\">Diagnosticar las implicaciones en el funcionamiento de las cadenas de aprovisionamiento de los fen\u00f3menos de globalizaci\u00f3n y de los cambios en los mercados.<\/span><\/p>\n<p><span style=\"font-weight: 400\">CE16<\/span><span style=\"font-weight: 400\">\u00a0\u00a0\u00a0 <\/span><span style=\"font-weight: 400\">Analizar la rentabilidad financiera, econ\u00f3mica y social de las infraestructuras y servicios de transporte y movilidad, que permitan entender el negocio del sistema de transporte y ayudar a la toma de decisiones en los sistemas.<\/span><\/p>\n<p><span style=\"font-weight: 400\">CE17<\/span><span style=\"font-weight: 400\">\u00a0\u00a0\u00a0 <\/span><span style=\"font-weight: 400\">Adquirir y ser capaces de aplicar conocimientos avanzados en el an\u00e1lisis microecon\u00f3mico y macroecon\u00f3mico, en el uso de los principales m\u00e9todos cuantitativos y t\u00e9cnicas de investigaci\u00f3n, en el an\u00e1lisis de las pol\u00edticas p\u00fablicas relacionadas con el transporte y la movilidad.<\/span><\/p>\n<p><span style=\"font-weight: 400\">CE18<\/span><span style=\"font-weight: 400\">\u00a0\u00a0\u00a0 <\/span><span style=\"font-weight: 400\">Conocer los fundamentos de la econom\u00eda del transporte.<\/span><\/p>\n<p><span style=\"font-weight: 400\">CE19<\/span><span style=\"font-weight: 400\">\u00a0\u00a0\u00a0 <\/span><span style=\"font-weight: 400\">Analizar y optimizar las operaciones asociadas a las cadenas de suministro de las empresas y de las organizaciones en general, tanto globalmente como en cada una de sus partes: aprovisionamiento, distribuci\u00f3n, producci\u00f3n, transporte, almacenamiento y recuperaci\u00f3n.<\/span><\/p>\n<p><span style=\"font-weight: 400\">CE20<\/span><span style=\"font-weight: 400\">\u00a0\u00a0\u00a0 <\/span><span style=\"font-weight: 400\">Gestionar eficazmente los recursos humanos, materiales y financieros necesarios para el correcto funcionamiento de las cadenas de suministro<\/span><\/p>\n<p><span style=\"font-weight: 400\">CE21<\/span><span style=\"font-weight: 400\">\u00a0\u00a0\u00a0 <\/span><span style=\"font-weight: 400\">Identificar los riesgos que pueden afectar el funcionamiento de las cadenas de suministro en entornos globalizados, as\u00ed como los m\u00e9todos e instrumentos adecuados para reducir y gestionar dichos riesgos.<\/span><\/p>\n<p><span style=\"font-weight: 400\">CE22<\/span><span style=\"font-weight: 400\">\u00a0\u00a0\u00a0 <\/span><span style=\"font-weight: 400\">Aplicar las t\u00e9cnicas de modelizaci\u00f3n, optimizaci\u00f3n y simulaci\u00f3n para la resoluci\u00f3n de los problemas que suscita el dise\u00f1o y la gesti\u00f3n de las cadenas de suministro.<\/span><\/p>\n<p><span style=\"font-weight: 400\">CE23<\/span><span style=\"font-weight: 400\">\u00a0\u00a0\u00a0 <\/span><span style=\"font-weight: 400\">Planificar y dise\u00f1ar nuevas estrategia y modelos de negocios en el sector del transporte y la log\u00edstica, adapt\u00e1ndolo a la econom\u00eda digital y espec\u00edficamente al comercio electr\u00f3nico.<\/span><\/p>\n<p><span style=\"font-weight: 400\">CE24<\/span><span style=\"font-weight: 400\">\u00a0\u00a0\u00a0 <\/span><span style=\"font-weight: 400\">Dise\u00f1ar y planificar las infraestructuras de transporte y de terminales de intercambio modal, tales como autopistas, l\u00edneas de ferrocarril, puertos, aeropuertos, estaciones ferroviarias y centros log\u00edsticos de transporte.<\/span><\/p>\n<p><span style=\"font-weight: 400\">CE25<\/span><span style=\"font-weight: 400\">\u00a0\u00a0\u00a0 <\/span><span style=\"font-weight: 400\">Calcular variables fundamentales de sistemas de transporte y de movilidad que determinan la seguridad, la calidad y la sostenibilidad de las infraestructuras de transporte y optimizaci\u00f3n del funcionamiento de estos sistemas.<\/span><\/p>\n<p><span style=\"font-weight: 400\">CE26<\/span><span style=\"font-weight: 400\">\u00a0\u00a0\u00a0 <\/span><span style=\"font-weight: 400\">Planificar, gestionar y explotar los sistemas de transporte y movilidad, as\u00ed como analizar los niveles de servicio a los usuarios, los costes de operaci\u00f3n y los impactos sociales y medioambientales en el transporte p\u00fablico de pasajeros, as\u00ed como del tr\u00e1fico y veh\u00edculo privados.<\/span><\/p>\n<p><span style=\"font-weight: 400\">CE27<\/span><span style=\"font-weight: 400\">\u00a0\u00a0\u00a0 <\/span><span style=\"font-weight: 400\">Planificar, gestionar y explotar los sistemas de transporte y movilidad, as\u00ed como analizar los niveles de servicio a los usuarios, los costes de operaci\u00f3n y los impactos sociales y medioambientales en el transporte a\u00e9reo.<\/span><\/p>\n<p><span style=\"font-weight: 400\">CE28<\/span><span style=\"font-weight: 400\">\u00a0\u00a0\u00a0 <\/span><span style=\"font-weight: 400\">Planificar, gestionar y explotar los sistemas de transporte y movilidad, as\u00ed como analizar los niveles de servicio a los usuarios, los costes de operaci\u00f3n y los impactos sociales y medioambientales en el transporte mar\u00edtimo.<\/span><\/p>\n<p><span style=\"font-weight: 400\">CE29<\/span><span style=\"font-weight: 400\">\u00a0\u00a0\u00a0 <\/span><span style=\"font-weight: 400\">Planificar, gestionar y explotar los sistemas de transporte y movilidad, as\u00ed como analizar los niveles de servicio a los usuarios, los costes de operaci\u00f3n y los impactos sociales y medioambientales en el transporte intermodal.<\/span><\/p>\n<p><span style=\"font-weight: 400\">CE30<\/span><span style=\"font-weight: 400\">\u00a0\u00a0\u00a0 <\/span><span style=\"font-weight: 400\">Conocer y aplicar los fundamentos t\u00e9cnico-metodol\u00f3gicos para el an\u00e1lisis espacial, y para el tratamiento y representaci\u00f3n de la informaci\u00f3n geogr\u00e1fica.<\/span><\/p>\n<p><span style=\"font-weight: 400\">CE31<\/span><span style=\"font-weight: 400\">\u00a0\u00a0\u00a0 <\/span><span style=\"font-weight: 400\">Adquirir una visi\u00f3n integrada de los diferentes conceptos implicados en los sistemas inteligentes de transporte (gesti\u00f3n del tr\u00e1fico, informaci\u00f3n al viajero, control y seguridad de veh\u00edculos, transporte p\u00fablico, etc.).<\/span><\/p>\n<p><span style=\"font-weight: 400\">CE32<\/span><span style=\"font-weight: 400\">\u00a0\u00a0\u00a0 <\/span><span style=\"font-weight: 400\">Capacidad para modelar, dise\u00f1ar y administrar sistemas de gesti\u00f3n din\u00e1mica de tr\u00e1fico.<\/span><\/p>\n<p><span style=\"font-weight: 400\">CE33<\/span><span style=\"font-weight: 400\">\u00a0\u00a0\u00a0 <\/span><span style=\"font-weight: 400\">Conocimiento de estrategias de planificaci\u00f3n de rutas y log\u00edstica mediante la aplicaci\u00f3n de heur\u00edsticos tradicionales, modernos e inteligencia artificial.<\/span><\/p>\n<p><span style=\"font-weight: 400\">CE34<\/span><span style=\"font-weight: 400\">\u00a0\u00a0\u00a0 <\/span><span style=\"font-weight: 400\">Utilizar las diferentes herramientas SIG que permiten analizar los modelos de datos.<\/span><\/p>\n<p><span style=\"font-weight: 400\">CE35<\/span><span style=\"font-weight: 400\">\u00a0\u00a0\u00a0 <\/span><span style=\"font-weight: 400\">Conocimiento de las relaciones entre poblaci\u00f3n, recursos y medio ambiente en su movimiento y estructura, y de las t\u00e9cnicas de an\u00e1lisis demogr\u00e1fico y territorio.<\/span><\/p>\n<p><span style=\"font-weight: 400\">CE36<\/span><span style=\"font-weight: 400\">\u00a0\u00a0\u00a0 <\/span><span style=\"font-weight: 400\">Conocimiento del marco de regulaci\u00f3n de la gesti\u00f3n urban\u00edstica.<\/span><\/p>\n<p><span style=\"font-weight: 400\">CE37<\/span><span style=\"font-weight: 400\">\u00a0\u00a0\u00a0 <\/span><span style=\"font-weight: 400\">Capacidad de interpretar cr\u00edtica y objetivamente las din\u00e1micas regionales emergentes en \u00e1reas geogr\u00e1ficas de especial dinamismo, las razones de su evoluci\u00f3n y su relaci\u00f3n con el mundo.<\/span><\/p>\n<p><span style=\"font-weight: 400\">CE38<\/span><span style=\"font-weight: 400\">\u00a0\u00a0\u00a0 <\/span><span style=\"font-weight: 400\">Conocimiento del impacto del sector del tur\u00edstico y del ocio sobre la econom\u00eda, el urbanismo, la ordenaci\u00f3n del territorio, as\u00ed como de las nuevas tendencias experimentadas en el sector.<\/span><\/p>\n<p><span style=\"font-weight: 400\">CE39<\/span><span style=\"font-weight: 400\">\u00a0\u00a0\u00a0 <\/span><span style=\"font-weight: 400\">Conocimiento de la influencia de las infraestructuras en la ordenaci\u00f3n del territorio y para participar en la urbanizaci\u00f3n del espacio p\u00fablico urbano, y en los proyectos de los servicios urbanos, tales como distribuci\u00f3n de agua, saneamiento, gesti\u00f3n de residuos, sistemas de transporte, tr\u00e1fico, iluminaci\u00f3n, etc.<\/span><\/p>\n<p><span style=\"font-weight: 400\">CE40 \u2013 TFM\u00a0\u00a0\u00a0 Realizar, presentar y defender ante un tribunal universitario un ejercicio original realizado individualmente, consistente en un proyecto en el \u00e1mbito de la log\u00edstica, transporte y movilidad, de naturaleza profesional o de investigaci\u00f3n, en el que se sinteticen e integren las competencias adquiridas en las ense\u00f1anzas<br \/>\n<\/span>[\/vc_column_text][\/vc_tta_section][\/vc_tta_accordion][\/vc_column][\/vc_row]\t\t<\/p>\n","protected":false},"excerpt":{"rendered":"<p>[vc_row][vc_column][vc_tta_accordion][vc_tta_section title=\u00bbCompetencias B\u00e1sicas\u00bb tab_id=\u00bbcompetencias-basicas\u00bb][vc_column_text]Seg\u00fan el Real Decreto 861\/2010, de 2 de julio, por el que se modifica el Real Decreto 1393\/2007, de 29 de octubre, por el que se establece la ordenaci\u00f3n de las ense\u00f1anzas universitarias oficiales, se garantizar\u00e1n, como m\u00ednimo las siguientes competencias b\u00e1sicas, en el caso del M\u00e1ster, y aquellas otras que figuren&#8230;<\/p>\n","protected":false},"author":4,"featured_media":0,"parent":0,"menu_order":0,"comment_status":"closed","ping_status":"closed","template":"","meta":{"footnotes":""},"class_list":["post-38","page","type-page","status-publish","hentry"],"_links":{"self":[{"href":"https:\/\/www.ull.es\/formacion-permanente\/experto-universitario-sistemas-inteligentes-transporte\/wp-json\/wp\/v2\/pages\/38","targetHints":{"allow":["GET"]}}],"collection":[{"href":"https:\/\/www.ull.es\/formacion-permanente\/experto-universitario-sistemas-inteligentes-transporte\/wp-json\/wp\/v2\/pages"}],"about":[{"href":"https:\/\/www.ull.es\/formacion-permanente\/experto-universitario-sistemas-inteligentes-transporte\/wp-json\/wp\/v2\/types\/page"}],"author":[{"embeddable":true,"href":"https:\/\/www.ull.es\/formacion-permanente\/experto-universitario-sistemas-inteligentes-transporte\/wp-json\/wp\/v2\/users\/4"}],"replies":[{"embeddable":true,"href":"https:\/\/www.ull.es\/formacion-permanente\/experto-universitario-sistemas-inteligentes-transporte\/wp-json\/wp\/v2\/comments?post=38"}],"version-history":[{"count":0,"href":"https:\/\/www.ull.es\/formacion-permanente\/experto-universitario-sistemas-inteligentes-transporte\/wp-json\/wp\/v2\/pages\/38\/revisions"}],"wp:attachment":[{"href":"https:\/\/www.ull.es\/formacion-permanente\/experto-universitario-sistemas-inteligentes-transporte\/wp-json\/wp\/v2\/media?parent=38"}],"curies":[{"name":"wp","href":"https:\/\/api.w.org\/{rel}","templated":true}]}}