{"id":43,"date":"2019-02-28T13:06:59","date_gmt":"2019-02-28T12:06:59","guid":{"rendered":"http:\/\/www.ull.es\/formacion-permanente\/diploma-gastronomia\/?page_id=43"},"modified":"2019-06-24T15:35:54","modified_gmt":"2019-06-24T13:35:54","slug":"guias-docentes","status":"publish","type":"page","link":"https:\/\/www.ull.es\/formacion-permanente\/experto-universitario-sistemas-inteligentes-transporte\/guias-docentes\/","title":{"rendered":"Gu\u00edas docentes"},"content":{"rendered":"<p>[vc_row][vc_column][vc_column_text]<\/p>\n<h1>Estructura del plan de estudios<\/h1>\n<p>[\/vc_column_text][\/vc_column][\/vc_row][vc_row][vc_column][vc_empty_space][\/vc_column][\/vc_row][vc_row][vc_column][vc_column_text]<span style=\"font-weight: 400;\">Este T\u00edtulo Propio de <\/span><b>M\u00e1ster propio<\/b><span style=\"font-weight: 400;\"> forma parte de una estructura modular que se vincula con otros tres t\u00edtulos propios de posgrado de nivel de Expertos Universitarios, denominados <\/span><b>\u201cExperto en Gesti\u00f3n Integral de la Cadena de Suministro\u201d, \u201cExperto en Sistemas Inteligentes de Transporte\u201d y \u201cExperto en Movilidad Inteligente\u201d<\/b><span style=\"font-weight: 400;\">. <\/span><\/p>\n<p><span style=\"font-weight: 400;\">Esta estructura favorece que los alumnos puedan optar por dos estrategias a la hora de afrontar sus estudios de m\u00e1ster, pudiendo bien matricularse en el m\u00e1ster desde el inicio del curso, o accediendo al m\u00e1ster tras cursar alguno (o todos) los expertos relacionados anteriormente. Por ejemplo, un alumno que hubiera logrado los tres t\u00edtulos propios de experto, siempre que cumpla con los requisitos necesarios para acceder al m\u00e1ster, podr\u00e1 matricularse con el fin de realizar \u00fanicamente la asignatura de Trabajo Fin de M\u00e1ster y obtener el t\u00edtulo de M\u00e1ster propio en Transporte, Log\u00edstica y Movilidad<\/span>[\/vc_column_text][\/vc_column][\/vc_row][vc_row][vc_column][vc_empty_space][\/vc_column][\/vc_row][vc_row][vc_column][vc_column_text]<\/p>\n<p><img loading=\"lazy\" decoding=\"async\" class=\"aligncenter wp-image-161 size-full\" src=\"http:\/\/www.ull.es\/formacion-permanente\/master-propio-transporte-logistica-movilidad\/wp-content\/uploads\/sites\/27\/2019\/05\/Esquema-de-la-estructura-modular-de-la-formaci\u00f3n.png\" alt=\"\" width=\"573\" height=\"211\" \/>[\/vc_column_text][\/vc_column][\/vc_row][vc_row][vc_column][vc_column_text]<span style=\"font-weight: 400;\">El <\/span><b>M\u00e1ster propio en Transporte, Log\u00edstica y Movilidad,<\/b><span style=\"font-weight: 400;\"> tanto las y los tres t\u00edtulos de expertos mencionados anteriormente, comparten un bloque de asignaturas comunes:<\/span><\/p>\n<ul>\n<li><a href=\"https:\/\/drive.google.com\/file\/d\/1QaKKz2ZUEQH-GeWv5AhA6GslqOpUJd1D\/view\" target=\"_blank\" rel=\"noopener\"><span style=\"font-weight: 400;\">Log\u00edstica y Gesti\u00f3n de la Cadena de Suministro (5 ECTS)<\/span><\/a><\/li>\n<li><a href=\"https:\/\/drive.google.com\/file\/d\/1YAhKn6eKZR-Xe_A0wsHwUFQyDvNgq_M-\/view\" target=\"_blank\" rel=\"noopener\"><span style=\"font-weight: 400;\">Tecnolog\u00edas aplicadas a la movilidad y al transporte (4 ECTS)<\/span><\/a><\/li>\n<li><a href=\"https:\/\/drive.google.com\/file\/d\/1acYtgBs53_lKDCAnROOYN15qlQCYS-kP\/view\" target=\"_blank\" rel=\"noopener\"><span style=\"font-weight: 400;\">Transporte y servicios log\u00edsticos en la econom\u00eda digital (4 ECTS) <\/span><\/a><\/li>\n<li><a href=\"https:\/\/drive.google.com\/file\/d\/1c_FLXwpOOGSwnuiF7g93NoGzpWq1mWT5\/view\" target=\"_blank\" rel=\"noopener\"><span style=\"font-weight: 400;\">Econom\u00eda del Transporte (5 ECTS)<\/span><\/a><\/li>\n<\/ul>\n<p><span style=\"font-weight: 400;\">Estas asignaturas deber\u00e1n ser cursadas por cualquier alumno o alumna que curse tanto el M\u00e1ster en Transporte, Log\u00edstica y Movilidad como alguno de los Expertos Universitarios de manera independiente. <\/span><\/p>\n<p><span style=\"font-weight: 400;\">Todo ello est\u00e1 pensado para otorgar coherencia y unidad a las distintas titulaciones que se relacionan con este M\u00e1ster. La existencia de m\u00f3dulos comunes facilitar\u00e1 el tr\u00e1nsito entre los Expertos Universitarios, tanto como entre \u00e9stos y el M\u00e1ster, siempre y cuando se produzca una re-edici\u00f3n de estas titulaciones en condiciones similares o no sufra modificaciones curriculares significativas. En cualquier caso, los cr\u00e9ditos comunes entre los distintos planes de estudios ser\u00e1n reconocidos, en el tr\u00e1nsito de unas titulaciones a otras. <\/span><\/p>\n<p><span style=\"font-weight: 400;\">Adem\u00e1s de estas cuatro asignaturas obligatorias comunes, que suman 18 cr\u00e9ditos ECTS, el M\u00e1ster propio en Transporte, Log\u00edstica y Movilidad consta de otros tres m\u00f3dulos, compuestos de otras cuatro asignaturas obligatorias espec\u00edficas.<\/span><\/p>\n<p><span style=\"font-weight: 400;\">El <\/span><b>M\u00f3dulo en Gesti\u00f3n Integral de la Cadena de Suministro<\/b><span style=\"font-weight: 400;\"> est\u00e1 formado por las siguientes asignaturas espec\u00edficas, tambi\u00e9n obligatorias:<\/span><\/p>\n<ul>\n<li><a href=\"https:\/\/drive.google.com\/file\/d\/1NxDsRHyptQGFu0P6Pe6jZihUOAPX1VwI\/view\" target=\"_blank\" rel=\"noopener\"><span style=\"font-weight: 400;\">Modelos de gesti\u00f3n log\u00edstica (3 cr\u00e9ditos ECTS)<\/span><\/a><\/li>\n<li><a href=\"https:\/\/drive.google.com\/file\/d\/1pWUke14MFE1OhixGhZuuY2epDDSvW6j2\/view\" target=\"_blank\" rel=\"noopener\"><span style=\"font-weight: 400;\">Transporte a\u00e9reo y gesti\u00f3n aeroportuaria (3 cr\u00e9ditos ECTS)<\/span><\/a><\/li>\n<li><a href=\"https:\/\/drive.google.com\/file\/d\/1-mkvfhLjzc9nnJH4-OURJ7ivll75ajRh\/view\" target=\"_blank\" rel=\"noopener\"><span style=\"font-weight: 400;\">Transporte mar\u00edtimo y gesti\u00f3n portuaria (3 cr\u00e9ditos ECTS) <\/span><\/a><\/li>\n<li><a href=\"https:\/\/drive.google.com\/file\/d\/1-nRO31DP5_wHAf09LIBLLPBNECIy6KVX\/view\" target=\"_blank\" rel=\"noopener\"><span style=\"font-weight: 400;\">Transporte intermodal e internacional (3 cr\u00e9ditos ECTS)<\/span><\/a><\/li>\n<\/ul>\n<p><span style=\"font-weight: 400;\">El <\/span><b>M\u00f3dulo en Sistemas Inteligentes de Transporte <\/b><span style=\"font-weight: 400;\">est\u00e1 formado por las siguientes asignaturas espec\u00edficas, tambi\u00e9n obligatorias:<\/span><\/p>\n<ul>\n<li><a href=\"https:\/\/drive.google.com\/file\/d\/1aiaXUPBVC8ydaZeKA3FPMaE1LlwU6JMO\/view\" target=\"_blank\" rel=\"noopener\"><span style=\"font-weight: 400;\">Aplicaciones de los Sistemas de Inteligentes de Transporte (3 cr\u00e9ditos ECTS)<\/span><\/a><\/li>\n<li><a href=\"https:\/\/drive.google.com\/file\/d\/17S-rZuH6XbrtHxMntV7bh8n_Q4jJTw0F\/view\" target=\"_blank\" rel=\"noopener\"><span style=\"font-weight: 400;\">Herramientas de optimizaci\u00f3n y soporte a las decisiones (3 cr\u00e9ditos ECTS)<\/span><\/a><\/li>\n<li><a href=\"https:\/\/drive.google.com\/file\/d\/1WlnHaxS9lnqIH_dAFa_2VlLrSKxeWkRO\/view\" target=\"_blank\" rel=\"noopener\"><span style=\"font-weight: 400;\">Miner\u00eda y Tratamiento Masivo de Datos (3 cr\u00e9ditos ECTS)<\/span><\/a><\/li>\n<li><a href=\"https:\/\/drive.google.com\/file\/d\/1z8bXHht4eM4NeLA7P5RPwWSUrKq9apnG\/view\" target=\"_blank\" rel=\"noopener\"><span style=\"font-weight: 400;\">Cloud computing, Open Data y <\/span><i><span style=\"font-weight: 400;\">Blockchain<\/span><\/i><span style=\"font-weight: 400;\"> (3 cr\u00e9ditos ECTS)<\/span><\/a><\/li>\n<\/ul>\n<p><span style=\"font-weight: 400;\">El<\/span><b> M\u00f3dulo en Movilidad Inteligente <\/b><span style=\"font-weight: 400;\">est\u00e1 formado por las siguientes asignaturas espec\u00edficas, tambi\u00e9n obligatorias:<\/span><\/p>\n<ul>\n<li><a href=\"https:\/\/drive.google.com\/file\/d\/1mF03wuxShQrVmVBSwpSJJakj7qEC8zTY\/view\" target=\"_blank\" rel=\"noopener\"><span style=\"font-weight: 400;\">Gesti\u00f3n de la movilidad (3 cr\u00e9ditos ECTS)<\/span><\/a><\/li>\n<li><a href=\"https:\/\/drive.google.com\/file\/d\/1RoxQfaiFkKZAYF-ZyeYYeFwkdSy_RCci\/view\" target=\"_blank\" rel=\"noopener\"><span style=\"font-weight: 400;\">Infraestructuras y sistemas de transportes (3 cr\u00e9ditos ECTS)<\/span><\/a><\/li>\n<li><a href=\"https:\/\/drive.google.com\/file\/d\/1maxuOkf4-ahCUybMtdR7C5UV1jxoCcWg\/view\" target=\"_blank\" rel=\"noopener\"><span style=\"font-weight: 400;\">La planificaci\u00f3n territorial del transporte y la movilidad (3 cr\u00e9ditos ECTS) <\/span><\/a><\/li>\n<li><a href=\"https:\/\/drive.google.com\/file\/d\/14MquzGIXVW02H_zJh32a52SvNEvHH-YR\/view\" target=\"_blank\" rel=\"noopener\"><span style=\"font-weight: 400;\">An\u00e1lisis y Dise\u00f1o sobre Sistemas de Informaci\u00f3n Geogr\u00e1fica (3 cr\u00e9ditos ECTS)<\/span><\/a><\/li>\n<\/ul>\n<p><span style=\"font-weight: 400;\">Por \u00faltimo, el M\u00e1ster en Transporte, Log\u00edstica y Movilidad incluye tambi\u00e9n una asignatura de Trabajo Fin de M\u00e1ster, de 6 cr\u00e9ditos ECTS, que se cursar\u00e1 tras haber cursado la pr\u00e1ctica totalidad de las asignaturas del m\u00e1ster. <\/span><\/p>\n<p><span style=\"font-weight: 400;\">Es una asignatura obligatoria, siendo imprescindible para la obtenci\u00f3n de la certificaci\u00f3n de M\u00e1ster, tal y como queda recogido en el Reglamento de T\u00edtulos Propios de la Universidad de La Laguna.<\/span><\/p>\n<p><span style=\"font-weight: 400;\">Para saber m\u00e1s sobre la organizaci\u00f3n docente puedes consultar la <\/span><a href=\"https:\/\/www.ull.es\/formacion-permanente\/master-propio-transporte-logistica-movilidad\/estructura-del-plan-de-estudios\/\" target=\"_blank\" rel=\"noopener\"><span style=\"font-weight: 400;\">estructura del plan de estudios.<\/span><\/a>[\/vc_column_text][\/vc_column][\/vc_row][vc_row][vc_column][vc_empty_space][\/vc_column][\/vc_row]<\/p>\n","protected":false},"excerpt":{"rendered":"<p>[vc_row][vc_column][vc_column_text] Estructura del plan de estudios [\/vc_column_text][\/vc_column][\/vc_row][vc_row][vc_column][vc_empty_space][\/vc_column][\/vc_row][vc_row][vc_column][vc_column_text]Este T\u00edtulo Propio de M\u00e1ster propio forma parte de una estructura modular que se vincula con otros tres t\u00edtulos propios de posgrado de nivel de Expertos Universitarios, denominados \u201cExperto en Gesti\u00f3n Integral de la Cadena de Suministro\u201d, \u201cExperto en Sistemas Inteligentes de Transporte\u201d y \u201cExperto en Movilidad Inteligente\u201d. Esta&#8230;<\/p>\n","protected":false},"author":4,"featured_media":0,"parent":0,"menu_order":0,"comment_status":"closed","ping_status":"closed","template":"","meta":{"footnotes":""},"class_list":["post-43","page","type-page","status-publish","hentry"],"_links":{"self":[{"href":"https:\/\/www.ull.es\/formacion-permanente\/experto-universitario-sistemas-inteligentes-transporte\/wp-json\/wp\/v2\/pages\/43","targetHints":{"allow":["GET"]}}],"collection":[{"href":"https:\/\/www.ull.es\/formacion-permanente\/experto-universitario-sistemas-inteligentes-transporte\/wp-json\/wp\/v2\/pages"}],"about":[{"href":"https:\/\/www.ull.es\/formacion-permanente\/experto-universitario-sistemas-inteligentes-transporte\/wp-json\/wp\/v2\/types\/page"}],"author":[{"embeddable":true,"href":"https:\/\/www.ull.es\/formacion-permanente\/experto-universitario-sistemas-inteligentes-transporte\/wp-json\/wp\/v2\/users\/4"}],"replies":[{"embeddable":true,"href":"https:\/\/www.ull.es\/formacion-permanente\/experto-universitario-sistemas-inteligentes-transporte\/wp-json\/wp\/v2\/comments?post=43"}],"version-history":[{"count":1,"href":"https:\/\/www.ull.es\/formacion-permanente\/experto-universitario-sistemas-inteligentes-transporte\/wp-json\/wp\/v2\/pages\/43\/revisions"}],"predecessor-version":[{"id":243,"href":"https:\/\/www.ull.es\/formacion-permanente\/experto-universitario-sistemas-inteligentes-transporte\/wp-json\/wp\/v2\/pages\/43\/revisions\/243"}],"wp:attachment":[{"href":"https:\/\/www.ull.es\/formacion-permanente\/experto-universitario-sistemas-inteligentes-transporte\/wp-json\/wp\/v2\/media?parent=43"}],"curies":[{"name":"wp","href":"https:\/\/api.w.org\/{rel}","templated":true}]}}