{"id":53,"date":"2019-02-28T13:44:26","date_gmt":"2019-02-28T12:44:26","guid":{"rendered":"http:\/\/www.ull.es\/formacion-permanente\/diploma-gastronomia\/?page_id=53"},"modified":"2019-09-27T14:16:48","modified_gmt":"2019-09-27T12:16:48","slug":"acceso-inscripcion","status":"publish","type":"page","link":"https:\/\/www.ull.es\/formacion-permanente\/experto-universitario-sistemas-inteligentes-transporte\/acceso-inscripcion\/","title":{"rendered":"Acceso &#8211; Inscripci\u00f3n"},"content":{"rendered":"<p>[vc_row][vc_column][vc_column_text]<\/p>\n<h1>Preinscripci\u00f3n<\/h1>\n<p>Debes formalizar tu preinscripci\u00f3n \u00a0a trav\u00e9s de la\u00a0<a href=\"https:\/\/www.ull.es\/formacion-permanente\/procedimiento-de-preinscripcion\/\" target=\"_blank\" rel=\"noopener\"><strong>Sede Electr\u00f3nica de la Universidad de La Laguna<\/strong><\/a>.<\/p>\n<p>La impartici\u00f3n comenzara el\u00a0<strong>11 de octubre de 2019<\/strong>.<\/p>\n<p><strong>\u00a1Inscr\u00edbete antes de que se agoten las plazas!<\/strong><\/p>\n<p>Si tienes alguna duda o necesitas asistencia en el tr\u00e1mite de preinscripci\u00f3n, puedes contactar con nosotros en:<\/p>\n<ul>\n<li>Tel\u00e9fono: (+34)922319927<\/li>\n<li>Correo electr\u00f3nico:\u00a0<a href=\"mailto:gestpropios@ull.es\" target=\"_blank\" rel=\"noopener\">gestpropios@ull.es<\/a><\/li>\n<li>A trav\u00e9s del\u00a0<a href=\"https:\/\/docs.google.com\/forms\/d\/e\/1FAIpQLSf53Qz_sV_9D_jhQgm94gccQ2d5ZdR_O_rKWidtuQMKF9zDmw\/viewform\" target=\"_blank\" rel=\"noopener\"><strong>formulario de solicitud de informaci\u00f3n y\/o ayuda<\/strong><\/a><\/li>\n<li>Presencialmente en la secretar\u00eda, situada en la Avenida de la Trinidad, 61. Aulario Torre Profesor Agust\u00edn Ar\u00e9valo, Planta 0, Campus Central Universidad de la Laguna, 38204, San Crist\u00f3bal de La Laguna<\/li>\n<\/ul>\n<p><u>Horario\u00a0de atenci\u00f3n al p\u00fablico:<\/u><\/p>\n<p>Lunes a viernes de 9:00 a 14:00 horas.<\/p>\n<p>Lunes de 16:30 a 19:00 horas.[\/vc_column_text][vc_empty_space][\/vc_column][\/vc_row][vc_row disable_element=\u00bbyes\u00bb][vc_column][vc_btn title=\u00bbIr al formulario de informaci\u00f3n\u00bb style=\u00bbflat\u00bb shape=\u00bbsquare\u00bb color=\u00bbblack\u00bb size=\u00bblg\u00bb align=\u00bbcenter\u00bb i_icon_fontawesome=\u00bbfa fa-wpforms\u00bb css_animation=\u00bbfadeInLeftBig\u00bb button_block=\u00bbtrue\u00bb add_icon=\u00bbtrue\u00bb link=\u00bburl:http%3A%2F%2Fwww.ull.es%2Fformacion-permanente%2Fexperto-universitario-sistemas-inteligentes-transporte%2Fformulario-de-inscripcion%2F|title:Formulario%20de%20inscripci%C3%B3n||rel:nofollow\u00bb][vc_empty_space][\/vc_column][\/vc_row][vc_row][vc_column][\/vc_column][\/vc_row]<\/p>\n","protected":false},"excerpt":{"rendered":"<p>[vc_row][vc_column][vc_column_text] Preinscripci\u00f3n Debes formalizar tu preinscripci\u00f3n \u00a0a trav\u00e9s de la\u00a0Sede Electr\u00f3nica de la Universidad de La Laguna. La impartici\u00f3n comenzara el\u00a011 de octubre de 2019. \u00a1Inscr\u00edbete antes de que se agoten las plazas! Si tienes alguna duda o necesitas asistencia en el tr\u00e1mite de preinscripci\u00f3n, puedes contactar con nosotros en: Tel\u00e9fono: (+34)922319927 Correo electr\u00f3nico:\u00a0gestpropios@ull.es A&#8230;<\/p>\n","protected":false},"author":4,"featured_media":0,"parent":0,"menu_order":0,"comment_status":"closed","ping_status":"closed","template":"","meta":{"footnotes":""},"class_list":["post-53","page","type-page","status-publish","hentry"],"_links":{"self":[{"href":"https:\/\/www.ull.es\/formacion-permanente\/experto-universitario-sistemas-inteligentes-transporte\/wp-json\/wp\/v2\/pages\/53","targetHints":{"allow":["GET"]}}],"collection":[{"href":"https:\/\/www.ull.es\/formacion-permanente\/experto-universitario-sistemas-inteligentes-transporte\/wp-json\/wp\/v2\/pages"}],"about":[{"href":"https:\/\/www.ull.es\/formacion-permanente\/experto-universitario-sistemas-inteligentes-transporte\/wp-json\/wp\/v2\/types\/page"}],"author":[{"embeddable":true,"href":"https:\/\/www.ull.es\/formacion-permanente\/experto-universitario-sistemas-inteligentes-transporte\/wp-json\/wp\/v2\/users\/4"}],"replies":[{"embeddable":true,"href":"https:\/\/www.ull.es\/formacion-permanente\/experto-universitario-sistemas-inteligentes-transporte\/wp-json\/wp\/v2\/comments?post=53"}],"version-history":[{"count":14,"href":"https:\/\/www.ull.es\/formacion-permanente\/experto-universitario-sistemas-inteligentes-transporte\/wp-json\/wp\/v2\/pages\/53\/revisions"}],"predecessor-version":[{"id":268,"href":"https:\/\/www.ull.es\/formacion-permanente\/experto-universitario-sistemas-inteligentes-transporte\/wp-json\/wp\/v2\/pages\/53\/revisions\/268"}],"wp:attachment":[{"href":"https:\/\/www.ull.es\/formacion-permanente\/experto-universitario-sistemas-inteligentes-transporte\/wp-json\/wp\/v2\/media?parent=53"}],"curies":[{"name":"wp","href":"https:\/\/api.w.org\/{rel}","templated":true}]}}