{"id":71,"date":"2019-02-28T14:53:20","date_gmt":"2019-02-28T13:53:20","guid":{"rendered":"http:\/\/www.ull.es\/formacion-permanente\/diploma-gastronomia\/?page_id=71"},"modified":"2019-09-20T15:27:57","modified_gmt":"2019-09-20T13:27:57","slug":"formulario-de-contacto","status":"publish","type":"page","link":"https:\/\/www.ull.es\/formacion-permanente\/experto-universitario-sistemas-inteligentes-transporte\/formulario-de-contacto\/","title":{"rendered":"Formulario de contacto"},"content":{"rendered":"<p>[vc_row][vc_column][vc_column_text]<\/p>\n<h1>Contactar<\/h1>\n<div class=\"wpb_text_column wpb_content_element \">\n<div class=\"wpb_wrapper\">\n<p>Si tienes cualquier tipo de duda puedes contactar con nosotros a trav\u00e9s de:<\/p>\n<ul>\n<li id=\"gmail-:fo.ma\" class=\"gmail-Mu gmail-SP\" title=\"10 de septiembre de 2019, 11:09:47 UTC+1\">\u00a0Tel\u00e9fono: (+34)922319927<\/li>\n<li class=\"gmail-Mu gmail-SP\" title=\"10 de septiembre de 2019, 11:09:47 UTC+1\">Correo electr\u00f3nico:\u00a0<a class=\"gmail-Xx\" dir=\"ltr\" tabindex=\"-1\" href=\"mailto:gestpropios@ull.es\" target=\"_blank\" rel=\"nofollow noreferrer noopener\" target=\"_blank\" rel=\"noopener\">gestpropios@ull.es<\/a><\/li>\n<li class=\"gmail-Mu gmail-SP\" title=\"10 de septiembre de 2019, 11:09:47 UTC+1\">A trav\u00e9s del\u00a0<a href=\"https:\/\/docs.google.com\/forms\/d\/e\/1FAIpQLSf6kCYD4nwxdRkA30e37i0nTJ7cPGhnl2q-T0r8UnufvhE7Hg\/viewform\" target=\"_blank\" rel=\"noopener\"><strong>formulario de solicitud de informaci\u00f3n y\/o ayuda<\/strong><\/a><\/li>\n<li class=\"gmail-Mu gmail-SP\" title=\"10 de septiembre de 2019, 11:09:47 UTC+1\">Presencialmente en la secretar\u00eda, situada en la Avenida de la Trinidad, 61. Aulario Torre Profesor Agust\u00edn Ar\u00e9valo, Planta 0, Campus Central Universidad de la Laguna, 38204, San Crist\u00f3bal de La Laguna<\/li>\n<\/ul>\n<div id=\"gmail-:fr.ma\" class=\"gmail-Mu gmail-SP\"><span id=\"gmail-:fr.co\" class=\"gmail-tL8wMe gmail-EMoHub\" dir=\"ltr\"><u>Horario\u00a0de atenci\u00f3n al p\u00fablico:<\/u><br \/>\nLunes a viernes de 9:00 a 14:00 horas.<br \/>\nLunes de 16:30 a 19:00 horas.<br \/>\n<\/span><\/div>\n<div><\/div>\n<div class=\"gmail-Mu gmail-SP\"><span id=\"gmail-:fr.co\" class=\"gmail-tL8wMe gmail-EMoHub\" dir=\"ltr\">Por el contrario, si quieres comenzar el proceso de<b>\u00a0preinscripci\u00f3n<\/b>\u00a0debes hacerlo\u00a0<a href=\"https:\/\/www.ull.es\/formacion-permanente\/procedimiento-de-preinscripcion\/\" target=\"_blank\" rel=\"noopener\"><strong>a trav\u00e9s de la Sede Electr\u00f3nica de la ULL<\/strong><\/a><\/span><\/div>\n<\/div>\n<\/div>\n<p>[\/vc_column_text][vc_empty_space][\/vc_column][\/vc_row][vc_row disable_element=\u00bbyes\u00bb][vc_column][vc_raw_html]JTNDaWZyYW1lJTIwc3JjJTNEJTIyaHR0cHMlM0ElMkYlMkZkb2NzLmdvb2dsZS5jb20lMkZmb3JtcyUyRmQlMkZlJTJGMUZBSXBRTFNlZHhvOXp3VjQ5MWs3WnAyMUdYU2taVXZETm9OZEd5TXpYeGdicEtwOFFFREZESlElMkZ2aWV3Zm9ybSUzRmVtYmVkZGVkJTNEdHJ1ZSUyMiUyMHdpZHRoJTNEJTIyNjQwJTIyJTIwaGVpZ2h0JTNEJTIyMTI1OCUyMiUyMGZyYW1lYm9yZGVyJTNEJTIyMCUyMiUyMG1hcmdpbmhlaWdodCUzRCUyMjAlMjIlMjBtYXJnaW53aWR0aCUzRCUyMjAlMjIlM0VDYXJnYW5kby4uLiUzQyUyRmlmcmFtZSUzRQ==[\/vc_raw_html][\/vc_column][\/vc_row][vc_row disable_element=\u00bbyes\u00bb][vc_column][vc_raw_html]JTNDZGl2JTIwY2xhc3MlM0QlMjJwaXBlZHJpdmVXZWJGb3JtcyUyMiUyMGRhdGEtcGQtd2ViZm9ybXMlM0QlMjJodHRwcyUzQSUyRiUyRnBpcGVkcml2ZXdlYmZvcm1zLmNvbSUyRmZvcm0lMkY5ZGEwYjJiNmYzNGZlOGNiMjZmODk2OWFhMDVhNWRiMzQ1NzA4NTMlMjIlM0UlM0NzY3JpcHQlMjBzcmMlM0QlMjJodHRwcyUzQSUyRiUyRmNkbi5waXBlZHJpdmVhc3NldHMuY29tJTJGd2ViLWZvcm0tYXNzZXRzJTJGd2ViZm9ybXMubWluLmpzJTIyJTNFJTNDJTJGc2NyaXB0JTNFJTNDJTJGZGl2JTNF[\/vc_raw_html][\/vc_column][\/vc_row]<\/p>\n","protected":false},"excerpt":{"rendered":"<p>[vc_row][vc_column][vc_column_text] Contactar Si tienes cualquier tipo de duda puedes contactar con nosotros a trav\u00e9s de: \u00a0Tel\u00e9fono: (+34)922319927 Correo electr\u00f3nico:\u00a0gestpropios@ull.es A trav\u00e9s del\u00a0formulario de solicitud de informaci\u00f3n y\/o ayuda Presencialmente en la secretar\u00eda, situada en la Avenida de la Trinidad, 61. Aulario Torre Profesor Agust\u00edn Ar\u00e9valo, Planta 0, Campus Central Universidad de la Laguna, 38204, San&#8230;<\/p>\n","protected":false},"author":4,"featured_media":0,"parent":0,"menu_order":0,"comment_status":"closed","ping_status":"closed","template":"","meta":{"footnotes":""},"class_list":["post-71","page","type-page","status-publish","hentry"],"_links":{"self":[{"href":"https:\/\/www.ull.es\/formacion-permanente\/experto-universitario-sistemas-inteligentes-transporte\/wp-json\/wp\/v2\/pages\/71","targetHints":{"allow":["GET"]}}],"collection":[{"href":"https:\/\/www.ull.es\/formacion-permanente\/experto-universitario-sistemas-inteligentes-transporte\/wp-json\/wp\/v2\/pages"}],"about":[{"href":"https:\/\/www.ull.es\/formacion-permanente\/experto-universitario-sistemas-inteligentes-transporte\/wp-json\/wp\/v2\/types\/page"}],"author":[{"embeddable":true,"href":"https:\/\/www.ull.es\/formacion-permanente\/experto-universitario-sistemas-inteligentes-transporte\/wp-json\/wp\/v2\/users\/4"}],"replies":[{"embeddable":true,"href":"https:\/\/www.ull.es\/formacion-permanente\/experto-universitario-sistemas-inteligentes-transporte\/wp-json\/wp\/v2\/comments?post=71"}],"version-history":[{"count":3,"href":"https:\/\/www.ull.es\/formacion-permanente\/experto-universitario-sistemas-inteligentes-transporte\/wp-json\/wp\/v2\/pages\/71\/revisions"}],"predecessor-version":[{"id":267,"href":"https:\/\/www.ull.es\/formacion-permanente\/experto-universitario-sistemas-inteligentes-transporte\/wp-json\/wp\/v2\/pages\/71\/revisions\/267"}],"wp:attachment":[{"href":"https:\/\/www.ull.es\/formacion-permanente\/experto-universitario-sistemas-inteligentes-transporte\/wp-json\/wp\/v2\/media?parent=71"}],"curies":[{"name":"wp","href":"https:\/\/api.w.org\/{rel}","templated":true}]}}