{"id":120,"date":"2019-03-08T13:48:51","date_gmt":"2019-03-08T12:48:51","guid":{"rendered":"http:\/\/www.ull.es\/formacion-permanente\/diploma-gastronomia\/?page_id=120"},"modified":"2022-08-03T12:24:31","modified_gmt":"2022-08-03T10:24:31","slug":"para-quien","status":"publish","type":"page","link":"https:\/\/www.ull.es\/formacion-permanente\/master-propio-agroecologia-soberania-alimentaria\/para-quien\/","title":{"rendered":"\u00bfPara qui\u00e9n?"},"content":{"rendered":"<p>[vc_row][vc_column width=\u00bb2\/3&#8243;][vc_row_inner][vc_column_inner][vc_column_text]<\/p>\n<h1><span style=\"font-weight: 400;\">\u00bfPara qui\u00e9n?<\/span><\/h1>\n<p><span style=\"font-weight: 400;\">El curso va dirigido para personas interesadas en ampliar sus conocimientos te\u00f3ricos y pr\u00e1cticos en el manejo con bases agroecol\u00f3gica de \u00a0sistemas agropecuarios, en el dise\u00f1o de estrategias para avanzar en soberan\u00eda alimentaria, en la aplicaci\u00f3n de las bases para desarrollar una ecolog\u00eda urbana en las ciudades y municipios y en dotar de los instrumentos para formular proyectos de cooperaci\u00f3n internacional con bases agroecol\u00f3gicas.<\/span>[\/vc_column_text][\/vc_column_inner][\/vc_row_inner][vc_tta_accordion style=\u00bbflat\u00bb shape=\u00bbsquare\u00bb c_icon=\u00bbchevron\u00bb active_section=\u00bb1&#8243; no_fill=\u00bbtrue\u00bb collapsible_all=\u00bbtrue\u00bb][vc_tta_section title=\u00bbCriterios de acceso\u00bb tab_id=\u00bbCriterios-de-acceso\u00bb][vc_column_text]<\/p>\n<table>\n<tbody>\n<tr>\n<td width=\"388\"><strong>CRITERIOS DE SELECCI\u00d3N<\/strong><\/td>\n<td width=\"154\"><strong>BAREMO<\/strong><\/td>\n<\/tr>\n<tr>\n<td width=\"388\">\u00a0\u00a0 Nota media del expediente acad\u00e9mico<\/td>\n<td width=\"154\">&#8211; \u00a033%<\/td>\n<\/tr>\n<tr>\n<td width=\"388\">\u00a0\u00a0 Formaci\u00f3n en materias afines al master<\/td>\n<td width=\"154\">&#8211; 33%<\/td>\n<\/tr>\n<tr>\n<td width=\"388\">\u00a0 Experiencia profesional o de investigaci\u00f3n en materias afines al master<\/td>\n<td width=\"154\">\u00a0&#8211; 34%<\/td>\n<\/tr>\n<\/tbody>\n<\/table>\n<p>&nbsp;<\/p>\n<ul>\n<li><span style=\"font-weight: 400;\">Nota media del expediente: \u00a0\u00a0<\/span>\n<ul>\n<li><span style=\"font-weight: 400;\">Sobresaliente&#8230;&#8230;. 10 puntos<\/span><\/li>\n<li>Notable\u2026\u2026&#8230;&#8230;.\u2026.. 8 puntos<\/li>\n<li>Aprobado\u2026&#8230;.\u2026.. \u00a0\u00a0\u00a06 puntos<\/li>\n<\/ul>\n<\/li>\n<li>Cursos afines:\n<ul>\n<li>Master\u2026\u2026\u2026\u2026\u2026\u2026\u2026\u2026\u2026\u2026\u2026\u2026\u2026.. 10 puntos<\/li>\n<li>Grados\u2026\u2026\u2026\u2026\u2026\u2026\u2026\u2026\u2026\u2026\u2026\u2026\u2026.. 8 puntos<\/li>\n<li><span style=\"font-weight: 400;\">Diplomas\u2026 \u2026\u2026\u2026\u2026\u2026\u2026\u2026\u2026\u2026\u2026\u2026. 4 puntos<\/span><\/li>\n<\/ul>\n<\/li>\n<li>Experiencia profesional o de investigaci\u00f3n:\n<ul>\n<li>Cada a\u00f1o de experiencia: 4 puntos<\/li>\n<\/ul>\n<\/li>\n<\/ul>\n<p>[\/vc_column_text][\/vc_tta_section][\/vc_tta_accordion][\/vc_column][vc_column width=\u00bb1\/3&#8243;][vc_column_text]<ul class=\"widget-box\">\n<li class='contacto-header'>Informaci\u00f3n de contacto<\/li><\/ul>\n[\/vc_column_text][\/vc_column][\/vc_row]<\/p>\n","protected":false},"excerpt":{"rendered":"<p>[vc_row][vc_column width=\u00bb2\/3&#8243;][vc_row_inner][vc_column_inner][vc_column_text] \u00bfPara qui\u00e9n? El curso va dirigido para personas interesadas en ampliar sus conocimientos te\u00f3ricos y pr\u00e1cticos en el manejo con bases agroecol\u00f3gica de \u00a0sistemas agropecuarios, en el dise\u00f1o de estrategias para avanzar en soberan\u00eda alimentaria, en la aplicaci\u00f3n de las bases para desarrollar una ecolog\u00eda urbana en las ciudades y municipios y en&#8230;<\/p>\n","protected":false},"author":4,"featured_media":0,"parent":0,"menu_order":0,"comment_status":"closed","ping_status":"closed","template":"","meta":{"footnotes":""},"class_list":["post-120","page","type-page","status-publish","hentry"],"_links":{"self":[{"href":"https:\/\/www.ull.es\/formacion-permanente\/master-propio-agroecologia-soberania-alimentaria\/wp-json\/wp\/v2\/pages\/120","targetHints":{"allow":["GET"]}}],"collection":[{"href":"https:\/\/www.ull.es\/formacion-permanente\/master-propio-agroecologia-soberania-alimentaria\/wp-json\/wp\/v2\/pages"}],"about":[{"href":"https:\/\/www.ull.es\/formacion-permanente\/master-propio-agroecologia-soberania-alimentaria\/wp-json\/wp\/v2\/types\/page"}],"author":[{"embeddable":true,"href":"https:\/\/www.ull.es\/formacion-permanente\/master-propio-agroecologia-soberania-alimentaria\/wp-json\/wp\/v2\/users\/4"}],"replies":[{"embeddable":true,"href":"https:\/\/www.ull.es\/formacion-permanente\/master-propio-agroecologia-soberania-alimentaria\/wp-json\/wp\/v2\/comments?post=120"}],"version-history":[{"count":18,"href":"https:\/\/www.ull.es\/formacion-permanente\/master-propio-agroecologia-soberania-alimentaria\/wp-json\/wp\/v2\/pages\/120\/revisions"}],"predecessor-version":[{"id":309,"href":"https:\/\/www.ull.es\/formacion-permanente\/master-propio-agroecologia-soberania-alimentaria\/wp-json\/wp\/v2\/pages\/120\/revisions\/309"}],"wp:attachment":[{"href":"https:\/\/www.ull.es\/formacion-permanente\/master-propio-agroecologia-soberania-alimentaria\/wp-json\/wp\/v2\/media?parent=120"}],"curies":[{"name":"wp","href":"https:\/\/api.w.org\/{rel}","templated":true}]}}