{"id":43,"date":"2019-02-28T13:06:59","date_gmt":"2019-02-28T12:06:59","guid":{"rendered":"http:\/\/www.ull.es\/formacion-permanente\/diploma-gastronomia\/?page_id=43"},"modified":"2025-08-11T14:27:53","modified_gmt":"2025-08-11T12:27:53","slug":"guias-docentes","status":"publish","type":"page","link":"https:\/\/www.ull.es\/formacion-permanente\/master-propio-medicina-urgencias\/guias-docentes\/","title":{"rendered":"Gu\u00edas docentes"},"content":{"rendered":"\n<div class=\"wp-block-stackable-columns alignfull stk-block-columns stk-block stk-8657999\" data-block-id=\"8657999\"><style>.stk-8657999 {padding-bottom:0px !important;margin-top:-30px !important;margin-bottom:0px !important;}@media screen and (max-width: 767px){.stk-8657999 {margin-top:-10% !important;}}<\/style><div class=\"stk-row stk-inner-blocks stk-block-content stk-content-align stk-8657999-column alignfull\">\n<div class=\"wp-block-stackable-column stk-block-column stk-column stk-block stk-914f03e\" data-v=\"4\" data-block-id=\"914f03e\"><div class=\"stk-column-wrapper stk-block-column__content stk-container stk-914f03e-container stk--no-background stk--no-padding\"><div class=\"stk-block-content stk-inner-blocks stk-914f03e-inner-blocks\"><style id=\"depicter-2-inline-pre-css\">\n\n.depicter-2:not(.depicter-ready){\n\theight:450px;\n}\n\n\/***** Tablet *****\/\n@media screen and (max-width: 1024px){\n\n.depicter-2:not(.depicter-ready){\n\theight:700px;\n}\n\n}\n\/***** Mobile *****\/\n@media screen and (max-width: 767px){\n\n.depicter-2:not(.depicter-ready){\n\theight:450px;\n}\n\n}\n<\/style>\n<div id=\"depicter-2\" class=\"depicter depicter-document depicter-revert depicter-2 depicter-layout-fullwidth\">\n\n<div class=\"depicter-loading-container depicter-loading dotFlashing-dark\"><div class=\"depicter-loading-dark depicter-dot-flashing\">\n   <span><\/span>\n   <span><\/span>\n   <span><\/span>\n<\/div><\/div>\n<div id=\"depicter-2-section-1\" class=\"depicter-section depicter-2-section-1\" data-name=\"Section 1\" data-local-id=\"section-1\">\n<picture class=\"depicter-bg\">\n<source data-depicter-srcset=\"https:\/\/www.ull.es\/formacion-permanente\/master-propio-medicina-urgencias\/wp-content\/uploads\/sites\/35\/2025\/08\/@PeXi40568-768x512.jpg, https:\/\/www.ull.es\/formacion-permanente\/master-propio-medicina-urgencias\/wp-content\/uploads\/sites\/35\/2025\/08\/@PeXi40568.jpg 2x\" srcset=\"data:image\/gif;base64,R0lGODlhAQABAIAAAAAAAP\/\/\/yH5BAEAAAAALAAAAAABAAEAAAIBRAA7\" media=\"(max-width: 1024px)\" \/>\n\n<source data-depicter-srcset=\"https:\/\/www.ull.es\/formacion-permanente\/master-propio-medicina-urgencias\/wp-content\/uploads\/sites\/35\/2025\/08\/@PeXi40568.jpg, https:\/\/www.ull.es\/formacion-permanente\/master-propio-medicina-urgencias\/wp-content\/uploads\/sites\/35\/2025\/08\/@PeXi40568-1920x1280.jpg 2x\" srcset=\"data:image\/gif;base64,R0lGODlhAQABAIAAAAAAAP\/\/\/yH5BAEAAAAALAAAAAABAAEAAAIBRAA7\" media=\"(min-width: 1025px)\" \/>\n<img decoding=\"async\" src=\"data:image\/gif;base64,R0lGODlhAQABAIAAAAAAAP\/\/\/yH5BAEAAAAALAAAAAABAAEAAAIBRAA7\" data-ken-burns=\"false\" data-tablet-ken-burns=\"false\" data-mobile-ken-burns=\"false\" alt=\"\" data-depicter-src=\"https:\/\/www.ull.es\/formacion-permanente\/master-propio-medicina-urgencias\/wp-content\/uploads\/sites\/35\/2025\/08\/@PeXi40568.jpg\" data-object-fit=\"custom,custom,\" data-object-position=\"center top,,\" data-crop=\"{'focalPoint':{'x':0.5,'y':0.5},'mediaSize':{'width':1200,'height':800}}\" data-tablet-crop=\"{'focalPoint':{'x':0.5,'y':0.5},'mediaSize':{'width':1050,'height':700}}\" data-mobile-crop=\"{'focalPoint':{'x':0.5,'y':0.5},'mediaSize':{'width':675,'height':450}}\" \/>\n<\/picture>\n\n\n<h1 id=\"depicter-2-element-5\" class=\"depicter-element depicter-layer depicter-2-element-5\" data-type=\"text\" data-wrap=\"true\" data-name=\"Text 2\" data-local-id=\"element-5\" data-offset=\"x:0px;y:118px;origin:tl\" data-tablet-offset=\"x:189px;y:206px;origin:tl\" data-mobile-offset=\"x:-2px;y:171px;origin:tl\" data-width=\"1060px,646px,376px\" data-height=\"auto,auto,auto\" data-responsive-scale=\"true,,\">M\u00e1ster propio Interuniversitario en Medicina de Urgencias ULL-ULPGC<br><\/h1>\n\n<div id=\"depicter-2-element-10\" class=\"depicter-element depicter-layer depicter-2-element-10\" data-type=\"shape\" data-wrap=\"true\" data-name=\"Shape 1\" data-local-id=\"element-10\" data-offset=\"x:0px;y:366px;origin:tl\" data-tablet-offset=\"x:189px;y:506px;origin:tl\" data-mobile-offset=\"x:0px;y:313px;origin:tl\" data-width=\"968px,647px,360px\" data-height=\"8px,8px,8px\" data-responsive-scale=\"true,,\"><\/div>\n<\/div>\n<\/div>\n<script>\n(window.depicterSetups = window.depicterSetups || []).push(function(){\n\tDepicter.basePath = 'https:\/\/www.ull.es\/formacion-permanente\/master-propio-medicina-urgencias\/wp-content\/plugins\/depicter\/resources\/scripts\/player\/';\n\tconst dpPlayer = Depicter.setup('.depicter-2',\n\t\t{\"width\":[\"1200\",\"1024\",\"360\"],\"height\":[\"450\",\"700\",\"450\"],\"view\":\"basic\",\"keepAspectRatio\":true,\"preload\":0,\"layout\":\"fullwidth\",\"rtl\":false,\"initAfterAppear\":false,\"ajaxApiUrl\":\"https:\\\/\\\/www.ull.es\\\/formacion-permanente\\\/master-propio-medicina-urgencias\\\/wp-admin\\\/admin-ajax.php\",\"mouseSwipe\":true,\"touchSwipe\":true,\"useWatermark\":false}\n\t);\n});\n<\/script><\/div><\/div><\/div>\n<\/div><\/div>\n\n\n\n<div class=\"wp-block-stackable-columns alignfull stk-block-columns stk--hide-mobile stk-block stk-ceecbdc stk-block-background\" data-block-id=\"ceecbdc\"><style>.stk-ceecbdc {background-color:#e2be27 !important;padding-top:65px !important;padding-right:0px !important;padding-bottom:2px !important;padding-left:0px !important;margin-top:-20px !important;margin-bottom:0px !important;}.stk-ceecbdc:before{background-color:#e2be27 !important;}<\/style><div class=\"stk-row stk-inner-blocks stk-block-content stk-content-align stk-ceecbdc-column alignfull\">\n<div class=\"wp-block-stackable-column stk-block-column stk-column stk-block stk-fc60a5d\" data-v=\"4\" data-block-id=\"fc60a5d\"><div class=\"stk-column-wrapper stk-block-column__content stk-container stk-fc60a5d-container stk--no-background stk--no-padding\"><div class=\"stk-block-content stk-inner-blocks stk-fc60a5d-inner-blocks\">\n<div class=\"wp-block-stackable-spacer stk-block-spacer stk--no-padding stk-block stk-a3a8a68\" data-block-id=\"a3a8a68\"><style>.stk-a3a8a68 {height:0px !important;}<\/style><\/div>\n<\/div><\/div><\/div>\n<\/div><\/div>\n\n\n\n<div class=\"wp-block-stackable-columns stk-block-columns stk-block stk-8b59b96\" data-block-id=\"8b59b96\"><style>.stk-8b59b96 .stk--block-align-8b59b96{align-items:flex-start !important;}.stk-8b59b96 {margin-top:50px !important;}.stk-8b59b96-column{--stk-columns-spacing:0px !important;--stk-column-gap:50px !important;}@media screen and (max-width: 767px){.stk-8b59b96-column{row-gap:var(--stk--preset--spacing--60, 2.25rem) !important;}}<\/style><div class=\"stk-row stk-inner-blocks stk--block-align-8b59b96 stk-block-content stk-content-align stk-8b59b96-column\">\n<div class=\"wp-block-stackable-column stk-block-column stk-column stk-block stk-dbb7e15\" data-v=\"4\" data-block-id=\"dbb7e15\"><style>@media screen and (min-width: 768px){.stk-dbb7e15 {flex:var(--stk-flex-grow, 1) 1 66.7% !important;}}<\/style><div class=\"stk-column-wrapper stk-block-column__content stk-container stk-dbb7e15-container stk--no-background stk--no-padding\"><div class=\"stk-block-content stk-inner-blocks stk-dbb7e15-inner-blocks\">\n<div class=\"wp-block-stackable-heading stk-block-heading stk-block-heading--v2 stk-block stk-fc6338c\" id=\"guias-docentes\" data-block-id=\"fc6338c\"><style>.stk-fc6338c .stk-block-heading__text{color:#000000 !important;}<\/style><h1 class=\"stk-block-heading__text has-text-color\">Gu\u00edas docentes<\/h1><\/div>\n\n\n\n<ol class=\"wp-block-list\">\n<li><a href=\"https:\/\/drive.google.com\/open?id=1-BfC9Ias8IZabcHopxRFqrCoGdNy2Kxi\" target=\"_blank\" rel=\"noreferrer noopener\" target=\"_blank\" rel=\"noopener\">Aspectos organizativos, asistenciales y profesionales en Medicina de Urgencias<\/a><\/li>\n\n\n\n<li><a href=\"https:\/\/drive.google.com\/open?id=16qGJ48MuisPTKVyFJn62fdR9qK0h4VTA\" target=\"_blank\" rel=\"noreferrer noopener\" target=\"_blank\" rel=\"noopener\">Coordinaci\u00f3n Sanitaria\u00a0<\/a><\/li>\n\n\n\n<li><a href=\"https:\/\/drive.google.com\/open?id=1Z0gRpXlmFV37FmzqQkroWXgyCJrXNqq7\" target=\"_blank\" rel=\"noreferrer noopener\" target=\"_blank\" rel=\"noopener\">Urgencias Hospitalarias; aspectos diferenciales de la medicina urgente<\/a><\/li>\n\n\n\n<li><a href=\"https:\/\/drive.google.com\/open?id=1912MRA2iPEPCWHyIZpxLVcUBr24tPOX7\" target=\"_blank\" rel=\"noreferrer noopener\" target=\"_blank\" rel=\"noopener\">Asistencia Y Transporte Sanitario\u00a0<\/a><\/li>\n\n\n\n<li><a href=\"https:\/\/drive.google.com\/open?id=1hVKN1mPoxU4KaxxRIhirTfqLtCrodFSF\" target=\"_blank\" rel=\"noreferrer noopener\" target=\"_blank\" rel=\"noopener\">Calidad Asistencial en Urgencias y Emergencias.<\/a><\/li>\n\n\n\n<li><a href=\"https:\/\/drive.google.com\/open?id=1q0JCzQV886aC4r38RacRXMkgK88ZqZPd\" target=\"_blank\" rel=\"noreferrer noopener\" target=\"_blank\" rel=\"noopener\">Demograf\u00eda y Epidemiolog\u00eda de Urgencias<\/a><\/li>\n\n\n\n<li><a href=\"https:\/\/drive.google.com\/open?id=1n9nRDDo4SwgYKKEJG7PD33j0dQYLvVyT\" target=\"_blank\" rel=\"noreferrer noopener\" target=\"_blank\" rel=\"noopener\">Sinergia Medicina P\u00fablica-Privada. Eficiencia y Equidad en Sanidad.<\/a><\/li>\n\n\n\n<li><a href=\"https:\/\/drive.google.com\/open?id=1XlOY4rxNGjWSikxrzecY3Bheb9Pg3xDD\" target=\"_blank\" rel=\"noreferrer noopener\" target=\"_blank\" rel=\"noopener\">Asistencia Sanitaria en Cat\u00e1strofes<\/a><\/li>\n\n\n\n<li><a href=\"https:\/\/drive.google.com\/open?id=16xIbwLh6ubbD1qcsojrI1D6q9Qv_3r_5\" target=\"_blank\" rel=\"noreferrer noopener\" target=\"_blank\" rel=\"noopener\">Urgencias Toraco \u2013 Abdominales<\/a><\/li>\n\n\n\n<li><a href=\"https:\/\/drive.google.com\/open?id=1_9Y1JrtjAFhUr6uTO7MvF_c6L8z5bTJJ\" target=\"_blank\" rel=\"noreferrer noopener\" target=\"_blank\" rel=\"noopener\">Manejo Radiol\u00f3gico en Pacientes Urgentes y Cr\u00edticos<\/a><\/li>\n\n\n\n<li><a href=\"https:\/\/drive.google.com\/open?id=1STBz4JbBZHP3-jYLzQjIMLQq8X8JKP0u\" target=\"_blank\" rel=\"noreferrer noopener\" target=\"_blank\" rel=\"noopener\">Urgencias Urol\u00f3gicas.<\/a><\/li>\n\n\n\n<li><a href=\"https:\/\/drive.google.com\/open?id=1tUCxuFXNu9mpm-_Yk8iwtgYowOoT682p\" target=\"_blank\" rel=\"noreferrer noopener\" target=\"_blank\" rel=\"noopener\">Urgencias M\u00e9dicas.<\/a><\/li>\n\n\n\n<li><a href=\"https:\/\/drive.google.com\/open?id=10UaaMD_P5KGZ35HwI9LzDp4VxTM-C_Wm\" target=\"_blank\" rel=\"noreferrer noopener\" target=\"_blank\" rel=\"noopener\">Atenci\u00f3n al Paciente Politraumatizado<\/a><\/li>\n\n\n\n<li><a href=\"https:\/\/drive.google.com\/open?id=14qP9ByNRBg8-hgcbFwEfGQiovCdjq6M1\" target=\"_blank\" rel=\"noreferrer noopener\" target=\"_blank\" rel=\"noopener\">Quemaduras<\/a><\/li>\n\n\n\n<li><a href=\"https:\/\/drive.google.com\/open?id=1RtcWClfLc9A4cQcjBxG3L7Ng9uQtLQ34\" target=\"_blank\" rel=\"noreferrer noopener\" target=\"_blank\" rel=\"noopener\">Urgencias Pedi\u00e1tricas<\/a><\/li>\n\n\n\n<li><a href=\"https:\/\/drive.google.com\/open?id=1H8azR5VIV3xEjfgw6BvGmYn_RoaUZylv\" target=\"_blank\" rel=\"noreferrer noopener\" target=\"_blank\" rel=\"noopener\">Toxicolog\u00eda Cl\u00ednica<\/a><\/li>\n\n\n\n<li><a href=\"https:\/\/drive.google.com\/open?id=1qBscTslFTQ9jtOtk-HZ7d15AP_Jo6k81\" target=\"_blank\" rel=\"noreferrer noopener\" target=\"_blank\" rel=\"noopener\">Urgencias Neurol\u00f3gicas.<\/a><\/li>\n\n\n\n<li><a href=\"https:\/\/drive.google.com\/open?id=1P67trguLzUHdwhPl9T9VYIrJ6itMcDFS\" target=\"_blank\" rel=\"noreferrer noopener\" target=\"_blank\" rel=\"noopener\">Urgencias en Otorrinolaringolog\u00eda<\/a><\/li>\n\n\n\n<li><a href=\"https:\/\/drive.google.com\/open?id=1lAcA6jOAgm2CINQf_cDWg8hOgb0oVIjd\" target=\"_blank\" rel=\"noreferrer noopener\" target=\"_blank\" rel=\"noopener\">Urgencias Cardiol\u00f3gicas<\/a><\/li>\n\n\n\n<li><a href=\"https:\/\/drive.google.com\/open?id=1wTsFmf7KC6cl_XopxLHy5My3LfANYXeQ\" target=\"_blank\" rel=\"noreferrer noopener\" target=\"_blank\" rel=\"noopener\">Urgencias M\u00e9dico \u2013 Quir\u00fargicas Cardiovasculares<\/a><\/li>\n\n\n\n<li><a href=\"https:\/\/drive.google.com\/open?id=1gNvE9pf3AQ5PppRILmRygT5QZQlc4fCD\" target=\"_blank\" rel=\"noreferrer noopener\" target=\"_blank\" rel=\"noopener\">Urgencias en Medicina Subacu\u00e1tica e Hiperb\u00e1rica<\/a><\/li>\n\n\n\n<li><a href=\"https:\/\/drive.google.com\/open?id=13vScLaEmDkcR_5c-Aqe4w-Z1aqBrDsyL\" target=\"_blank\" rel=\"noreferrer noopener\" target=\"_blank\" rel=\"noopener\">Urgencias Endocrinas<\/a><\/li>\n\n\n\n<li><a href=\"https:\/\/drive.google.com\/open?id=1RpyHQ0LTFEL63A9jT9oGYDLVFqp64_bR\" target=\"_blank\" rel=\"noreferrer noopener\" target=\"_blank\" rel=\"noopener\">Aspectos Anest\u00e9sicos en las Urgencias<\/a><\/li>\n\n\n\n<li><a href=\"https:\/\/drive.google.com\/open?id=1hAZQrbeCt5u1p1VhK4sMfJxXxdJZWbiB\" target=\"_blank\" rel=\"noreferrer noopener\" target=\"_blank\" rel=\"noopener\">Urgencias en Traumatolog\u00eda<\/a><\/li>\n\n\n\n<li><a href=\"https:\/\/drive.google.com\/file\/d\/1yMVKvQUOpTObEnnf5wohVmPJcO6wqNxa\/view?usp=sharing\" target=\"_blank\" rel=\"noreferrer noopener\" target=\"_blank\" rel=\"noopener\">Urgencias y Medios de Comunicaci\u00f3n.<\/a><\/li>\n\n\n\n<li><a href=\"https:\/\/drive.google.com\/open?id=1qMOBQRwbbRA4ttSE_3eKeweb4BnpJdVK\" target=\"_blank\" rel=\"noreferrer noopener\" target=\"_blank\" rel=\"noopener\">Urgencias Tor\u00e1cicas<\/a><\/li>\n\n\n\n<li><a href=\"https:\/\/drive.google.com\/open?id=193yZtTI4_QCeW7MHuYxa3yZyyBMEor8d\" target=\"_blank\" rel=\"noreferrer noopener\" target=\"_blank\" rel=\"noopener\">Urgencias Ginecol\u00f3gicas<\/a><\/li>\n\n\n\n<li><a href=\"https:\/\/drive.google.com\/open?id=1HLetJR71ks55-XZo-jH4iZ5C5e8_u5Xb\" target=\"_blank\" rel=\"noreferrer noopener\" target=\"_blank\" rel=\"noopener\">Urgencias Neumol\u00f3gicas<\/a><\/li>\n\n\n\n<li><a href=\"https:\/\/drive.google.com\/open?id=1JPCaRGSeLZtydMyzkXBQ1jK84YhI2HlG\" target=\"_blank\" rel=\"noreferrer noopener\" target=\"_blank\" rel=\"noopener\">Urgencias Neuroquir\u00fargicas<\/a><\/li>\n\n\n\n<li><a href=\"https:\/\/drive.google.com\/open?id=1R6UKJ8gO-KE-6NxmI1QpHu2KeogU-WA7\" target=\"_blank\" rel=\"noreferrer noopener\" target=\"_blank\" rel=\"noopener\">Urgencias Oft\u00e1lmicas<\/a><\/li>\n\n\n\n<li><a href=\"https:\/\/drive.google.com\/open?id=1pfybyEh3EVoL3XRL99DSjyYl-kkiwudc\" target=\"_blank\" rel=\"noreferrer noopener\" target=\"_blank\" rel=\"noopener\">Pr\u00e1cticas Externas I<\/a><\/li>\n\n\n\n<li><a href=\"https:\/\/drive.google.com\/open?id=1AEl3StPeBnaBSyDn02RJlA8l_7zdXZTM\" target=\"_blank\" rel=\"noreferrer noopener\" target=\"_blank\" rel=\"noopener\">Pr\u00e1cticas Externas II<\/a><\/li>\n\n\n\n<li><a href=\"https:\/\/drive.google.com\/open?id=1cxOF6lbpWy7fqual8WbVCoknSTXJvPU6\" target=\"_blank\" rel=\"noreferrer noopener\" target=\"_blank\" rel=\"noopener\">Trabajo Fin\u00a0 de T\u00edtulo<\/a><\/li>\n\n\n\n<li><a href=\"https:\/\/drive.google.com\/open?id=1efxsFQu0rKgIDl_COx0CVu-dNY3xrF9y\" target=\"_blank\" rel=\"noreferrer noopener\" target=\"_blank\" rel=\"noopener\">Complemento del TFT<\/a><\/li>\n\n\n\n<li>Para saber m\u00e1s sobre la organizaci\u00f3n docente puedes consultar la\u00a0<a href=\"http:\/\/www.ull.es\/titulospropios\/master-propio-medicina-urgencias\/estructura-del-plan-de-estudios\/\" target=\"_blank\" rel=\"noreferrer noopener\" target=\"_blank\" rel=\"noopener\">estructura del plan de estudios<\/a>.<\/li>\n<\/ol>\n<\/div><\/div><\/div>\n\n\n\n<div class=\"wp-block-stackable-column stk-block-column stk-column stk-block stk-53ec762\" data-v=\"4\" data-block-id=\"53ec762\"><style>.stk-53ec762-inner-blocks{row-gap:0px !important;}.stk-53ec762 {padding-top:0px !important;padding-right:0px !important;padding-bottom:0px !important;padding-left:0px !important;margin-top:1.75% !important;}@media screen and (min-width: 768px){.stk-53ec762 {flex:var(--stk-flex-grow, 1) 1 33.3% !important;}}<\/style><div class=\"stk-column-wrapper stk-block-column__content stk-container stk-53ec762-container stk--no-background stk--no-padding\"><div class=\"stk-block-content stk-inner-blocks stk-53ec762-inner-blocks\">\n<ul class=\"widget-box\">\n<li class='contacto-header'>Informaci\u00f3n de contacto<\/li><li><i class=\"fa fa-map-marker\"><\/i> Avda. Astrof\u00edsico Francisco S\u00e1nchez, SN. Edificio Calabaza - AN.2D Apdo. 456 38200 San Crist\u00f3bal de La Laguna.<\/li><li><i class=\"fa fa-phone\"><\/i> (+34) 922 31 79 00 \/ 95 38<\/li><li><i class=\"fa fa-envelope\"><\/i>  <a href=mailto:gestpropios@ull.es>gestpropios@ull.es<\/a><\/li>\n<\/ul>\n\n\n\n\n\n<div class=\"wp-block-stackable-spacer stk-block-spacer stk--no-padding stk-block stk-6d33d0e\" data-block-id=\"6d33d0e\"><style>.stk-6d33d0e {height:25px !important;}<\/style><\/div>\n<\/div><\/div><\/div>\n<\/div><\/div>\n","protected":false},"excerpt":{"rendered":"<p>Gu\u00edas docentes<\/p>\n","protected":false},"author":4,"featured_media":0,"parent":0,"menu_order":0,"comment_status":"closed","ping_status":"closed","template":"templates\/template-frontpage.php","meta":{"footnotes":""},"class_list":["post-43","page","type-page","status-publish","hentry"],"_links":{"self":[{"href":"https:\/\/www.ull.es\/formacion-permanente\/master-propio-medicina-urgencias\/wp-json\/wp\/v2\/pages\/43","targetHints":{"allow":["GET"]}}],"collection":[{"href":"https:\/\/www.ull.es\/formacion-permanente\/master-propio-medicina-urgencias\/wp-json\/wp\/v2\/pages"}],"about":[{"href":"https:\/\/www.ull.es\/formacion-permanente\/master-propio-medicina-urgencias\/wp-json\/wp\/v2\/types\/page"}],"author":[{"embeddable":true,"href":"https:\/\/www.ull.es\/formacion-permanente\/master-propio-medicina-urgencias\/wp-json\/wp\/v2\/users\/4"}],"replies":[{"embeddable":true,"href":"https:\/\/www.ull.es\/formacion-permanente\/master-propio-medicina-urgencias\/wp-json\/wp\/v2\/comments?post=43"}],"version-history":[{"count":3,"href":"https:\/\/www.ull.es\/formacion-permanente\/master-propio-medicina-urgencias\/wp-json\/wp\/v2\/pages\/43\/revisions"}],"predecessor-version":[{"id":344,"href":"https:\/\/www.ull.es\/formacion-permanente\/master-propio-medicina-urgencias\/wp-json\/wp\/v2\/pages\/43\/revisions\/344"}],"wp:attachment":[{"href":"https:\/\/www.ull.es\/formacion-permanente\/master-propio-medicina-urgencias\/wp-json\/wp\/v2\/media?parent=43"}],"curies":[{"name":"wp","href":"https:\/\/api.w.org\/{rel}","templated":true}]}}