{"id":42,"date":"2017-06-28T13:01:59","date_gmt":"2017-06-28T13:01:59","guid":{"rendered":"http:\/\/www.ull.es\/masteres\/desarrollo-y-gestion-de-recursos-humanos\/?page_id=42"},"modified":"2025-11-20T10:04:18","modified_gmt":"2025-11-20T10:04:18","slug":"coordinacion-docente","status":"publish","type":"page","link":"https:\/\/www.ull.es\/grados\/ciencias-actividad-fisica-deporte\/fr\/informacion-academica\/coordinacion-docente\/","title":{"rendered":"Coordination p\u00e9dagogique"},"content":{"rendered":"\n<div class=\"wp-block-stackable-columns alignfull stk-block-columns stk-block stk-8657999\" data-block-id=\"8657999\"><style>.stk-8657999 {padding-bottom:0px !important;margin-top:-30px !important;margin-bottom:0px !important;}@media screen and (max-width: 767px){.stk-8657999 {margin-top:-10% !important;}}<\/style><div class=\"stk-row stk-inner-blocks stk-block-content stk-content-align stk-8657999-column alignfull\">\n<div class=\"wp-block-stackable-column stk-block-column stk-column stk-block stk-914f03e\" data-v=\"4\" data-block-id=\"914f03e\"><div class=\"stk-column-wrapper stk-block-column__content stk-container stk-914f03e-container stk--no-background stk--no-padding\"><div class=\"stk-block-content stk-inner-blocks stk-914f03e-inner-blocks\"><style id=\"depicter-1-inline-pre-css\">\n\n.depicter-1:not(.depicter-ready){\n\theight:500px;\n}\n\n\/***** Tablet *****\/\n@media screen and (max-width: 1024px){\n\n.depicter-1:not(.depicter-ready){\n\theight:700px;\n}\n\n}\n\/***** Mobile *****\/\n@media screen and (max-width: 767px){\n\n.depicter-1:not(.depicter-ready){\n\theight:360px;\n}\n\n}\n<\/style>\n<div id=\"depicter-1\" class=\"depicter depicter-document depicter-revert depicter-1 depicter-layout-fullwidth\">\n\n<div class=\"depicter-loading-container depicter-loading dotFlashing-dark\"><div class=\"depicter-loading-dark depicter-dot-flashing\">\n   <span><\/span>\n   <span><\/span>\n   <span><\/span>\n<\/div>\n<\/div>\n<div id=\"depicter-1-section-1\" class=\"depicter-section depicter-1-section-1\" data-name=\"Section 1\" data-type=\"section\" data-local-id=\"section-1\">\n<picture class=\"depicter-bg\">\n<source data-depicter-srcset=\"https:\/\/www.ull.es\/grados\/ciencias-actividad-fisica-deporte\/wp-content\/uploads\/sites\/49\/2025\/04\/Slider_Ciencias_de_la_Actividad_Fisica_y_del_Deporte-768x248.jpg, https:\/\/www.ull.es\/grados\/ciencias-actividad-fisica-deporte\/wp-content\/uploads\/sites\/49\/2025\/04\/Slider_Ciencias_de_la_Actividad_Fisica_y_del_Deporte.jpg 2x\" srcset=\"data:image\/gif;base64,R0lGODlhAQABAIAAAAAAAP\/\/\/yH5BAEAAAAALAAAAAABAAEAAAIBRAA7\" media=\"(max-width: 1024px)\" \/>\n\n<source data-depicter-srcset=\"https:\/\/www.ull.es\/grados\/ciencias-actividad-fisica-deporte\/wp-content\/uploads\/sites\/49\/2025\/04\/Slider_Ciencias_de_la_Actividad_Fisica_y_del_Deporte.jpg, https:\/\/www.ull.es\/grados\/ciencias-actividad-fisica-deporte\/wp-content\/uploads\/sites\/49\/2025\/04\/Slider_Ciencias_de_la_Actividad_Fisica_y_del_Deporte-1921x620.jpg 2x\" srcset=\"data:image\/gif;base64,R0lGODlhAQABAIAAAAAAAP\/\/\/yH5BAEAAAAALAAAAAABAAEAAAIBRAA7\" media=\"(min-width: 1025px)\" \/>\n<img decoding=\"async\" src=\"data:image\/gif;base64,R0lGODlhAQABAIAAAAAAAP\/\/\/yH5BAEAAAAALAAAAAABAAEAAAIBRAA7\" data-ken-burns=\"false\" data-tablet-ken-burns=\"false\" data-mobile-ken-burns=\"false\" alt=\"\" data-depicter-src=\"https:\/\/www.ull.es\/grados\/ciencias-actividad-fisica-deporte\/wp-content\/uploads\/sites\/49\/2025\/04\/Slider_Ciencias_de_la_Actividad_Fisica_y_del_Deporte.jpg\" data-object-fit=\"custom,custom,\" data-object-position=\"center top,,\" data-crop=\"{'focalPoint':{'x':0.5,'y':0.5},'mediaSize':{'width':1394.274193548387074770289473235607147216796875,'height':450}}\" data-tablet-crop=\"{'focalPoint':{'x':0.5,'y':0.5},'mediaSize':{'width':2168.87096774193560122512280941009521484375,'height':700.0000000000001136868377216160297393798828125}}\" data-mobile-crop=\"{'focalPoint':{'x':0.5,'y':0.5},'mediaSize':{'width':1115.41935483870975076570175588130950927734375,'height':360}}\" \/>\n<\/picture>\n\n\n<h1 id=\"depicter-1-element-5\" class=\"depicter-element depicter-layer depicter-1-element-5\" data-type=\"text\" data-wrap=\"true\" data-name=\"Text 2\" data-local-id=\"element-5\" data-offset=\"x:0px;y:150px;origin:tl\" data-tablet-offset=\"x:218px;y:264px;origin:tl\" data-mobile-offset=\"x:6px;y:-192px;origin:tl\" data-width=\"1200px,589px,348px\" data-height=\"auto,auto,auto\" data-responsive-scale=\"true,,\">Grado en Ciencias de la Actividad F\u00edsica y el Deporte<\/h1>\n\n<div id=\"depicter-1-element-10\" class=\"depicter-element depicter-layer depicter-1-element-10\" data-type=\"shape\" data-wrap=\"true\" data-name=\"Shape 1\" data-local-id=\"element-10\" data-offset=\"x:0px;y:358px;origin:tl\" data-tablet-offset=\"x:218px;y:442px;origin:tl\" data-mobile-offset=\"x:6px;y:15px;origin:tl\" data-width=\"1184px,565px,309px\" data-height=\"8px,8px,8px\" data-responsive-scale=\"true,,\"><\/div>\n<\/div>\n<\/div>\n<script>\n(window.depicterSetups = window.depicterSetups || []).push(function(){\n\tDepicter.basePath = 'https:\/\/www.ull.es\/grados\/ciencias-actividad-fisica-deporte\/wp-content\/plugins\/depicter\/resources\/scripts\/player\/';\n\tconst dpPlayer = Depicter.setup('.depicter-1',\n\t\t{\"width\":[\"1200\",\"1024\",\"360\"],\"height\":[\"500\",\"700\",\"360\"],\"view\":\"basic\",\"keepAspectRatio\":true,\"preload\":0,\"layout\":\"fullwidth\",\"rtl\":false,\"initAfterAppear\":false,\"ajaxApiUrl\":\"https:\\\/\\\/www.ull.es\\\/grados\\\/ciencias-actividad-fisica-deporte\\\/wp-admin\\\/admin-ajax.php\",\"mouseSwipe\":true,\"touchSwipe\":true,\"useWatermark\":false}\n\t);\n});\n<\/script><\/div><\/div><\/div>\n<\/div><\/div>\n\n\n\n<div class=\"wp-block-stackable-columns alignfull stk-block-columns stk--hide-mobile stk-block stk-ceecbdc stk-block-background\" data-block-id=\"ceecbdc\"><style>.stk-ceecbdc {background-color:#360060 !important;padding-top:35px !important;padding-right:0px !important;padding-bottom:2px !important;padding-left:0px !important;margin-top:-20px !important;margin-bottom:70px !important;}.stk-ceecbdc:before{background-color:#360060 !important;}<\/style><div class=\"stk-row stk-inner-blocks stk-block-content stk-content-align stk-ceecbdc-column alignfull\">\n<div class=\"wp-block-stackable-column stk-block-column stk-column stk-block stk-fc60a5d\" data-v=\"4\" data-block-id=\"fc60a5d\"><div class=\"stk-column-wrapper stk-block-column__content stk-container stk-fc60a5d-container stk--no-background stk--no-padding\"><div class=\"stk-block-content stk-inner-blocks stk-fc60a5d-inner-blocks\">\n<div class=\"wp-block-stackable-spacer stk-block-spacer stk--no-padding stk-block stk-a3a8a68\" data-block-id=\"a3a8a68\"><style>.stk-a3a8a68 {height:0px !important;}<\/style><\/div>\n<\/div><\/div><\/div>\n<\/div><\/div>\n\n\n\n<div class=\"wp-block-stackable-columns stk-block-columns stk-block stk-8b59b96\" data-block-id=\"8b59b96\"><style>.stk-8b59b96 .stk--block-align-8b59b96{align-items:flex-start !important;}.stk-8b59b96 {margin-top:25px !important;}.stk-8b59b96-column{--stk-columns-spacing:0px !important;--stk-column-gap:50px !important;}@media screen and (max-width: 767px){.stk-8b59b96-column{row-gap:var(--stk--preset--spacing--60, 2.25rem) !important;}}<\/style><div class=\"stk-row stk-inner-blocks stk--block-align-8b59b96 stk-block-content stk-content-align stk-8b59b96-column\">\n<div class=\"wp-block-stackable-column stk-block-column stk-column stk-block stk-dbb7e15\" data-v=\"4\" data-block-id=\"dbb7e15\"><div class=\"stk-column-wrapper stk-block-column__content stk-container stk-dbb7e15-container stk--no-background stk--no-padding\"><div class=\"stk-block-content stk-inner-blocks stk-dbb7e15-inner-blocks\">\n<div class=\"wp-block-stackable-heading stk-block-heading stk-block-heading--v2 stk-block stk-689c258\" id=\"coordinacion-docente\" data-block-id=\"689c258\"><style>.stk-689c258 .stk-block-heading__text{color:#5c068c !important;}<\/style><h1 class=\"stk-block-heading__text has-text-color\">Coordinaci\u00f3n docente<\/h1><\/div>\n\n\n\n<p>Para garantizar en el alumnado el correcto avance en la adquisici\u00f3n de las competencias b\u00e1sicas, generales y espec\u00edficas, el seguimiento y la coordinaci\u00f3n de las actividades formativas y de evaluaci\u00f3n se llevar\u00e1 a cabo a trav\u00e9s de las comisiones de coordinaci\u00f3n docente, ya existentes en la Facultad de Educaci\u00f3n. A nivel organizativo, existen en la Facultad diversas comisiones que constituyen canales de comunicaci\u00f3n y coordinaci\u00f3n entre el decanato, el profesorado y el alumnado. Por su continuidad y su car\u00e1cter permanente, recogidas en el Reglamento de R\u00e9gimen Interno, merecen destacarse: las comisiones de curso y las comisiones de docencia.<\/p>\n\n\n\n<ul class=\"wp-block-list\">\n<li>Las\u00a0<em>comisiones de curso<\/em>\u00a0est\u00e1n formadas por todo el profesorado que imparte docencia en un mismo curso y los representantes del alumnado. La coordinaci\u00f3n tiene car\u00e1cter rotativo anualmente y puede ser asumida por cualquier miembro de la comisi\u00f3n, aunque generalmente \u00e9sta recae en un profesor o profesora de cualquiera de los departamentos implicados en la docencia. Estas comisiones tienen por objeto la coordinaci\u00f3n acad\u00e9mica entre las diferentes materias, sistemas de evaluaci\u00f3n, debatir los calendarios de clase y pruebas de evaluaci\u00f3n y fundamentalmente, realizar el seguimiento del transcurso de las clases a lo largo de los cuatrimestres.<\/li>\n\n\n\n<li><em>Las comisiones de docencia<\/em>\u00a0se realizan con la finalidad de coordinar la docencia de cada titulaci\u00f3n. Est\u00e1n formadas por los coordinadores de las comisiones de curso y un representante del equipo decanal (vicedecano\/a de la titulaci\u00f3n). Habitualmente, sirven como canales de comunicaci\u00f3n entre el decanato y las comisiones de curso, en el sentido de que, en estas comisiones, los coordinadores informan del desarrollo del curso y transmiten al representante del decanato los acuerdos a los que se han llegado. De manera inversa, los coordinadores recogen la informaci\u00f3n que transmite el decanato y la comunican en las comisiones de curso.<\/li>\n<\/ul>\n\n\n\n<p>Por \u00faltimo, todas las decisiones han de aprobarse en la Junta de Facultad, con competencias propias en materia de organizaci\u00f3n, coordinaci\u00f3n y gesti\u00f3n.<\/p>\n<\/div><\/div><\/div>\n<\/div><\/div>\n","protected":false},"excerpt":{"rendered":"<p>Coordination p\u00e9dagogique\u00a0: Afin de garantir la progression ad\u00e9quate des \u00e9tudiants dans l\u2019acquisition des comp\u00e9tences fondamentales, g\u00e9n\u00e9rales et sp\u00e9cifiques, le suivi et la coordination des activit\u00e9s de formation et d\u2019\u00e9valuation seront assur\u00e9s par les comit\u00e9s de coordination p\u00e9dagogique d\u00e9j\u00e0 en place au sein de la Facult\u00e9 des sciences de l\u2019\u00e9ducation. Au niveau organisationnel, il existe\u2026<\/p>","protected":false},"author":1,"featured_media":0,"parent":252,"menu_order":6,"comment_status":"closed","ping_status":"closed","template":"templates\/template-frontpage.php","meta":{"footnotes":""},"class_list":["post-42","page","type-page","status-publish","hentry"],"_links":{"self":[{"href":"https:\/\/www.ull.es\/grados\/ciencias-actividad-fisica-deporte\/fr\/wp-json\/wp\/v2\/pages\/42","targetHints":{"allow":["GET"]}}],"collection":[{"href":"https:\/\/www.ull.es\/grados\/ciencias-actividad-fisica-deporte\/fr\/wp-json\/wp\/v2\/pages"}],"about":[{"href":"https:\/\/www.ull.es\/grados\/ciencias-actividad-fisica-deporte\/fr\/wp-json\/wp\/v2\/types\/page"}],"author":[{"embeddable":true,"href":"https:\/\/www.ull.es\/grados\/ciencias-actividad-fisica-deporte\/fr\/wp-json\/wp\/v2\/users\/1"}],"replies":[{"embeddable":true,"href":"https:\/\/www.ull.es\/grados\/ciencias-actividad-fisica-deporte\/fr\/wp-json\/wp\/v2\/comments?post=42"}],"version-history":[{"count":15,"href":"https:\/\/www.ull.es\/grados\/ciencias-actividad-fisica-deporte\/fr\/wp-json\/wp\/v2\/pages\/42\/revisions"}],"predecessor-version":[{"id":1253,"href":"https:\/\/www.ull.es\/grados\/ciencias-actividad-fisica-deporte\/fr\/wp-json\/wp\/v2\/pages\/42\/revisions\/1253"}],"up":[{"embeddable":true,"href":"https:\/\/www.ull.es\/grados\/ciencias-actividad-fisica-deporte\/fr\/wp-json\/wp\/v2\/pages\/252"}],"wp:attachment":[{"href":"https:\/\/www.ull.es\/grados\/ciencias-actividad-fisica-deporte\/fr\/wp-json\/wp\/v2\/media?parent=42"}],"curies":[{"name":"wp","href":"https:\/\/api.w.org\/{rel}","templated":true}]}}

Coordination pédagogique

<div class="wp-block-stackable-columns alignfull stk-block-columns stk-block stk-8657999" data-block-id="8657999"><style>.stk-8657999 {padding-bottom:0px !important;margin-top:-30px !important;margin-bottom:0px !important;}@media screen and (max-width: 767px){.stk-8657999 {margin-top:-10% !important;}}</style><div class="stk-row stk-inner-blocks stk-block-content stk-content-align stk-8657999-column alignfull">
<div class="wp-block-stackable-column stk-block-column stk-column stk-block stk-914f03e" data-v="4" data-block-id="914f03e"><div class="stk-column-wrapper stk-block-column__content stk-container stk-914f03e-container stk--no-background stk--no-padding"><div class="stk-block-content stk-inner-blocks stk-914f03e-inner-blocks"><style id="depicter-1-inline-pre-css">

.depicter-1:not(.depicter-ready){
	height:500px;
}

/***** Tablet *****/
@media screen and (max-width: 1024px){

.depicter-1:not(.depicter-ready){
	height:700px;
}

}
/***** Mobile *****/
@media screen and (max-width: 767px){

.depicter-1:not(.depicter-ready){
	height:360px;
}

}
</style>
<div id="depicter-1" class="depicter depicter-document depicter-revert depicter-1 depicter-layout-fullwidth">

<div class="depicter-loading-container depicter-loading dotFlashing-dark"><div class="depicter-loading-dark depicter-dot-flashing">
   <span></span>
   <span></span>
   <span></span>
</div>
</div>
<div id="depicter-1-section-1" class="depicter-section depicter-1-section-1" data-name="Section 1" data-type="section" data-local-id="section-1">
<picture class="depicter-bg">
<source data-depicter-srcset="https://www.ull.es/grados/ciencias-actividad-fisica-deporte/wp-content/uploads/sites/49/2025/04/Slider_Ciencias_de_la_Actividad_Fisica_y_del_Deporte-768x248.jpg, https://www.ull.es/grados/ciencias-actividad-fisica-deporte/wp-content/uploads/sites/49/2025/04/Slider_Ciencias_de_la_Actividad_Fisica_y_del_Deporte.jpg 2x" srcset="data:image/gif;base64,R0lGODlhAQABAIAAAAAAAP///yH5BAEAAAAALAAAAAABAAEAAAIBRAA7" media="(max-width: 1024px)" />

<source data-depicter-srcset="https://www.ull.es/grados/ciencias-actividad-fisica-deporte/wp-content/uploads/sites/49/2025/04/Slider_Ciencias_de_la_Actividad_Fisica_y_del_Deporte.jpg, https://www.ull.es/grados/ciencias-actividad-fisica-deporte/wp-content/uploads/sites/49/2025/04/Slider_Ciencias_de_la_Actividad_Fisica_y_del_Deporte-1921x620.jpg 2x" srcset="data:image/gif;base64,R0lGODlhAQABAIAAAAAAAP///yH5BAEAAAAALAAAAAABAAEAAAIBRAA7" media="(min-width: 1025px)" />
<img decoding="async" src="data:image/gif;base64,R0lGODlhAQABAIAAAAAAAP///yH5BAEAAAAALAAAAAABAAEAAAIBRAA7" data-ken-burns="false" data-tablet-ken-burns="false" data-mobile-ken-burns="false" alt="" data-depicter-src="https://www.ull.es/grados/ciencias-actividad-fisica-deporte/wp-content/uploads/sites/49/2025/04/Slider_Ciencias_de_la_Actividad_Fisica_y_del_Deporte.jpg" data-object-fit="custom,custom," data-object-position="center top,," data-crop="{'focalPoint':{'x':0.5,'y':0.5},'mediaSize':{'width':1394.274193548387074770289473235607147216796875,'height':450}}" data-tablet-crop="{'focalPoint':{'x':0.5,'y':0.5},'mediaSize':{'width':2168.87096774193560122512280941009521484375,'height':700.0000000000001136868377216160297393798828125}}" data-mobile-crop="{'focalPoint':{'x':0.5,'y':0.5},'mediaSize':{'width':1115.41935483870975076570175588130950927734375,'height':360}}" />
</picture>


<h1 id="depicter-1-element-5" class="depicter-element depicter-layer depicter-1-element-5" data-type="text" data-wrap="true" data-name="Text 2" data-local-id="element-5" data-offset="x:0px;y:150px;origin:tl" data-tablet-offset="x:218px;y:264px;origin:tl" data-mobile-offset="x:6px;y:-192px;origin:tl" data-width="1200px,589px,348px" data-height="auto,auto,auto" data-responsive-scale="true,,">Grado en Ciencias de la Actividad Física y el Deporte</h1>

<div id="depicter-1-element-10" class="depicter-element depicter-layer depicter-1-element-10" data-type="shape" data-wrap="true" data-name="Shape 1" data-local-id="element-10" data-offset="x:0px;y:358px;origin:tl" data-tablet-offset="x:218px;y:442px;origin:tl" data-mobile-offset="x:6px;y:15px;origin:tl" data-width="1184px,565px,309px" data-height="8px,8px,8px" data-responsive-scale="true,,"></div>
</div>
</div>
<script>
(window.depicterSetups = window.depicterSetups || []).push(function(){
	Depicter.basePath = 'https://www.ull.es/grados/ciencias-actividad-fisica-deporte/wp-content/plugins/depicter/resources/scripts/player/';
	const dpPlayer = Depicter.setup('.depicter-1',
		{"width":["1200","1024","360"],"height":["500","700","360"],"view":"basic","keepAspectRatio":true,"preload":0,"layout":"fullwidth","rtl":false,"initAfterAppear":false,"ajaxApiUrl":"https:\/\/www.ull.es\/grados\/ciencias-actividad-fisica-deporte\/wp-admin\/admin-ajax.php","mouseSwipe":true,"touchSwipe":true,"useWatermark":false}
	);
});
</script></div></div></div>
</div></div>



<div class="wp-block-stackable-columns alignfull stk-block-columns stk--hide-mobile stk-block stk-ceecbdc stk-block-background" data-block-id="ceecbdc"><style>.stk-ceecbdc {background-color:#360060 !important;padding-top:35px !important;padding-right:0px !important;padding-bottom:2px !important;padding-left:0px !important;margin-top:-20px !important;margin-bottom:70px !important;}.stk-ceecbdc:before{background-color:#360060 !important;}</style><div class="stk-row stk-inner-blocks stk-block-content stk-content-align stk-ceecbdc-column alignfull">
<div class="wp-block-stackable-column stk-block-column stk-column stk-block stk-fc60a5d" data-v="4" data-block-id="fc60a5d"><div class="stk-column-wrapper stk-block-column__content stk-container stk-fc60a5d-container stk--no-background stk--no-padding"><div class="stk-block-content stk-inner-blocks stk-fc60a5d-inner-blocks">
<div class="wp-block-stackable-spacer stk-block-spacer stk--no-padding stk-block stk-a3a8a68" data-block-id="a3a8a68"><style>.stk-a3a8a68 {height:0px !important;}</style></div>
</div></div></div>
</div></div>



<div class="wp-block-stackable-columns stk-block-columns stk-block stk-8b59b96" data-block-id="8b59b96"><style>.stk-8b59b96 .stk--block-align-8b59b96{align-items:flex-start !important;}.stk-8b59b96 {margin-top:25px !important;}.stk-8b59b96-column{--stk-columns-spacing:0px !important;--stk-column-gap:50px !important;}@media screen and (max-width: 767px){.stk-8b59b96-column{row-gap:var(--stk--preset--spacing--60, 2.25rem) !important;}}</style><div class="stk-row stk-inner-blocks stk--block-align-8b59b96 stk-block-content stk-content-align stk-8b59b96-column">
<div class="wp-block-stackable-column stk-block-column stk-column stk-block stk-dbb7e15" data-v="4" data-block-id="dbb7e15"><div class="stk-column-wrapper stk-block-column__content stk-container stk-dbb7e15-container stk--no-background stk--no-padding"><div class="stk-block-content stk-inner-blocks stk-dbb7e15-inner-blocks">
<div class="wp-block-stackable-heading stk-block-heading stk-block-heading--v2 stk-block stk-689c258" id="coordinacion-docente" data-block-id="689c258"><style>.stk-689c258 .stk-block-heading__text{color:#5c068c !important;}</style><h1 class="stk-block-heading__text has-text-color">Coordinación docente</h1></div>



<p>Para garantizar en el alumnado el correcto avance en la adquisición de las competencias básicas, generales y específicas, el seguimiento y la coordinación de las actividades formativas y de evaluación se llevará a cabo a través de las comisiones de coordinación docente, ya existentes en la Facultad de Educación. A nivel organizativo, existen en la Facultad diversas comisiones que constituyen canales de comunicación y coordinación entre el decanato, el profesorado y el alumnado. Por su continuidad y su carácter permanente, recogidas en el Reglamento de Régimen Interno, merecen destacarse: las comisiones de curso y las comisiones de docencia.</p>



<ul class="wp-block-list">
<li>Las <em>comisiones de curso</em> están formadas por todo el profesorado que imparte docencia en un mismo curso y los representantes del alumnado. La coordinación tiene carácter rotativo anualmente y puede ser asumida por cualquier miembro de la comisión, aunque generalmente ésta recae en un profesor o profesora de cualquiera de los departamentos implicados en la docencia. Estas comisiones tienen por objeto la coordinación académica entre las diferentes materias, sistemas de evaluación, debatir los calendarios de clase y pruebas de evaluación y fundamentalmente, realizar el seguimiento del transcurso de las clases a lo largo de los cuatrimestres.</li>



<li><em>Las comisiones de docencia</em> se realizan con la finalidad de coordinar la docencia de cada titulación. Están formadas por los coordinadores de las comisiones de curso y un representante del equipo decanal (vicedecano/a de la titulación). Habitualmente, sirven como canales de comunicación entre el decanato y las comisiones de curso, en el sentido de que, en estas comisiones, los coordinadores informan del desarrollo del curso y transmiten al representante del decanato los acuerdos a los que se han llegado. De manera inversa, los coordinadores recogen la información que transmite el decanato y la comunican en las comisiones de curso.</li>
</ul>



<p>Por último, todas las decisiones han de aprobarse en la Junta de Facultad, con competencias propias en materia de organización, coordinación y gestión.</p>
</div></div></div>
</div></div>

<p>Coordination pédagogique : Afin de garantir la progression adéquate des étudiants dans l’acquisition des compétences fondamentales, générales et spécifiques, le suivi et la coordination des activités de formation et d’évaluation seront assurés par les comités de coordination pédagogique déjà en place au sein de la Faculté des sciences de l’éducation. Au niveau organisationnel, il existe…</p>
