{"id":34,"date":"2017-06-28T12:52:52","date_gmt":"2017-06-28T12:52:52","guid":{"rendered":"http:\/\/www.ull.es\/masteres\/desarrollo-y-gestion-de-recursos-humanos\/?page_id=24"},"modified":"2025-10-27T08:05:52","modified_gmt":"2025-10-27T08:05:52","slug":"plan-de-estudios","status":"publish","type":"page","link":"https:\/\/www.ull.es\/grados\/diseno\/plan-de-estudios\/plan-de-estudios\/","title":{"rendered":"Plan de Estudios"},"content":{"rendered":"\n<div class=\"wp-block-stackable-columns alignfull stk-block-columns stk-block stk-8657999\" data-block-id=\"8657999\"><style>.stk-8657999 {padding-bottom:0px !important;margin-top:-30px !important;margin-bottom:0px !important;}@media screen and (max-width: 767px){.stk-8657999 {margin-top:-10% !important;}}<\/style><div class=\"stk-row stk-inner-blocks stk-block-content stk-content-align stk-8657999-column alignfull\">\n<div class=\"wp-block-stackable-column stk-block-column stk-column stk-block stk-914f03e\" data-v=\"4\" data-block-id=\"914f03e\"><div class=\"stk-column-wrapper stk-block-column__content stk-container stk-914f03e-container stk--no-background stk--no-padding\"><div class=\"stk-block-content stk-inner-blocks stk-914f03e-inner-blocks\"><style id=\"depicter-1-inline-pre-css\">\n\n.depicter-1:not(.depicter-ready){\n\theight:500px;\n}\n\n\/***** Tablet *****\/\n@media screen and (max-width: 1024px){\n\n.depicter-1:not(.depicter-ready){\n\theight:700px;\n}\n\n}\n\/***** Mobile *****\/\n@media screen and (max-width: 767px){\n\n.depicter-1:not(.depicter-ready){\n\theight:360px;\n}\n\n}\n<\/style>\n<div id=\"depicter-1\" class=\"depicter depicter-document depicter-revert depicter-1 depicter-layout-fullwidth\">\n\n<div class=\"depicter-loading-container depicter-loading dotFlashing-dark\"><div class=\"depicter-loading-dark depicter-dot-flashing\">\n   <span><\/span>\n   <span><\/span>\n   <span><\/span>\n<\/div>\n<\/div>\n<div id=\"depicter-1-section-1\" class=\"depicter-section depicter-1-section-1\" data-name=\"Section 1\" data-type=\"section\" data-local-id=\"section-1\">\n<picture class=\"depicter-bg\">\n<source data-depicter-srcset=\"https:\/\/www.ull.es\/grados\/diseno\/wp-content\/uploads\/sites\/3\/2025\/03\/Slider_DIseno-768x248.jpg, https:\/\/www.ull.es\/grados\/diseno\/wp-content\/uploads\/sites\/3\/2025\/03\/Slider_DIseno.jpg 2x\" srcset=\"data:image\/gif;base64,R0lGODlhAQABAIAAAAAAAP\/\/\/yH5BAEAAAAALAAAAAABAAEAAAIBRAA7\" media=\"(max-width: 1024px)\" \/>\n\n<source data-depicter-srcset=\"https:\/\/www.ull.es\/grados\/diseno\/wp-content\/uploads\/sites\/3\/2025\/03\/Slider_DIseno.jpg, https:\/\/www.ull.es\/grados\/diseno\/wp-content\/uploads\/sites\/3\/2025\/03\/Slider_DIseno-1920x620.jpg 2x\" srcset=\"data:image\/gif;base64,R0lGODlhAQABAIAAAAAAAP\/\/\/yH5BAEAAAAALAAAAAABAAEAAAIBRAA7\" media=\"(min-width: 1025px)\" \/>\n<img decoding=\"async\" src=\"data:image\/gif;base64,R0lGODlhAQABAIAAAAAAAP\/\/\/yH5BAEAAAAALAAAAAABAAEAAAIBRAA7\" data-ken-burns=\"false\" data-tablet-ken-burns=\"false\" data-mobile-ken-burns=\"false\" alt=\"\" data-depicter-src=\"https:\/\/www.ull.es\/grados\/diseno\/wp-content\/uploads\/sites\/3\/2025\/03\/Slider_DIseno.jpg\" data-object-fit=\"custom,custom,\" data-object-position=\"center top,,\" data-crop=\"{'focalPoint':{'x':0.5,'y':0.5},'mediaSize':{'width':1393.54838709677414954057894647121429443359375,'height':450}}\" data-tablet-crop=\"{'focalPoint':{'x':0.5,'y':0.5},'mediaSize':{'width':2167.7419354838712024502456188201904296875,'height':700.0000000000001136868377216160297393798828125}}\" data-mobile-crop=\"{'focalPoint':{'x':0.5,'y':0.5},'mediaSize':{'width':1114.8387096774195015314035117626190185546875,'height':360}}\" \/>\n<\/picture>\n\n\n<h1 id=\"depicter-1-element-5\" class=\"depicter-element depicter-layer depicter-1-element-5\" data-type=\"text\" data-wrap=\"true\" data-name=\"Text 2\" data-local-id=\"element-5\" data-offset=\"x:184px;y:200px;origin:tl\" data-tablet-offset=\"x:290px;y:321px;origin:tl\" data-mobile-offset=\"x:6px;y:-136px;origin:tl\" data-width=\"705px,406px,348px\" data-height=\"auto,auto,auto\" data-responsive-scale=\"true,,\">Grado en Dise\u00f1o<\/h1>\n\n<div id=\"depicter-1-element-10\" class=\"depicter-element depicter-layer depicter-1-element-10\" data-type=\"shape\" data-wrap=\"true\" data-name=\"Shape 1\" data-local-id=\"element-10\" data-offset=\"x:184px;y:301px;origin:tl\" data-tablet-offset=\"x:297px;y:388px;origin:tl\" data-mobile-offset=\"x:19px;y:-79px;origin:tl\" data-width=\"697px,389px,309px\" data-height=\"8px,8px,8px\" data-responsive-scale=\"true,,\"><\/div>\n<\/div>\n<\/div>\n<script>\n(window.depicterSetups = window.depicterSetups || []).push(function(){\n\tDepicter.basePath = 'https:\/\/www.ull.es\/grados\/diseno\/wp-content\/plugins\/depicter\/resources\/scripts\/player\/';\n\tconst dpPlayer = Depicter.setup('.depicter-1',\n\t\t{\"width\":[\"1200\",\"1024\",\"360\"],\"height\":[\"500\",\"700\",\"360\"],\"view\":\"basic\",\"keepAspectRatio\":true,\"preload\":0,\"layout\":\"fullwidth\",\"rtl\":false,\"initAfterAppear\":false,\"ajaxApiUrl\":\"https:\\\/\\\/www.ull.es\\\/grados\\\/diseno\\\/wp-admin\\\/admin-ajax.php\",\"mouseSwipe\":true,\"touchSwipe\":true,\"useWatermark\":false}\n\t);\n});\n<\/script><\/div><\/div><\/div>\n<\/div><\/div>\n\n\n\n<div class=\"wp-block-stackable-columns alignfull stk-block-columns stk--hide-mobile stk-block stk-ceecbdc stk-block-background\" data-block-id=\"ceecbdc\"><style>.stk-ceecbdc {background-color:#360060 !important;padding-top:35px !important;padding-right:0px !important;padding-bottom:2px !important;padding-left:0px !important;margin-top:-20px !important;margin-bottom:70px !important;}.stk-ceecbdc:before{background-color:#360060 !important;}<\/style><div class=\"stk-row stk-inner-blocks stk-block-content stk-content-align stk-ceecbdc-column alignfull\">\n<div class=\"wp-block-stackable-column stk-block-column stk-column stk-block stk-fc60a5d\" data-v=\"4\" data-block-id=\"fc60a5d\"><div class=\"stk-column-wrapper stk-block-column__content stk-container stk-fc60a5d-container stk--no-background stk--no-padding\"><div class=\"stk-block-content stk-inner-blocks stk-fc60a5d-inner-blocks\">\n<div class=\"wp-block-stackable-spacer stk-block-spacer stk--no-padding stk-block stk-a3a8a68\" data-block-id=\"a3a8a68\"><style>.stk-a3a8a68 {height:0px !important;}<\/style><\/div>\n<\/div><\/div><\/div>\n<\/div><\/div>\n\n\n\n<div class=\"wp-block-stackable-columns stk-block-columns stk-block stk-274ec00\" data-block-id=\"274ec00\"><style>.stk-274ec00 .stk--block-align-274ec00{align-items:flex-start !important;}.stk-274ec00 {margin-top:25px !important;}.stk-274ec00-column{--stk-columns-spacing:0px !important;--stk-column-gap:50px !important;}@media screen and (max-width: 767px){.stk-274ec00-column{row-gap:var(--stk--preset--spacing--60, 2.25rem) !important;}}<\/style><div class=\"stk-row stk-inner-blocks stk--block-align-274ec00 stk-block-content stk-content-align stk-274ec00-column\">\n<div class=\"wp-block-stackable-column stk-block-column stk-column stk-block stk-dbb7e15\" data-v=\"4\" data-block-id=\"dbb7e15\"><div class=\"stk-column-wrapper stk-block-column__content stk-container stk-dbb7e15-container stk--no-background stk--no-padding\"><div class=\"stk-block-content stk-inner-blocks stk-dbb7e15-inner-blocks\">\n<div class=\"wp-block-stackable-heading stk-block-heading stk-block-heading--v2 stk-block stk-689c258\" id=\"estructura-del-plan-de-estudios\" data-block-id=\"689c258\"><style>.stk-689c258 .stk-block-heading__text{color:#5c068c !important;}<\/style><h1 class=\"stk-block-heading__text has-text-color\">Estructura del Plan de estudios<\/h1><\/div>\n\n\n\n<div class=\"wp-block-stackable-text stk-block-text stk-block stk-c757f6a\" data-block-id=\"c757f6a\"><p class=\"stk-block-text__text\">La planificaci\u00f3n de las ense\u00f1anzas del Titulo de Graduado\/a en Dise\u00f1o supone la vertebraci\u00f3n de contenidos, sistemas y metodolog\u00edas que hacen posible la adquisici\u00f3n de los conocimientos, capacidades, habilidades y destrezas b\u00e1sicas necesarias para que los graduados\/as en Dise\u00f1o puedan desarrollar su actividad en cualquiera de las l\u00edneas especificadas en el perfil profesional definido por el libro blanco de la titulaci\u00f3n.<\/p><\/div>\n\n\n\n<p>El plan de estudios elaborado en base al marco normativo para la ordenaci\u00f3n y verificaci\u00f3n de las ense\u00f1anzas universitarias oficiales \u2013el Real Decreto 1393\/2007\u2013 (modificado por R.D. 861\/2010), y las directrices desarrolladas por la Universidad de La Laguna, est\u00e1 estructurado en las siguientes materias:<\/p>\n\n\n\n<div class=\"wp-block-stackable-spacer stk-block-spacer stk--no-padding stk-block stk-7352001\" data-block-id=\"7352001\"><\/div>\n\n\n\n<style>\n.hoverable {\n  transition: transform 0.3s, box-shadow 0.3s;\n  cursor: pointer;\n}\n.hoverable:hover {\n  transform: scale(1.02);\n  box-shadow: 0 0.5rem 1rem rgba(0,0,0,0.25);\n  \/* No background-color change to keep original color *\/\n}\n<\/style>\n<table class=\"table table-bordered table-striped align-middle text-center shadow\" style=\"border-collapse: separate; border-spacing: 0; box-shadow: 0 0.5rem 1rem rgba(0,0,0,0.15); border-radius:2rem;\">\n  <thead style=\"background-color: #360060; color: #fff;\">\n    <tr>\n      <th scope=\"col\" colspan=\"10\" style=\"text-align:center; border-top-left-radius: 1.5rem; border-top-right-radius: 1.5rem;\">Distribuci\u00f3n del plan de estudios por tipo de materia<\/th>\n    <\/tr>\n  <\/thead>\n  <tbody>\n    <tr class=\"fw-bold text-white\" style=\"background-color: #490a79; color:#fff;\">\n      <td style=\"color:#fff; font-weight:bold;\">Tipo de formaci\u00f3n<\/td>\n      <td style=\"font-weight:bold;\">Cr\u00e9ditos<\/td>\n    <\/tr>\n    <tr>\n      <td>Formaci\u00f3n b\u00e1sica<\/td>\n      <td>60<\/td>\n    <\/tr>\n    <tr class=\"table-light\">\n      <td>Obligatorias<\/td>\n      <td>120<\/td>\n    <\/tr>\n    <tr>\n      <td>Optativas (menciones)<\/td>\n      <td>24<\/td>\n    <\/tr>\n    <tr class=\"table-light\">\n      <td>Pr\u00e1cticas en empresas<\/td>\n      <td>12<\/td>\n    <\/tr>\n    <tr>\n      <td>Trabajo Fin de Grado<\/td>\n      <td>24<\/td>\n    <\/tr>\n    <tr class=\"fw-bold text-white\" style=\"background-color: #490a79; color:#fff;\">\n      <td style=\"border-bottom-left-radius: 1.5rem; color:#fff; font-weight:bold;\">TOTAL<\/td>\n      <td style=\"border-bottom-right-radius: 1.5rem; font-weight:bold;\">240<\/td>\n    <\/tr>\n  <\/tbody>\n<\/table>\n\n\n\n<div class=\"wp-block-stackable-text stk-block-text stk-block stk-a77cfcb\" data-block-id=\"a77cfcb\"><p class=\"stk-block-text__text\">El plan de estudios se estructura en nueve m\u00f3dulos: Formaci\u00f3n B\u00e1sica; M\u00f3dulo de procesos avanzados en dise\u00f1o y comunicaci\u00f3n visual; M\u00f3dulo de materias culturales; M\u00f3dulo de talleres de t\u00e9cnicas y tecnolog\u00edas; M\u00f3dulo de proyectos de dise\u00f1o; M\u00f3dulo de materias auxiliares; M\u00f3dulo de materias optativas.<\/p><\/div>\n\n\n\n<table class=\"table table-bordered table-striped align-middle text-center shadow-sm rounded overflow-hidden mt-4\" style=\"border-collapse: separate; border-spacing: 0; box-shadow: 0 0.5rem 1rem rgba(0,0,0,0.1); border-radius:1.5rem; width:100%;\">\n  <tbody>\n    <tr><td colspan=\"2\" class=\"fw-bold\" style=\"background-color:#490a79; color:white; font-weight: bold; border-top-left-radius: 1.5rem;\">Primer cuatrimestre<\/td><td colspan=\"2\" class=\"fw-bold\" style=\"background-color:#490a79; color:white; font-weight: bold; border-top-right-radius: 1.5rem;\">Segundo cuatrimestre<\/td><\/tr>\n    \n    <tr><td colspan=\"5\" class=\"fw-bold\" style=\"background-color:#490a79; color:white; font-weight: bold;\">Primer curso<\/td><\/tr>\n    <tr style=\"background-color:#5c068c; color:white; font-weight: bold;\"><td>Asignatura<\/td><td>Cr\u00e9ditos<\/td><td>Asignatura<\/td><td>Cr\u00e9ditos<\/td><\/tr>\n    <tr><td class=\"td1\">T\u00e9cnicas de Expresi\u00f3n en Idioma Moderno<\/td><td class=\"td1\">6<\/td><td class=\"td1\">Antropolog\u00eda Cultural<\/td><td class=\"td1\">6<\/td><\/tr>\n    <tr><td class=\"td2\">Cultura Visual y Creaci\u00f3n Art\u00edstica Contempor\u00e1nea<\/td><td class=\"td2\">6<\/td><td class=\"td2\">Introducci\u00f3n a la Historia<\/td><td class=\"td2\">6<\/td><\/tr>\n    <tr><td class=\"td1\">Introducci\u00f3n a la Historia del Arte<\/td><td class=\"td1\">6<\/td><td class=\"td1\">Introducci\u00f3n a los Problemas Filos\u00f3ficos<\/td><td class=\"td1\">6<\/td><\/tr>\n    <tr><td class=\"td2\">Fotograf\u00eda<\/td><td class=\"td2\">6<\/td><td class=\"td2\">Volumen<\/td><td class=\"td2\">6<\/td><\/tr>\n    <tr><td class=\"td1\">Croquizaci\u00f3n<\/td><td class=\"td1\">6<\/td><td class=\"td1\">Color<\/td><td class=\"td1\">6<\/td><\/tr>\n\n    <tr><td colspan=\"5\" class=\"fw-bold\" style=\"background-color:#490a79; color:white; font-weight: bold;\">Segundo curso<\/td><\/tr>\n    <tr style=\"background-color:#5c068c; color:white; font-weight: bold;\"><td>Asignatura<\/td><td>Cr\u00e9ditos<\/td><td>Asignatura<\/td><td>Cr\u00e9ditos<\/td><\/tr>\n    <tr><td class=\"td2\">T\u00e9cnicas y procesos fotogr\u00e1ficos<\/td><td class=\"td2\">6<\/td><td class=\"td2\">Ilustraci\u00f3n<\/td><td class=\"td2\">6<\/td><\/tr>\n    <tr><td class=\"td1\">Artes gr\u00e1ficas<\/td><td class=\"td1\">6<\/td><td class=\"td1\">Tipograf\u00eda<\/td><td class=\"td1\">6<\/td><\/tr>\n    <tr><td class=\"td2\">Teor\u00eda e historia del dise\u00f1o<\/td><td class=\"td2\">6<\/td><td class=\"td2\">Teor\u00eda y lenguaje de la imagen<\/td><td class=\"td2\">6<\/td><\/tr>\n    <tr><td class=\"td1\">Teor\u00eda del dise\u00f1o<\/td><td class=\"td1\">6<\/td><td class=\"td1\">Historia del dise\u00f1o<\/td><td class=\"td1\">6<\/td><\/tr>\n    <tr><td class=\"td2\">T\u00e9cnicas y procedimientos en el dise\u00f1o gr\u00e1fico y la imagen 1<\/td><td class=\"td2\">6<\/td><td class=\"td2\">T\u00e9cnicas y procedimientos en el dise\u00f1o gr\u00e1fico y la imagen 2<\/td><td class=\"td2\">6<\/td><\/tr>\n\n    <tr><td colspan=\"5\" class=\"fw-bold\" style=\"background-color:#490a79; color:white; font-weight: bold;\">Tercer curso<\/td><\/tr>\n    <tr style=\"background-color:#5c068c; color:white; font-weight: bold;\"><td>Asignatura<\/td><td>Cr\u00e9ditos<\/td><td>Asignatura<\/td><td>Cr\u00e9ditos<\/td><\/tr>\n    <tr><td class=\"td1\">Dise\u00f1o editorial<\/td><td class=\"td1\">6<\/td><td class=\"td1\">Taller de concursos profesionales y propuesta de TFG<\/td><td class=\"td1\">12<\/td><\/tr>\n    <tr><td class=\"td2\">Identidad corporativa<\/td><td class=\"td2\">6<\/td><td class=\"td2\">Metodolog\u00eda del proyecto e introducci\u00f3n a la investigaci\u00f3n<\/td><td class=\"td2\">6<\/td><\/tr>\n    <tr><td class=\"td1\">Dise\u00f1o Web<\/td><td class=\"td1\">6<\/td><td class=\"td1\">\u00c1mbitos de actuaci\u00f3n del dise\u00f1o y nuevas tendencias<\/td><td class=\"td1\">6<\/td><\/tr>\n    <tr><td class=\"td2\">Optativa<\/td><td class=\"td2\">6<\/td><td class=\"td2\">Optativa<\/td><td class=\"td2\">6<\/td><\/tr>\n    <tr><td class=\"td2\">T\u00e9cnicas y procedimientos en el dise\u00f1o gr\u00e1fico y la imagen 3<\/td><td class=\"td2\">6<\/td><td class=\"td2\"><\/td><td class=\"td2\"><\/td><\/tr>\n\n    <tr><td colspan=\"5\" class=\"fw-bold\" style=\"background-color:#490a79; color:white; font-weight: bold;\">Cuarto curso<\/td><\/tr>\n    <tr style=\"background-color:#5c068c; color:white; font-weight: bold;\"><td>Asignatura<\/td><td>Cr\u00e9ditos<\/td><td>Asignatura<\/td><td>Cr\u00e9ditos<\/td><\/tr>\n    <tr><td class=\"td1\">Trabajo fin de grado<\/td><td class=\"td1\">12<\/td><td class=\"td1\">Trabajo Fin de Grado<\/td><td class=\"td1\">12<\/td><\/tr>\n    <tr><td class=\"td2\">Legislaci\u00f3n civil y protecci\u00f3n jur\u00eddica del creador<\/td><td class=\"td2\">6<\/td><td class=\"td2\">Marketing<\/td><td class=\"td2\">6<\/td><\/tr>\n    <tr><td class=\"td1\">Optativa<\/td><td class=\"td1\">6<\/td><td class=\"td1\">Practicum<\/td><td class=\"td1\">12<\/td><\/tr>\n    <tr><td class=\"td2\">Optativa<\/td><td class=\"td2\">6<\/td><td class=\"td2\"><\/td><td class=\"td2\"><\/td><\/tr>\n\n    <tr><td colspan=\"5\" class=\"fw-bold\" style=\"background-color:#490a79; color:white; font-weight: bold;\">Optativas<\/td><\/tr>\n    <tr><td class=\"td1\">Se\u00f1al\u00e9tica<\/td><td class=\"td1\">6<\/td><td class=\"td1\">Packaging<\/td><td class=\"td1\">6<\/td><\/tr>\n    <tr><td class=\"td2\">Ecodise\u00f1o<\/td><td class=\"td2\">6<\/td><td class=\"td2\">Imagen corporativa<\/td><td class=\"td2\">6<\/td><\/tr>\n    <tr><td class=\"td1\">Ilustraci\u00f3n aplicada<\/td><td class=\"td1\">6<\/td><td class=\"td1\">Proyecto editorial<\/td><td class=\"td1\">6<\/td><\/tr>\n    <tr><td class=\"td2\" style=\"border-bottom-left-radius:1.5rem;\">Dise\u00f1o para el sector tur\u00edstico<\/td><td class=\"td2\">6<\/td><td class=\"td2\">Dise\u00f1o de gr\u00e1ficos animados<\/td><td class=\"td2\" style=\"border-bottom-right-radius:1.5rem;\">6<\/td><\/tr>\n  <\/tbody>\n<\/table>\n\n<style>\ntable td, table th {\n  transition: transform 0.2s, box-shadow 0.2s;\n}\ntable td:hover, table th:hover {\n  transform: scale(1.02);\n  box-shadow: 0 0.75rem 1.5rem rgba(0,0,0,0.15);\n}\n<\/style>\n<\/div><\/div><\/div>\n<\/div><\/div>\n","protected":false},"excerpt":{"rendered":"<p>Estructura del Plan de estudios La planificaci\u00f3n de las ense\u00f1anzas del Titulo de Graduado\/a en Dise\u00f1o supone la vertebraci\u00f3n de contenidos, sistemas y metodolog\u00edas que hacen posible la adquisici\u00f3n de los conocimientos, capacidades, habilidades y destrezas b\u00e1sicas necesarias para que los graduados\/as en Dise\u00f1o puedan desarrollar su actividad en cualquiera de las l\u00edneas especificadas en&#8230;<\/p>\n","protected":false},"author":1,"featured_media":0,"parent":270,"menu_order":0,"comment_status":"closed","ping_status":"closed","template":"templates\/template-frontpage.php","meta":{"footnotes":""},"class_list":["post-34","page","type-page","status-publish","hentry"],"_links":{"self":[{"href":"https:\/\/www.ull.es\/grados\/diseno\/wp-json\/wp\/v2\/pages\/34","targetHints":{"allow":["GET"]}}],"collection":[{"href":"https:\/\/www.ull.es\/grados\/diseno\/wp-json\/wp\/v2\/pages"}],"about":[{"href":"https:\/\/www.ull.es\/grados\/diseno\/wp-json\/wp\/v2\/types\/page"}],"author":[{"embeddable":true,"href":"https:\/\/www.ull.es\/grados\/diseno\/wp-json\/wp\/v2\/users\/1"}],"replies":[{"embeddable":true,"href":"https:\/\/www.ull.es\/grados\/diseno\/wp-json\/wp\/v2\/comments?post=34"}],"version-history":[{"count":23,"href":"https:\/\/www.ull.es\/grados\/diseno\/wp-json\/wp\/v2\/pages\/34\/revisions"}],"predecessor-version":[{"id":968,"href":"https:\/\/www.ull.es\/grados\/diseno\/wp-json\/wp\/v2\/pages\/34\/revisions\/968"}],"up":[{"embeddable":true,"href":"https:\/\/www.ull.es\/grados\/diseno\/wp-json\/wp\/v2\/pages\/270"}],"wp:attachment":[{"href":"https:\/\/www.ull.es\/grados\/diseno\/wp-json\/wp\/v2\/media?parent=34"}],"curies":[{"name":"wp","href":"https:\/\/api.w.org\/{rel}","templated":true}]}}