{"id":33,"date":"2017-06-28T12:48:33","date_gmt":"2017-06-28T12:48:33","guid":{"rendered":"http:\/\/www.ull.es\/masteres\/desarrollo-y-gestion-de-recursos-humanos\/?page_id=20"},"modified":"2026-04-21T09:04:25","modified_gmt":"2026-04-21T09:04:25","slug":"trabajo-fin-de-grado","status":"publish","type":"page","link":"https:\/\/www.ull.es\/grados\/fisica\/plan-de-estudios\/trabajo-fin-de-grado\/","title":{"rendered":"Trabajo Fin de Grado"},"content":{"rendered":"\n<div class=\"wp-block-stackable-columns alignfull stk-block-columns stk-block stk-8657999\" data-block-id=\"8657999\"><style>.stk-8657999 {padding-bottom:0px !important;margin-top:-30px !important;margin-bottom:0px !important;}@media screen and (max-width: 767px){.stk-8657999 {margin-top:-10% !important;}}<\/style><div class=\"stk-row stk-inner-blocks stk-block-content stk-content-align stk-8657999-column alignfull\">\n<div class=\"wp-block-stackable-column stk-block-column stk-column stk-block stk-914f03e\" data-v=\"4\" data-block-id=\"914f03e\"><div class=\"stk-column-wrapper stk-block-column__content stk-container stk-914f03e-container stk--no-background stk--no-padding\"><div class=\"stk-block-content stk-inner-blocks stk-914f03e-inner-blocks\"><style id=\"depicter-1-inline-pre-css\">\n\n.depicter-1:not(.depicter-ready){\n\theight:500px;\n}\n\n\/***** Tablet *****\/\n@media screen and (max-width: 1024px){\n\n.depicter-1:not(.depicter-ready){\n\theight:700px;\n}\n\n}\n\/***** Mobile *****\/\n@media screen and (max-width: 767px){\n\n.depicter-1:not(.depicter-ready){\n\theight:360px;\n}\n\n}\n<\/style>\n<div id=\"depicter-1\" class=\"depicter depicter-document depicter-revert depicter-1 depicter-layout-fullwidth\">\n\n<div class=\"depicter-loading-container depicter-loading dotFlashing-dark\"><div class=\"depicter-loading-dark depicter-dot-flashing\">\n   <span><\/span>\n   <span><\/span>\n   <span><\/span>\n<\/div>\n<\/div>\n<div id=\"depicter-1-section-1\" class=\"depicter-section depicter-1-section-1\" data-name=\"Section 1\" data-type=\"section\" data-local-id=\"section-1\">\n<picture class=\"depicter-bg\">\n<source data-depicter-srcset=\"https:\/\/www.ull.es\/grados\/fisica\/wp-content\/uploads\/sites\/41\/2025\/03\/glowing-abstract-backdrop-futuristic-space-wave-generated-by-ai-768x439.jpg, https:\/\/www.ull.es\/grados\/fisica\/wp-content\/uploads\/sites\/41\/2025\/03\/glowing-abstract-backdrop-futuristic-space-wave-generated-by-ai.jpg 2x\" srcset=\"data:image\/gif;base64,R0lGODlhAQABAIAAAAAAAP\/\/\/yH5BAEAAAAALAAAAAABAAEAAAIBRAA7\" media=\"(max-width: 1024px)\" \/>\n\n<source data-depicter-srcset=\"https:\/\/www.ull.es\/grados\/fisica\/wp-content\/uploads\/sites\/41\/2025\/03\/glowing-abstract-backdrop-futuristic-space-wave-generated-by-ai.jpg, https:\/\/www.ull.es\/grados\/fisica\/wp-content\/uploads\/sites\/41\/2025\/03\/glowing-abstract-backdrop-futuristic-space-wave-generated-by-ai-1600x914.jpg 2x\" srcset=\"data:image\/gif;base64,R0lGODlhAQABAIAAAAAAAP\/\/\/yH5BAEAAAAALAAAAAABAAEAAAIBRAA7\" media=\"(min-width: 1025px)\" \/>\n<img decoding=\"async\" src=\"data:image\/gif;base64,R0lGODlhAQABAIAAAAAAAP\/\/\/yH5BAEAAAAALAAAAAABAAEAAAIBRAA7\" data-ken-burns=\"false\" data-tablet-ken-burns=\"false\" data-mobile-ken-burns=\"false\" alt=\"\" data-depicter-src=\"https:\/\/www.ull.es\/grados\/fisica\/wp-content\/uploads\/sites\/41\/2025\/03\/glowing-abstract-backdrop-futuristic-space-wave-generated-by-ai.jpg\" data-object-fit=\"custom,custom,\" data-object-position=\"center top,,\" data-crop=\"{'focalPoint':{'x':0.5,'y':0.5},'mediaSize':{'width':1200,'height':685.5}}\" data-tablet-crop=\"{'focalPoint':{'x':0.5,'y':0.5},'mediaSize':{'width':1225.38293216630199822247959673404693603515625,'height':700}}\" data-mobile-crop=\"{'focalPoint':{'x':0.5,'y':0.5},'mediaSize':{'width':630.196936542669618575018830597400665283203125,'height':360}}\" \/>\n<\/picture>\n\n\n<h1 id=\"depicter-1-element-5\" class=\"depicter-element depicter-layer depicter-1-element-5\" data-type=\"text\" data-wrap=\"true\" data-name=\"Text 2\" data-local-id=\"element-5\" data-offset=\"x:271px;y:200px;origin:tl\" data-tablet-offset=\"x:340px;y:327px;origin:tl\" data-mobile-offset=\"x:6px;y:-136px;origin:tl\" data-width=\"658px,345px,348px\" data-height=\"auto,auto,auto\" data-responsive-scale=\"true,,\">Grado en F\u00edsica<\/h1>\n\n<div id=\"depicter-1-element-10\" class=\"depicter-element depicter-layer depicter-1-element-10\" data-type=\"shape\" data-wrap=\"true\" data-name=\"Shape 1\" data-local-id=\"element-10\" data-offset=\"x:288px;y:308px;origin:tl\" data-tablet-offset=\"x:340px;y:383px;origin:tl\" data-mobile-offset=\"x:6px;y:-26px;origin:tl\" data-width=\"624px,292px,309px\" data-height=\"8px,8px,8px\" data-responsive-scale=\"true,,\"><\/div>\n<\/div>\n<\/div>\n<script>\n(window.depicterSetups = window.depicterSetups || []).push(function(){\n\tDepicter.basePath = 'https:\/\/www.ull.es\/grados\/fisica\/wp-content\/plugins\/depicter\/resources\/scripts\/player\/';\n\tconst dpPlayer = Depicter.setup('.depicter-1',\n\t\t{\"width\":[\"1200\",\"1024\",\"360\"],\"height\":[\"500\",\"700\",\"360\"],\"view\":\"basic\",\"keepAspectRatio\":true,\"preload\":0,\"layout\":\"fullwidth\",\"rtl\":false,\"initAfterAppear\":false,\"ajaxApiUrl\":\"https:\\\/\\\/www.ull.es\\\/grados\\\/fisica\\\/wp-admin\\\/admin-ajax.php\",\"mouseSwipe\":true,\"touchSwipe\":true,\"useWatermark\":false}\n\t);\n});\n<\/script><\/div><\/div><\/div>\n<\/div><\/div>\n\n\n\n<div class=\"wp-block-stackable-columns alignfull stk-block-columns stk--hide-mobile stk-block stk-ceecbdc stk-block-background\" data-block-id=\"ceecbdc\"><style>.stk-ceecbdc {background-color:#360060 !important;padding-top:35px !important;padding-right:0px !important;padding-bottom:2px !important;padding-left:0px !important;margin-top:-20px !important;margin-bottom:70px !important;}.stk-ceecbdc:before{background-color:#360060 !important;}<\/style><div class=\"stk-row stk-inner-blocks stk-block-content stk-content-align stk-ceecbdc-column alignfull\">\n<div class=\"wp-block-stackable-column stk-block-column stk-column stk-block stk-fc60a5d\" data-v=\"4\" data-block-id=\"fc60a5d\"><div class=\"stk-column-wrapper stk-block-column__content stk-container stk-fc60a5d-container stk--no-background stk--no-padding\"><div class=\"stk-block-content stk-inner-blocks stk-fc60a5d-inner-blocks\">\n<div class=\"wp-block-stackable-spacer stk-block-spacer stk--no-padding stk-block stk-a3a8a68\" data-block-id=\"a3a8a68\"><style>.stk-a3a8a68 {height:0px !important;}<\/style><\/div>\n<\/div><\/div><\/div>\n<\/div><\/div>\n\n\n\n<div class=\"wp-block-stackable-columns stk-block-columns stk-block stk-8b59b96\" data-block-id=\"8b59b96\"><style>.stk-8b59b96 .stk--block-align-8b59b96{align-items:flex-start !important;}.stk-8b59b96 {margin-top:25px !important;}.stk-8b59b96-column{--stk-columns-spacing:0px !important;--stk-column-gap:50px !important;}@media screen and (max-width: 767px){.stk-8b59b96-column{row-gap:var(--stk--preset--spacing--60, 2.25rem) !important;}}<\/style><div class=\"stk-row stk-inner-blocks stk--block-align-8b59b96 stk-block-content stk-content-align stk-8b59b96-column\">\n<div class=\"wp-block-stackable-column stk-block-column stk-column stk-block stk-dbb7e15\" data-v=\"4\" data-block-id=\"dbb7e15\"><div class=\"stk-column-wrapper stk-block-column__content stk-container stk-dbb7e15-container stk--no-background stk--no-padding\"><div class=\"stk-block-content stk-inner-blocks stk-dbb7e15-inner-blocks\">\n<div class=\"wp-block-stackable-heading stk-block-heading stk-block-heading--v2 stk-block stk-689c258\" id=\"trabajo-de-fin-de-grado\" data-block-id=\"689c258\"><style>.stk-689c258 .stk-block-heading__text{color:#5c068c !important;}<\/style><h1 class=\"stk-block-heading__text has-text-color\">Trabajo de Fin de Grado<\/h1><\/div>\n\n\n\n<p>La modalidad del TFG ser\u00e1 de organizaci\u00f3n espec\u00edfica seg\u00fan el&nbsp;<a href=\"https:\/\/drive.google.com\/file\/d\/1dlCzRVdh2LwiTVRYDH3AC0NtYO6BppcF\/view?usp=drive_link\" target=\"_blank\" rel=\"noreferrer noopener\" target=\"_blank\" rel=\"noopener\">Reglamento de la Asignatura \u201cTrabajo Fin de Grado\u201d del Grado en F\u00edsica<\/a>. Consistir\u00e1 en un trabajo aut\u00f3nomo realizado por el alumnado y supervisado por un profesor o profesora, en cualquier aspecto relacionado con la F\u00edsica aprendida en el Grado durante un tiempo equivalente a 12 ects. La funci\u00f3n de la tutor\u00eda consistir\u00e1 en fijar el tema concreto del trabajo, exponer al estudiantado las caracter\u00edsticas del TFG, orientar y supervisar su elaboraci\u00f3n, velar por el cumplimiento de los objetivos fijados, emitir una evaluaci\u00f3n de los mismos, as\u00ed como orientar y asesorar al estudiantado en la presentaci\u00f3n y defensa p\u00fablica del mismo.<\/p>\n\n\n\n<p>Vinculados al Trabajo de Fin de Grado se organizar\u00e1n 6 seminarios (en ingl\u00e9s) de obligada asistencia para el alumnado. La memoria o trabajo escrito no podr\u00e1 exceder de 40 p\u00e1ginas y deber\u00e1 incluir, al menos, portada, \u00edndice, resumen, introducci\u00f3n, objetivos, metodolog\u00eda, discusi\u00f3n de resultados, conclusiones y bibliograf\u00eda. Podr\u00e1 escribirse en ingl\u00e9s (con un resumen en castellano) y, en el caso de hacerlo en castellano, deber\u00e1 contener un resumen general (de 1000 palabras) y de cada uno de los cap\u00edtulos en ingl\u00e9s. El dep\u00f3sito de la memoria del TFG se realizar\u00e1 mediante el proceso telem\u00e1tico que establezca la ULL en los plazos estipulados por la ULL y la Facultad de Ciencias y, en todo caso, con un plazo m\u00ednimo de cinco d\u00edas h\u00e1biles antes de la fecha establecida para su presentaci\u00f3n y defensa.<\/p>\n\n\n\n<p>La presentaci\u00f3n y defensa deber\u00e1 efectuarse oralmente en ingl\u00e9s (se penalizar\u00e1 con 1 punto hacerlo en castellano), frente a un tribunal cualificado de tres miembros. Dispondr\u00e1 de un m\u00e1ximo de 30 minutos y seguidamente se establecer\u00e1 un debate con el tribunal por espacio de otros 30 minutos como m\u00e1ximo.<\/p>\n\n\n\n<p>En cada curso acad\u00e9mico existir\u00e1 la oferta de un listado de, al menos, un TFG para cada alumno y alumna matriculada. En cualquier caso, la oferta estar\u00e1 regulada por el Reglamento del TFG de la ULL y el Reglamento del TFG de la Facultad de Ciencias. Para la asignaci\u00f3n de TFG al alumnado matriculado que solicitar\u00e1 de forma priorizada alguno de ellos, se seguir\u00e1 un orden de arreglo al expediente acad\u00e9mico de cada uno seg\u00fan el procedimiento reglamentado en la Gu\u00eda docente de la asignatura.<\/p>\n\n\n\n<p>Los detalles espec\u00edficos de la evaluaci\u00f3n y otros aspectos no relacionados aqu\u00ed se especifican en la Gu\u00eda Docente de la asignatura.<\/p>\n\n\n\n<p><strong>Curso 2020\/2021<\/strong><\/p>\n\n\n\n<ul class=\"wp-block-list\">\n<li><a href=\"https:\/\/drive.google.com\/file\/d\/1sekMOE7OLddN8dwNpccOqeM4vIfAn0_C\/view?usp=sharing\" target=\"_blank\" rel=\"noreferrer noopener\" target=\"_blank\" rel=\"noopener\">Listado de TFG del Grado de F\u00edsica para el curso 2020-2021<\/a><\/li>\n<\/ul>\n\n\n\n<p><strong>Curso 2019\/2020<\/strong><\/p>\n\n\n\n<ul class=\"wp-block-list\">\n<li><a href=\"https:\/\/drive.google.com\/open?id=17bfNXgGwk7613jA8ly87NDPq-4jpysM0\" target=\"_blank\" rel=\"noreferrer noopener\" target=\"_blank\" rel=\"noopener\">Listado de TFG del Grado de F\u00edsica para el curso 2019-2020<\/a><\/li>\n<\/ul>\n\n\n\n<p><strong>Curso 2018\/2019<\/strong><\/p>\n\n\n\n<ul class=\"wp-block-list\">\n<li><a href=\"https:\/\/drive.google.com\/open?id=1eM-BdLM1zjUcSiS2z1mGqqZtofpOlkwA\" target=\"_blank\" rel=\"noreferrer noopener\" target=\"_blank\" rel=\"noopener\">Listado de TFG del Grado de F\u00edsica para el curso 2018-2019<\/a><\/li>\n<\/ul>\n\n\n\n<p><strong>Curso 2017\/2018<\/strong><\/p>\n\n\n\n<ul class=\"wp-block-list\">\n<li><a href=\"https:\/\/docs.google.com\/spreadsheets\/d\/e\/2PACX-1vRWxCkWdZYxWrEZVh4mktooDsmUszrOStpjPXwIU7rd3OQfxxjWVmO8_8dxOiLvBVEi8gwFYCo-pXWU\/pubhtml\" target=\"_blank\" rel=\"noreferrer noopener\" target=\"_blank\" rel=\"noopener\">Listado de TFG del Grado de F\u00edsica para el curso 2017-2018<\/a><\/li>\n<\/ul>\n\n\n\n<p><strong>Curso 2016\/2017<\/strong><\/p>\n\n\n\n<ul class=\"wp-block-list\">\n<li><a href=\"https:\/\/drive.google.com\/open?id=1ysfceZdHHX9iaylOgRkGHYmLCI649zOb\" target=\"_blank\" rel=\"noreferrer noopener\" target=\"_blank\" rel=\"noopener\">Listado de TFG del Grado de F\u00edsica para el curso 2016-2017<\/a><\/li>\n<\/ul>\n\n\n\n<p><strong>Curso 2015\/2016<\/strong><\/p>\n\n\n\n<ul class=\"wp-block-list\">\n<li><a href=\"https:\/\/drive.google.com\/open?id=1YF3GLDc8knnHP3fjTdXlgJXz3twCC0G9\" target=\"_blank\" rel=\"noreferrer noopener\" target=\"_blank\" rel=\"noopener\">Listado de TFG del Grado de F\u00edsica para el curso 2015-2016<\/a><\/li>\n<\/ul>\n\n\n\n<p><strong>Curso 2014\/2015<\/strong><\/p>\n\n\n\n<ul class=\"wp-block-list\">\n<li><a href=\"https:\/\/drive.google.com\/open?id=1jQsGRXe9KOJC3HToDyt4jjxqUvRpOBc3\" target=\"_blank\" rel=\"noreferrer noopener\" target=\"_blank\" rel=\"noopener\">Listado de TFG del Grado de F\u00edsica para el curso 2014-2015<\/a><\/li>\n<\/ul>\n\n\n\n<p><strong>Curso 2013\/2014<\/strong><\/p>\n\n\n\n<ul class=\"wp-block-list\">\n<li><a href=\"https:\/\/drive.google.com\/open?id=1TiadaE4knr22-OYiqSQq4ssMvU561l_V\" target=\"_blank\" rel=\"noreferrer noopener\" target=\"_blank\" rel=\"noopener\">Listado de Trabajos de Fin de Grado y Asignaciones alumnos (2013-14)<\/a><\/li>\n<\/ul>\n\n\n\n<p><strong>Anexo 1: Propuesta de Trabajo de Fin de Grado<\/strong><\/p>\n\n\n\n<p>Secci\u00f3n de F\u00edsica de la Facultad de Ciencias \u2013 ULL<\/p>\n\n\n\n<ol class=\"wp-block-list\">\n<li>T\u00edtulo del trabajo:<\/li>\n\n\n\n<li>Departamento:<\/li>\n\n\n\n<li>Datos del director o directora del trabajo:\n<ul class=\"wp-block-list\">\n<li>Nombre:<\/li>\n\n\n\n<li>Correo electr\u00f3nico:<\/li>\n\n\n\n<li>Tel\u00e9fono:<\/li>\n<\/ul>\n<\/li>\n\n\n\n<li>Codirectores o codirectoras (nombres):<\/li>\n\n\n\n<li>Resumen del trabajo propuesto (m\u00e1ximo de 100 palabras):<\/li>\n\n\n\n<li>Memoria justificativa (M\u00e1ximo 1 p\u00e1gina):<\/li>\n\n\n\n<li>Asignaturas optativas que se recomienda haber cursado para la realizaci\u00f3n del trabajo:<\/li>\n\n\n\n<li>Medios materiales necesarios que ser\u00e1n puestos a disposici\u00f3n del alumnado (datos experimentales, acceso a laboratorios, a medios inform\u00e1ticos, a material bibliogr\u00e1fico, \u2026):<\/li>\n\n\n\n<li>Otras consideraciones:<\/li>\n<\/ol>\n\n\n\n<details class=\"wp-block-stackable-accordion stk-block-accordion stk-inner-blocks stk-block-content stk-block stk-1eb2680 is-style-default\" id=\"normativa\" data-block-id=\"1eb2680\"><style>.stk-1eb2680 {border-style:solid !important;border-top-width:0px !important;border-right-width:0px !important;border-bottom-width:1px !important;border-left-width:0px !important;margin-bottom:10px !important;}<\/style>\n<summary class=\"wp-block-stackable-column stk-block-column stk-column stk-block stk-627d528 stk--container-small stk-block-accordion__heading\" data-v=\"4\" data-block-id=\"627d528\"><style>.stk-627d528 {padding-top:2px !important;padding-right:2px !important;padding-bottom:2px !important;padding-left:2px !important;}<\/style><div class=\"stk-column-wrapper stk-block-column__content stk-container stk-627d528-container stk--no-background stk--no-padding\"><div class=\"stk-block-content stk-inner-blocks stk-627d528-inner-blocks\">\n<div class=\"wp-block-stackable-icon-label stk-block-icon-label stk-block stk-b4a4cbd\" data-block-id=\"b4a4cbd\"><style>.stk-b4a4cbd .stk-inner-blocks{gap:39px !important;}@media screen and (max-width: 1023px){.stk-b4a4cbd .stk-inner-blocks{gap:39px !important;}}@media screen and (max-width: 767px){.stk-b4a4cbd .stk-inner-blocks{gap:39px !important;}}<\/style><div class=\"stk-row stk-inner-blocks stk-block-content\">\n<div class=\"wp-block-stackable-icon stk-block-icon stk-block stk-ca07eb5\" data-block-id=\"ca07eb5\"><style>.stk-ca07eb5 .stk--svg-wrapper .stk--inner-svg svg:last-child{height:25px !important;width:25px !important;}.stk-ca07eb5 .stk--svg-wrapper .stk--inner-svg svg:last-child, .stk-ca07eb5 .stk--svg-wrapper .stk--inner-svg svg:last-child :is(g, path, rect, polygon, ellipse){fill:#5c068c !important;}<\/style><span class=\"stk--svg-wrapper stk--has-icon2\"><div class=\"stk--inner-svg\"><svg style=\"height:0;width:0\"><defs><linearGradient id=\"linear-gradient-ca07eb5\" x1=\"0\" x2=\"100%\" y1=\"0\" y2=\"0\"><stop offset=\"0%\" style=\"stop-opacity:1;stop-color:var(--linear-gradient-ca-07-eb-5-color-1)\"><\/stop><stop offset=\"100%\" style=\"stop-opacity:1;stop-color:var(--linear-gradient-ca-07-eb-5-color-2)\"><\/stop><\/linearGradient><\/defs><\/svg><svg xmlns=\"http:\/\/www.w3.org\/2000\/svg\" viewBox=\"0 0 448 512\" aria-hidden=\"true\" width=\"32\" height=\"32\"><path d=\"M96 0C43 0 0 43 0 96V416c0 53 43 96 96 96H384h32c17.7 0 32-14.3 32-32s-14.3-32-32-32V384c17.7 0 32-14.3 32-32V32c0-17.7-14.3-32-32-32H384 96zm0 384H352v64H96c-17.7 0-32-14.3-32-32s14.3-32 32-32zm32-240c0-8.8 7.2-16 16-16H336c8.8 0 16 7.2 16 16s-7.2 16-16 16H144c-8.8 0-16-7.2-16-16zm16 48H336c8.8 0 16 7.2 16 16s-7.2 16-16 16H144c-8.8 0-16-7.2-16-16s7.2-16 16-16z\" \/><\/svg><\/div><div class=\"stk--inner-svg stk--icon-2\" style=\"display:none\"><svg style=\"height:0;width:0\"><defs><linearGradient id=\"linear-gradient-ca07eb5\" x1=\"0\" x2=\"100%\" y1=\"0\" y2=\"0\"><stop offset=\"0%\" style=\"stop-opacity:1;stop-color:var(--linear-gradient-ca-07-eb-5-color-1)\"><\/stop><stop offset=\"100%\" style=\"stop-opacity:1;stop-color:var(--linear-gradient-ca-07-eb-5-color-2)\"><\/stop><\/linearGradient><\/defs><\/svg><svg xmlns=\"http:\/\/www.w3.org\/2000\/svg\" viewBox=\"0 0 576 512\" aria-hidden=\"true\" width=\"32\" height=\"32\"><path d=\"M249.6 471.5c10.8 3.8 22.4-4.1 22.4-15.5V78.6c0-4.2-1.6-8.4-5-11C247.4 52 202.4 32 144 32C93.5 32 46.3 45.3 18.1 56.1C6.8 60.5 0 71.7 0 83.8V454.1c0 11.9 12.8 20.2 24.1 16.5C55.6 460.1 105.5 448 144 448c33.9 0 79 14 105.6 23.5zm76.8 0C353 462 398.1 448 432 448c38.5 0 88.4 12.1 119.9 22.6c11.3 3.8 24.1-4.6 24.1-16.5V83.8c0-12.1-6.8-23.3-18.1-27.6C529.7 45.3 482.5 32 432 32c-58.4 0-103.4 20-123 35.6c-3.3 2.6-5 6.8-5 11V456c0 11.4 11.7 19.3 22.4 15.5z\" \/><\/svg><\/div><\/span><\/div>\n\n\n\n<div class=\"wp-block-stackable-heading stk-block-heading stk-block-heading--v2 stk-block stk-a08b1ac\" id=\"span-style-color-000000-class-stk-highlight-normativa-span\" data-block-id=\"a08b1ac\"><style>.stk-a08b1ac .stk-block-heading__text{color:#000000 !important;font-weight:500 !important;font-family:\"ArgentumSans\", Sans-serif !important;}<\/style><h4 class=\"stk-block-heading__text has-text-color\"><span style=\"color: #000000\" class=\"stk-highlight\">Normativa<\/span><\/h4><\/div>\n<\/div><\/div>\n<\/div><\/div><\/summary>\n\n\n\n<div class=\"wp-block-stackable-column stk-block-column stk-column stk-block stk-6028bc6 stk-block-accordion__content\" data-v=\"4\" data-block-id=\"6028bc6\"><style>.stk-6028bc6 {margin-top:-30px !important;}<\/style><div class=\"stk-column-wrapper stk-block-column__content stk-container stk-6028bc6-container stk--no-background stk--no-padding\"><div class=\"stk-block-content stk-inner-blocks stk-6028bc6-inner-blocks\">\n<ul class=\"wp-block-list\">\n<li><a href=\"https:\/\/drive.google.com\/file\/d\/16oN4XMxP-iRZOBcgLBlS69FnOhYcP4WK\/view?usp=drive_link\" target=\"_blank\" rel=\"noreferrer noopener\" target=\"_blank\" rel=\"noopener\">Reglamento de la Asignatura \u201cTrabajo Fin de Grado\u201d de la Universidad de La Laguna<\/a>&nbsp;(Aprobado en la sesi\u00f3n de Consejo de Gobierno de 6\/11\/2024).<\/li>\n\n\n\n<li><a href=\"https:\/\/drive.google.com\/file\/d\/1t8of2gvXQcyimTU-zCW2jNK7QeVdyF50\/view?usp=drive_link\" target=\"_blank\" rel=\"noreferrer noopener\" target=\"_blank\" rel=\"noopener\">Procedimiento para la Elaboraci\u00f3n, Presentaci\u00f3n, Evaluaci\u00f3n y Gesti\u00f3n de los TFG del Grado en F\u00edsica\u00a0<\/a>(Aprobado en Junta de Secci\u00f3n de F\u00edsica del 17\/04\/2026)<\/li>\n<\/ul>\n<\/div><\/div><\/div>\n<\/details>\n<\/div><\/div><\/div>\n<\/div><\/div>\n","protected":false},"excerpt":{"rendered":"<p>Trabajo de Fin de Grado La modalidad del TFG ser\u00e1 de organizaci\u00f3n espec\u00edfica seg\u00fan el&nbsp;Reglamento de la Asignatura \u201cTrabajo Fin de Grado\u201d del Grado en F\u00edsica. Consistir\u00e1 en un trabajo aut\u00f3nomo realizado por el alumnado y supervisado por un profesor o profesora, en cualquier aspecto relacionado con la F\u00edsica aprendida en el Grado durante un&#8230;<\/p>\n","protected":false},"author":1,"featured_media":0,"parent":270,"menu_order":3,"comment_status":"closed","ping_status":"closed","template":"templates\/template-frontpage.php","meta":{"footnotes":""},"class_list":["post-33","page","type-page","status-publish","hentry"],"_links":{"self":[{"href":"https:\/\/www.ull.es\/grados\/fisica\/wp-json\/wp\/v2\/pages\/33","targetHints":{"allow":["GET"]}}],"collection":[{"href":"https:\/\/www.ull.es\/grados\/fisica\/wp-json\/wp\/v2\/pages"}],"about":[{"href":"https:\/\/www.ull.es\/grados\/fisica\/wp-json\/wp\/v2\/types\/page"}],"author":[{"embeddable":true,"href":"https:\/\/www.ull.es\/grados\/fisica\/wp-json\/wp\/v2\/users\/1"}],"replies":[{"embeddable":true,"href":"https:\/\/www.ull.es\/grados\/fisica\/wp-json\/wp\/v2\/comments?post=33"}],"version-history":[{"count":51,"href":"https:\/\/www.ull.es\/grados\/fisica\/wp-json\/wp\/v2\/pages\/33\/revisions"}],"predecessor-version":[{"id":1398,"href":"https:\/\/www.ull.es\/grados\/fisica\/wp-json\/wp\/v2\/pages\/33\/revisions\/1398"}],"up":[{"embeddable":true,"href":"https:\/\/www.ull.es\/grados\/fisica\/wp-json\/wp\/v2\/pages\/270"}],"wp:attachment":[{"href":"https:\/\/www.ull.es\/grados\/fisica\/wp-json\/wp\/v2\/media?parent=33"}],"curies":[{"name":"wp","href":"https:\/\/api.w.org\/{rel}","templated":true}]}}