{"id":37,"date":"2017-06-28T12:58:45","date_gmt":"2017-06-28T12:58:45","guid":{"rendered":"http:\/\/www.ull.es\/masteres\/desarrollo-y-gestion-de-recursos-humanos\/?page_id=30"},"modified":"2025-12-09T18:29:12","modified_gmt":"2025-12-09T18:29:12","slug":"perfil-de-ingreso-y-egreso","status":"publish","type":"page","link":"https:\/\/www.ull.es\/grados\/ingenieria-agricola-medio-rural\/informacion-academica\/perfil-de-ingreso-y-egreso\/","title":{"rendered":"Perfil de ingreso y egreso"},"content":{"rendered":"\n<div class=\"wp-block-stackable-columns alignfull stk-block-columns stk-block stk-8657999\" data-block-id=\"8657999\"><style>.stk-8657999 {padding-bottom:0px !important;margin-top:-30px !important;margin-bottom:0px !important;}@media screen and (max-width: 767px){.stk-8657999 {margin-top:-10% !important;}}<\/style><div class=\"stk-row stk-inner-blocks stk-block-content stk-content-align stk-8657999-column alignfull\">\n<div class=\"wp-block-stackable-column stk-block-column stk-column stk-block stk-914f03e\" data-v=\"4\" data-block-id=\"914f03e\"><div class=\"stk-column-wrapper stk-block-column__content stk-container stk-914f03e-container stk--no-background stk--no-padding\"><div class=\"stk-block-content stk-inner-blocks stk-914f03e-inner-blocks\"><style id=\"depicter-1-inline-pre-css\">\n\n.depicter-1:not(.depicter-ready){\n\theight:500px;\n}\n\n\/***** Tablet *****\/\n@media screen and (max-width: 1024px){\n\n.depicter-1:not(.depicter-ready){\n\theight:700px;\n}\n\n}\n\/***** Mobile *****\/\n@media screen and (max-width: 767px){\n\n.depicter-1:not(.depicter-ready){\n\theight:360px;\n}\n\n}\n<\/style>\n<div id=\"depicter-1\" class=\"depicter depicter-document depicter-revert depicter-1 depicter-layout-fullwidth\">\n\n<div class=\"depicter-loading-container depicter-loading dotFlashing-dark\"><div class=\"depicter-loading-dark depicter-dot-flashing\">\n   <span><\/span>\n   <span><\/span>\n   <span><\/span>\n<\/div>\n<\/div>\n<div id=\"depicter-1-section-1\" class=\"depicter-section depicter-1-section-1\" data-name=\"Section 1\" data-type=\"section\" data-local-id=\"section-1\">\n<picture class=\"depicter-bg\">\n<source data-depicter-srcset=\"https:\/\/www.ull.es\/grados\/ingenieria-agricola-medio-rural\/wp-content\/uploads\/sites\/11\/2025\/04\/Slider_Ingenieri\u0301a_Agri\u0301cola_y_del_Medio_Rural-768x248.jpg, https:\/\/www.ull.es\/grados\/ingenieria-agricola-medio-rural\/wp-content\/uploads\/sites\/11\/2025\/04\/Slider_Ingenieri\u0301a_Agri\u0301cola_y_del_Medio_Rural.jpg 2x\" srcset=\"data:image\/gif;base64,R0lGODlhAQABAIAAAAAAAP\/\/\/yH5BAEAAAAALAAAAAABAAEAAAIBRAA7\" media=\"(max-width: 1024px)\" \/>\n\n<source data-depicter-srcset=\"https:\/\/www.ull.es\/grados\/ingenieria-agricola-medio-rural\/wp-content\/uploads\/sites\/11\/2025\/04\/Slider_Ingenieri\u0301a_Agri\u0301cola_y_del_Medio_Rural.jpg, https:\/\/www.ull.es\/grados\/ingenieria-agricola-medio-rural\/wp-content\/uploads\/sites\/11\/2025\/04\/Slider_Ingenieri\u0301a_Agri\u0301cola_y_del_Medio_Rural-1921x620.jpg 2x\" srcset=\"data:image\/gif;base64,R0lGODlhAQABAIAAAAAAAP\/\/\/yH5BAEAAAAALAAAAAABAAEAAAIBRAA7\" media=\"(min-width: 1025px)\" \/>\n<img decoding=\"async\" src=\"data:image\/gif;base64,R0lGODlhAQABAIAAAAAAAP\/\/\/yH5BAEAAAAALAAAAAABAAEAAAIBRAA7\" data-ken-burns=\"false\" data-tablet-ken-burns=\"false\" data-mobile-ken-burns=\"false\" alt=\"\" data-depicter-src=\"https:\/\/www.ull.es\/grados\/ingenieria-agricola-medio-rural\/wp-content\/uploads\/sites\/11\/2025\/04\/Slider_Ingenieri\u0301a_Agri\u0301cola_y_del_Medio_Rural.jpg\" data-object-fit=\"custom,custom,\" data-object-position=\"center top,,\" data-crop=\"{'focalPoint':{'x':0.5,'y':0.5},'mediaSize':{'width':1394.274193548387074770289473235607147216796875,'height':450}}\" data-tablet-crop=\"{'focalPoint':{'x':0.5,'y':0.5},'mediaSize':{'width':2168.87096774193560122512280941009521484375,'height':700.0000000000001136868377216160297393798828125}}\" data-mobile-crop=\"{'focalPoint':{'x':0.5,'y':0.5},'mediaSize':{'width':1115.41935483870975076570175588130950927734375,'height':360}}\" \/>\n<\/picture>\n\n\n<h1 id=\"depicter-1-element-5\" class=\"depicter-element depicter-layer depicter-1-element-5\" data-type=\"text\" data-wrap=\"true\" data-name=\"Text 2\" data-local-id=\"element-5\" data-offset=\"x:50px;y:149px;origin:tl\" data-tablet-offset=\"x:218px;y:264px;origin:tl\" data-mobile-offset=\"x:6px;y:-136px;origin:tl\" data-width=\"1101px,589px,348px\" data-height=\"auto,auto,auto\" data-responsive-scale=\"true,,\">Grado en Ingenier\u00eda Agr\u00edcola y del Medio Rural<\/h1>\n\n<div id=\"depicter-1-element-10\" class=\"depicter-element depicter-layer depicter-1-element-10\" data-type=\"shape\" data-wrap=\"true\" data-name=\"Shape 1\" data-local-id=\"element-10\" data-offset=\"x:54px;y:365px;origin:tl\" data-tablet-offset=\"x:218px;y:446px;origin:tl\" data-mobile-offset=\"x:6px;y:15px;origin:tl\" data-width=\"1093px,555px,309px\" data-height=\"8px,8px,8px\" data-responsive-scale=\"true,,\"><\/div>\n<\/div>\n<\/div>\n<script>\n(window.depicterSetups = window.depicterSetups || []).push(function(){\n\tDepicter.basePath = 'https:\/\/www.ull.es\/grados\/ingenieria-agricola-medio-rural\/wp-content\/plugins\/depicter\/resources\/scripts\/player\/';\n\tconst dpPlayer = Depicter.setup('.depicter-1',\n\t\t{\"width\":[\"1200\",\"1024\",\"360\"],\"height\":[\"500\",\"700\",\"360\"],\"view\":\"basic\",\"keepAspectRatio\":true,\"preload\":0,\"layout\":\"fullwidth\",\"rtl\":false,\"initAfterAppear\":false,\"ajaxApiUrl\":\"https:\\\/\\\/www.ull.es\\\/grados\\\/ingenieria-agricola-medio-rural\\\/wp-admin\\\/admin-ajax.php\",\"mouseSwipe\":true,\"touchSwipe\":true,\"useWatermark\":false}\n\t);\n});\n<\/script><\/div><\/div><\/div>\n<\/div><\/div>\n\n\n\n<div class=\"wp-block-stackable-columns alignfull stk-block-columns stk--hide-mobile stk-block stk-ceecbdc stk-block-background\" data-block-id=\"ceecbdc\"><style>.stk-ceecbdc {background-color:#360060 !important;padding-top:35px !important;padding-right:0px !important;padding-bottom:2px !important;padding-left:0px !important;margin-top:-20px !important;margin-bottom:70px !important;}.stk-ceecbdc:before{background-color:#360060 !important;}<\/style><div class=\"stk-row stk-inner-blocks stk-block-content stk-content-align stk-ceecbdc-column alignfull\">\n<div class=\"wp-block-stackable-column stk-block-column stk-column stk-block stk-fc60a5d\" data-v=\"4\" data-block-id=\"fc60a5d\"><div class=\"stk-column-wrapper stk-block-column__content stk-container stk-fc60a5d-container stk--no-background stk--no-padding\"><div class=\"stk-block-content stk-inner-blocks stk-fc60a5d-inner-blocks\">\n<div class=\"wp-block-stackable-spacer stk-block-spacer stk--no-padding stk-block stk-a3a8a68\" data-block-id=\"a3a8a68\"><style>.stk-a3a8a68 {height:0px !important;}<\/style><\/div>\n<\/div><\/div><\/div>\n<\/div><\/div>\n\n\n\n<div class=\"wp-block-stackable-columns alignwide stk-block-columns stk-block stk-3627255\" data-block-id=\"3627255\"><style>.stk-3627255 {padding-right:16% !important;padding-left:16% !important;margin-bottom:18px !important;}<\/style><div class=\"stk-row stk-inner-blocks stk-block-content stk-content-align stk-3627255-column alignwide\">\n<div class=\"wp-block-stackable-column stk-block-column stk-column stk-block stk-81e665a\" data-v=\"4\" data-block-id=\"81e665a\"><div class=\"stk-column-wrapper stk-block-column__content stk-container stk-81e665a-container stk--no-background stk--no-padding\"><div class=\"stk-block-content stk-inner-blocks stk-81e665a-inner-blocks\">\n<div class=\"wp-block-stackable-heading stk-block-heading stk-block-heading--v2 stk-block stk-97878e6\" id=\"perfil-de-ingreso-y-egreso\" data-block-id=\"97878e6\"><style>.stk-97878e6 .stk-block-heading__text{color:#5c068c !important;}<\/style><h1 class=\"stk-block-heading__text has-text-color\">Perfil de ingreso y egreso<\/h1><\/div>\n\n\n\n<h2 class=\"wp-block-heading\">Perfil de ingreso<\/h2>\n\n\n\n<p>El alumnado que acceda a la titulaci\u00f3n deber\u00e1 tener una buena formaci\u00f3n previa en materias b\u00e1sicas como: matem\u00e1ticas, f\u00edsica, qu\u00edmica, biolog\u00eda y dibujo.<\/p>\n\n\n\n<p>Deber\u00e1 poseer capacidad de observaci\u00f3n, de an\u00e1lisis y s\u00edntesis, habilidad y rapidez para el c\u00e1lculo num\u00e9rico y resoluci\u00f3n de problemas cuantificables, as\u00ed como tener un razonamiento l\u00f3gico y abstracto. Adem\u00e1s, deber\u00eda ser amante de&nbsp;la Naturaleza&nbsp;y de&nbsp;la Agricultura&nbsp;y poseer un s\u00f3lido acervo de nociones biol\u00f3gicas. Sentir curiosidad cient\u00edfica y tener dotes de observaci\u00f3n para conocer los problemas de ambas.<\/p>\n\n\n\n<p>Son muy apreciables actitudes personales de iniciativa, capacidad de cooperaci\u00f3n en equipo, organizaci\u00f3n personal del trabajo, constancia, disciplina, capacidad de trabajar bajo presi\u00f3n, liderazgo, responsabilidad e inter\u00e9s por la aplicaci\u00f3n pr\u00e1ctica de los conocimientos para la resoluci\u00f3n de problemas reales.<\/p>\n\n\n\n<p>Finalmente la habilidad manual en el manejo de instrumentos o equipos es altamente deseable ya que ser\u00e1 ampliamente utilizada durante los<strong>&nbsp;<\/strong>estudios y despu\u00e9s de ellos.<\/p>\n\n\n\n<h2 class=\"wp-block-heading\">Perfil de egreso<\/h2>\n\n\n\n<p>El alumnado egresado estar\u00e1 capacitado para los siguientes trabajos:<\/p>\n\n\n\n<ul class=\"wp-block-list\">\n<li>Asesoramiento y direcci\u00f3n de empresas agrarias.<\/li>\n\n\n\n<li>Direcci\u00f3n y ejecuci\u00f3n de obras en el \u00e1mbito agrario.<\/li>\n\n\n\n<li>Mediciones y levantamientos topogr\u00e1ficos de fincas.<\/li>\n\n\n\n<li>Valoraciones de fincas y empresas agraria.<\/li>\n\n\n\n<li>Elaboraci\u00f3n de proyectos t\u00e9cnicos agr\u00edcolas y ganaderos<\/li>\n\n\n\n<li>Mecanizaci\u00f3n de explotaciones agraria.<\/li>\n\n\n\n<li>Realizaci\u00f3n de estudios de impacto ambiental.<\/li>\n\n\n\n<li>Trabajos en el \u00e1rea de Agricultura y\u00a0Medio Ambiente en\u00a0Administraciones p\u00fablicas.<\/li>\n\n\n\n<li>Ordenaci\u00f3n y gesti\u00f3n del medio rural.<\/li>\n\n\n\n<li>Direcci\u00f3n y asesoramiento t\u00e9cnico\u00a0de empresas y cooperativas hortofrut\u00edcolas.<\/li>\n\n\n\n<li>Implantaci\u00f3n y mantenimiento de c\u00e9spedes de campos de deportes y campos de golf.<\/li>\n\n\n\n<li>Dise\u00f1o, realizaci\u00f3n y mantenimiento de parques y jardines.<\/li>\n\n\n\n<li>Trabajos en empresas de biotecnolog\u00eda, entre otras.<\/li>\n<\/ul>\n<\/div><\/div><\/div>\n<\/div><\/div>\n","protected":false},"excerpt":{"rendered":"<p>Perfil de ingreso y egreso Perfil de ingreso El alumnado que acceda a la titulaci\u00f3n deber\u00e1 tener una buena formaci\u00f3n previa en materias b\u00e1sicas como: matem\u00e1ticas, f\u00edsica, qu\u00edmica, biolog\u00eda y dibujo. Deber\u00e1 poseer capacidad de observaci\u00f3n, de an\u00e1lisis y s\u00edntesis, habilidad y rapidez para el c\u00e1lculo num\u00e9rico y resoluci\u00f3n de problemas cuantificables, as\u00ed como tener&#8230;<\/p>\n","protected":false},"author":1,"featured_media":0,"parent":252,"menu_order":1,"comment_status":"closed","ping_status":"closed","template":"templates\/template-frontpage.php","meta":{"footnotes":""},"class_list":["post-37","page","type-page","status-publish","hentry"],"_links":{"self":[{"href":"https:\/\/www.ull.es\/grados\/ingenieria-agricola-medio-rural\/wp-json\/wp\/v2\/pages\/37","targetHints":{"allow":["GET"]}}],"collection":[{"href":"https:\/\/www.ull.es\/grados\/ingenieria-agricola-medio-rural\/wp-json\/wp\/v2\/pages"}],"about":[{"href":"https:\/\/www.ull.es\/grados\/ingenieria-agricola-medio-rural\/wp-json\/wp\/v2\/types\/page"}],"author":[{"embeddable":true,"href":"https:\/\/www.ull.es\/grados\/ingenieria-agricola-medio-rural\/wp-json\/wp\/v2\/users\/1"}],"replies":[{"embeddable":true,"href":"https:\/\/www.ull.es\/grados\/ingenieria-agricola-medio-rural\/wp-json\/wp\/v2\/comments?post=37"}],"version-history":[{"count":11,"href":"https:\/\/www.ull.es\/grados\/ingenieria-agricola-medio-rural\/wp-json\/wp\/v2\/pages\/37\/revisions"}],"predecessor-version":[{"id":1025,"href":"https:\/\/www.ull.es\/grados\/ingenieria-agricola-medio-rural\/wp-json\/wp\/v2\/pages\/37\/revisions\/1025"}],"up":[{"embeddable":true,"href":"https:\/\/www.ull.es\/grados\/ingenieria-agricola-medio-rural\/wp-json\/wp\/v2\/pages\/252"}],"wp:attachment":[{"href":"https:\/\/www.ull.es\/grados\/ingenieria-agricola-medio-rural\/wp-json\/wp\/v2\/media?parent=37"}],"curies":[{"name":"wp","href":"https:\/\/api.w.org\/{rel}","templated":true}]}}