{"id":42,"date":"2017-06-28T13:01:59","date_gmt":"2017-06-28T13:01:59","guid":{"rendered":"http:\/\/www.ull.es\/masteres\/desarrollo-y-gestion-de-recursos-humanos\/?page_id=42"},"modified":"2025-11-18T15:35:39","modified_gmt":"2025-11-18T15:35:39","slug":"coordinacion-docente","status":"publish","type":"page","link":"https:\/\/www.ull.es\/grados\/medicina\/informacion-academica\/coordinacion-docente\/","title":{"rendered":"Coordinaci\u00f3n docente"},"content":{"rendered":"\n<div class=\"wp-block-stackable-columns alignfull stk-block-columns stk-block stk-8657999\" data-block-id=\"8657999\"><style>.stk-8657999 {padding-bottom:0px !important;margin-top:-30px !important;margin-bottom:0px !important;}@media screen and (max-width: 767px){.stk-8657999 {margin-top:-10% !important;}}<\/style><div class=\"stk-row stk-inner-blocks stk-block-content stk-content-align stk-8657999-column alignfull\">\n<div class=\"wp-block-stackable-column stk-block-column stk-column stk-block stk-914f03e\" data-v=\"4\" data-block-id=\"914f03e\"><div class=\"stk-column-wrapper stk-block-column__content stk-container stk-914f03e-container stk--no-background stk--no-padding\"><div class=\"stk-block-content stk-inner-blocks stk-914f03e-inner-blocks\"><style id=\"depicter-1-inline-pre-css\">\n\n.depicter-1:not(.depicter-ready){\n\theight:500px;\n}\n\n\/***** Tablet *****\/\n@media screen and (max-width: 1024px){\n\n.depicter-1:not(.depicter-ready){\n\theight:700px;\n}\n\n}\n\/***** Mobile *****\/\n@media screen and (max-width: 767px){\n\n.depicter-1:not(.depicter-ready){\n\theight:360px;\n}\n\n}\n<\/style>\n<div id=\"depicter-1\" class=\"depicter depicter-document depicter-revert depicter-1 depicter-layout-fullwidth\">\n\n<div class=\"depicter-loading-container depicter-loading dotFlashing-dark\"><div class=\"depicter-loading-dark depicter-dot-flashing\">\n   <span><\/span>\n   <span><\/span>\n   <span><\/span>\n<\/div>\n<\/div>\n<div id=\"depicter-1-section-1\" class=\"depicter-section depicter-1-section-1\" data-name=\"Section 1\" data-type=\"section\" data-local-id=\"section-1\">\n<picture class=\"depicter-bg\">\n<source data-depicter-srcset=\"https:\/\/www.ull.es\/grados\/medicina\/wp-content\/uploads\/sites\/5\/2025\/03\/Slider_Medicina-768x248.jpg, https:\/\/www.ull.es\/grados\/medicina\/wp-content\/uploads\/sites\/5\/2025\/03\/Slider_Medicina.jpg 2x\" srcset=\"data:image\/gif;base64,R0lGODlhAQABAIAAAAAAAP\/\/\/yH5BAEAAAAALAAAAAABAAEAAAIBRAA7\" media=\"(max-width: 1024px)\" \/>\n\n<source data-depicter-srcset=\"https:\/\/www.ull.es\/grados\/medicina\/wp-content\/uploads\/sites\/5\/2025\/03\/Slider_Medicina.jpg, https:\/\/www.ull.es\/grados\/medicina\/wp-content\/uploads\/sites\/5\/2025\/03\/Slider_Medicina-1920x620.jpg 2x\" srcset=\"data:image\/gif;base64,R0lGODlhAQABAIAAAAAAAP\/\/\/yH5BAEAAAAALAAAAAABAAEAAAIBRAA7\" media=\"(min-width: 1025px)\" \/>\n<img decoding=\"async\" src=\"data:image\/gif;base64,R0lGODlhAQABAIAAAAAAAP\/\/\/yH5BAEAAAAALAAAAAABAAEAAAIBRAA7\" data-ken-burns=\"false\" data-tablet-ken-burns=\"false\" data-mobile-ken-burns=\"false\" alt=\"\" data-depicter-src=\"https:\/\/www.ull.es\/grados\/medicina\/wp-content\/uploads\/sites\/5\/2025\/03\/Slider_Medicina.jpg\" data-object-fit=\"custom,custom,\" data-object-position=\"center top,,\" data-crop=\"{'focalPoint':{'x':0.5,'y':0.5},'mediaSize':{'width':1393.54838709677414954057894647121429443359375,'height':450}}\" data-tablet-crop=\"{'focalPoint':{'x':0.5,'y':0.5},'mediaSize':{'width':2167.7419354838712024502456188201904296875,'height':700.0000000000001136868377216160297393798828125}}\" data-mobile-crop=\"{'focalPoint':{'x':0.5,'y':0.5},'mediaSize':{'width':1114.8387096774195015314035117626190185546875,'height':360}}\" \/>\n<\/picture>\n\n\n<h1 id=\"depicter-1-element-5\" class=\"depicter-element depicter-layer depicter-1-element-5\" data-type=\"text\" data-wrap=\"true\" data-name=\"Text 2\" data-local-id=\"element-5\" data-offset=\"x:176px;y:201px;origin:tl\" data-tablet-offset=\"x:281px;y:321px;origin:tl\" data-mobile-offset=\"x:6px;y:-136px;origin:tl\" data-width=\"793px,462px,348px\" data-height=\"auto,auto,auto\" data-responsive-scale=\"true,,\">Grado en Medicina<\/h1>\n\n<div id=\"depicter-1-element-10\" class=\"depicter-element depicter-layer depicter-1-element-10\" data-type=\"shape\" data-wrap=\"true\" data-name=\"Shape 1\" data-local-id=\"element-10\" data-offset=\"x:194px;y:313px;origin:tl\" data-tablet-offset=\"x:289px;y:378px;origin:tl\" data-mobile-offset=\"x:6px;y:14px;origin:tl\" data-width=\"758px,442px,245px\" data-height=\"8px,8px,8px\" data-responsive-scale=\"true,,\"><\/div>\n<\/div>\n<\/div>\n<script>\n(window.depicterSetups = window.depicterSetups || []).push(function(){\n\tDepicter.basePath = 'https:\/\/www.ull.es\/grados\/medicina\/wp-content\/plugins\/depicter\/resources\/scripts\/player\/';\n\tconst dpPlayer = Depicter.setup('.depicter-1',\n\t\t{\"width\":[\"1200\",\"1024\",\"360\"],\"height\":[\"500\",\"700\",\"360\"],\"view\":\"basic\",\"keepAspectRatio\":true,\"preload\":0,\"layout\":\"fullwidth\",\"rtl\":false,\"initAfterAppear\":false,\"ajaxApiUrl\":\"https:\\\/\\\/www.ull.es\\\/grados\\\/medicina\\\/wp-admin\\\/admin-ajax.php\",\"mouseSwipe\":true,\"touchSwipe\":true,\"useWatermark\":false}\n\t);\n});\n<\/script><\/div><\/div><\/div>\n<\/div><\/div>\n\n\n\n<div class=\"wp-block-stackable-columns alignfull stk-block-columns stk--hide-mobile stk-block stk-ceecbdc stk-block-background\" data-block-id=\"ceecbdc\"><style>.stk-ceecbdc {background-color:#360060 !important;padding-top:35px !important;padding-right:0px !important;padding-bottom:2px !important;padding-left:0px !important;margin-top:-20px !important;margin-bottom:70px !important;}.stk-ceecbdc:before{background-color:#360060 !important;}<\/style><div class=\"stk-row stk-inner-blocks stk-block-content stk-content-align stk-ceecbdc-column alignfull\">\n<div class=\"wp-block-stackable-column stk-block-column stk-column stk-block stk-fc60a5d\" data-v=\"4\" data-block-id=\"fc60a5d\"><div class=\"stk-column-wrapper stk-block-column__content stk-container stk-fc60a5d-container stk--no-background stk--no-padding\"><div class=\"stk-block-content stk-inner-blocks stk-fc60a5d-inner-blocks\">\n<div class=\"wp-block-stackable-spacer stk-block-spacer stk--no-padding stk-block stk-a3a8a68\" data-block-id=\"a3a8a68\"><style>.stk-a3a8a68 {height:0px !important;}<\/style><\/div>\n<\/div><\/div><\/div>\n<\/div><\/div>\n\n\n\n<div class=\"wp-block-stackable-columns stk-block-columns stk-block stk-8b59b96\" data-block-id=\"8b59b96\"><style>.stk-8b59b96 .stk--block-align-8b59b96{align-items:flex-start !important;}.stk-8b59b96 {margin-top:25px !important;}.stk-8b59b96-column{--stk-columns-spacing:0px !important;--stk-column-gap:50px !important;}@media screen and (max-width: 767px){.stk-8b59b96-column{row-gap:var(--stk--preset--spacing--60, 2.25rem) !important;}}<\/style><div class=\"stk-row stk-inner-blocks stk--block-align-8b59b96 stk-block-content stk-content-align stk-8b59b96-column\">\n<div class=\"wp-block-stackable-column stk-block-column stk-column stk-block stk-dbb7e15\" data-v=\"4\" data-block-id=\"dbb7e15\"><div class=\"stk-column-wrapper stk-block-column__content stk-container stk-dbb7e15-container stk--no-background stk--no-padding\"><div class=\"stk-block-content stk-inner-blocks stk-dbb7e15-inner-blocks\">\n<div class=\"wp-block-stackable-heading stk-block-heading stk-block-heading--v2 stk-block stk-689c258\" id=\"coordinacion-docente\" data-block-id=\"689c258\"><style>.stk-689c258 .stk-block-heading__text{color:#5c068c !important;}<\/style><h1 class=\"stk-block-heading__text has-text-color\">Coordinaci\u00f3n docente<\/h1><\/div>\n\n\n\n<p>El t\u00edtulo cuenta con las estructuras de coordinaci\u00f3n necesarias en sus diferentes niveles para garantizar que se organiza y desarrolla de manera adecuada. As\u00ed, para articular la coordinaci\u00f3n horizontal y vertical a nivel titulaci\u00f3n, se cuenta con:<\/p>\n\n\n\n<ul class=\"wp-block-list\">\n<li>Coordinador\/a de Titulaci\u00f3n (Jefe\/a de Estudios)<\/li>\n\n\n\n<li>Coordinador\/a de Curso<\/li>\n\n\n\n<li>Coordinador\/a de Asignatura<\/li>\n\n\n\n<li>Coordinador\/a de Pr\u00e1cticas Externas\/Rotatorios<\/li>\n<\/ul>\n\n\n\n<p>Las citadas estructuras se integran en las correspondientes comisiones del centro\/secci\u00f3n\/t\u00edtulo, las cuales establecen los mecanismos de funcionamiento mediante reuniones peri\u00f3dicas para realizar el an\u00e1lisis del desarrollo de la titulaci\u00f3n en sus diferentes niveles (titulaci\u00f3n, curso y asignatura).<\/p>\n\n\n\n<p>A trav\u00e9s de la coordinaci\u00f3n horizontal y vertical se garantiza, entre otras: la adecuada secuenciaci\u00f3n y planificaci\u00f3n temporal de las asignaturas, su contenido y sistema de evaluaci\u00f3n; se evita vac\u00edos, duplicidades y desajustes; y se distribuye de forma adecuada la carga de trabajo del alumnado para facilitar la adquisici\u00f3n de los resultados de aprendizaje.<\/p>\n\n\n\n<p>El Equipo de Direcci\u00f3n del Centro se encarga de la Coordinaci\u00f3n Docente. Sus funciones, recogidas en el SGIC de la Facultad y en la Memoria de Verificaci\u00f3n son:<\/p>\n\n\n\n<ul class=\"wp-block-list\">\n<li>Elaboraci\u00f3n de la propuesta de grupos de teor\u00eda y pr\u00e1cticas por asignatura y asignaci\u00f3n de aulas\/laboratorios<\/li>\n\n\n\n<li>Elaboraci\u00f3n de propuesta de horario de clases y fechas de ex\u00e1menes<\/li>\n\n\n\n<li>Desarrollar actividades de promoci\u00f3n de la movilidad y obtener informaci\u00f3n sobre el desarrollo y los resultados de los programas de movilidad<\/li>\n\n\n\n<li>Respecto a la orientaci\u00f3n profesional, realizar una propuesta de objetivos, actuaciones y planificaci\u00f3n de las actuaciones; elaborar el material informativo, y difundir las actuaciones y el material informativo; desarrollar las actuaciones planificadas dirigidas a la orientaci\u00f3n profesional<\/li>\n\n\n\n<li>Realizar una revisi\u00f3n continua del proceso ense\u00f1anza-aprendizaje para la actualizaci\u00f3n y mejora del programa formativo de la titulaci\u00f3n.<\/li>\n\n\n\n<li>Asignar espacios para la realizaci\u00f3n de las distintas actividades programadas. Equipo de Direcci\u00f3n del Centro se encarga de la Coordinaci\u00f3n Docente.<\/li>\n<\/ul>\n\n\n\n<p><strong>1. Jefe\/a de Estudios<\/strong><\/p>\n\n\n\n<p>Seg\u00fan el Reglamento de R\u00e9gimen Interno, el Jefe de Estudios ser\u00e1 nombrado por El\/la Decano\/a entre el profesorado que haya sido elegido miembro de la Junta de Centro. Preside la Comisi\u00f3n de Ordenaci\u00f3n Acad\u00e9mica. &nbsp;Corresponde a esta Comisi\u00f3n la facultad de elevar informes y propuestas a la Junta sobre las siguientes materias:<\/p>\n\n\n\n<ul class=\"wp-block-list\">\n<li>La definici\u00f3n, aprobaci\u00f3n y coordinaci\u00f3n de la actuaci\u00f3n de la Facultad en lo que concierne a la docencia.<\/li>\n\n\n\n<li>La organizaci\u00f3n de las ense\u00f1anzas que hayan de impartirse en el Centro para la obtenci\u00f3n de las titulaciones acad\u00e9micas contempladas en sus planes de estudio.<\/li>\n\n\n\n<li>La elaboraci\u00f3n y modificaci\u00f3n de los planes de estudio y de ordenaci\u00f3n docente del Centro.<\/li>\n\n\n\n<li>La determinaci\u00f3n de las normas para la implantaci\u00f3n y desarrollo de los planes de estudio.<\/li>\n\n\n\n<li>El informe sobre los programas docentes de los Departamentos que impartan docencia en el Centro.<\/li>\n\n\n\n<li>Velar por el cumplimiento efectivo del principio de libertad de estudio y de evaluaci\u00f3n continuada previsto en el art\u00edculo 9 del presente Reglamento.<\/li>\n\n\n\n<li>Cualquier otro asunto de ordenaci\u00f3n acad\u00e9mica que le fuera sometido por el Pleno de la Junta, por mayor\u00eda simple, o que le atribuya el presente Reglamento.<\/li>\n\n\n\n<li>La elaboraci\u00f3n de horarios de clases te\u00f3ricas y pr\u00e1cticas y calendarios de ex\u00e1menes as\u00ed como la distribuci\u00f3n de grupos de pr\u00e1cticas que ser\u00e1 asumida por una Subcomisi\u00f3n de Coordinaci\u00f3n de la Docencia, estar\u00e1 presidida por el Jefe de Estudios, y formada por los profesores coordinadores de curso, y un\/a alumno\/a representante de cada curso.<\/li>\n<\/ul>\n\n\n\n<style>\n.hoverable {\n  transition: transform 0.3s, box-shadow 0.3s;\n  cursor: pointer;\n}\n.hoverable:hover {\n  transform: scale(1.02);\n  box-shadow: 0 0.5rem 1rem rgba(0,0,0,0.25);\n  \/* Mantiene el color de fondo original *\/\n}\n<\/style>\n\n<!-- Tabla general con estilo similar -->\n<table class=\"table table-bordered table-striped align-middle text-center shadow-sm rounded overflow-hidden table-hover-effect\" style=\"border-collapse: separate; border-spacing: 0; box-shadow: 0 0.5rem 1rem rgba(0,0,0,0.15); border-radius:2rem; width:100%;\">\n  <tbody>\n    <tr style=\"background-color:#360060; color:#fff;\">\n      <td style=\" border-top-left-radius: 1.5rem;\"><\/td>\n      <td class=\"hoverable fw-bold\" style=\"width:30%; font-weight:bold;\">Jefas de Estudio Grado en Medicina<\/td>\n      <td class=\"hoverable\" style=\"border-top-right-radius: 1.5rem; font-weight:bold;\">E-mail<\/td>\n    <\/tr>\n    <tr style=\"background-color:#f8f9fa;\">\n      <td class=\"hoverable fw-bold\" style=\"font-weight:bold;\">CHUC<\/td>\n      <td class=\"hoverable\">Marta Garc\u00eda Bust\u00ednduy<\/a><\/td>\n      <td class=\"hoverable\"><a href=\"mailto:mgarciab@ull.es\" target=\"_blank\" rel=\"noopener\">mgarciab@ull.es<\/a><\/a><\/td>\n    <\/tr>\n    <tr style=\"background-color:#f8f9fa;\">\n      <td class=\"hoverable fw-bold\" style=\"font-weight:bold;\">CHUNSC<\/td>\n      <td class=\"hoverable\">M\u00aa. Elena Espinosa Dom\u00ednguez<\/a><\/td>\n      <td class=\"hoverable\"><a href=\"mailto:mespinos@ull.es\" target=\"_blank\" rel=\"noopener\">mespinos@ull.es<\/a><\/a><\/td>\n    <\/tr>\n  <\/tbody>\n<\/table>\n\n\n\n<p><strong>2. Personal Coordinador de Curso<\/strong><\/p>\n\n\n\n<p>Hay Personal Coordinador para cada Curso del Grado cuyas funciones son:<\/p>\n\n\n\n<ul class=\"wp-block-list\">\n<li>La organizaci\u00f3n de los diferentes grupos de pr\u00e1cticas.<\/li>\n\n\n\n<li>Coordinar entre Alumnado y Profesorado responsables de Asignatura la propuesta de fechas de ex\u00e1menes.<\/li>\n\n\n\n<li>Establecer de acuerdo con las Asignaturas los horarios y calendarios de clases te\u00f3ricas y pr\u00e1cticas.<\/li>\n<\/ul>\n\n\n\n<style>\n.hoverable {\n  transition: transform 0.3s, box-shadow 0.3s;\n  cursor: pointer;\n}\n.hoverable:hover {\n  transform: scale(1.02);\n  box-shadow: 0 0.5rem 1rem rgba(0,0,0,0.25);\n  \/* Mantiene el color de fondo original *\/\n}\n<\/style>\n\n<!-- Tabla general con estilo similar -->\n<table class=\"table table-bordered table-striped align-middle text-center shadow-sm rounded overflow-hidden table-hover-effect\" style=\"border-collapse: separate; border-spacing: 0; box-shadow: 0 0.5rem 1rem rgba(0,0,0,0.15); border-radius:2rem; width:100%;\">\n  <tbody>\n    <tr style=\"background-color:#360060; color:#fff;\">\n      <td class=\"hoverable fw-bold\" style=\"width:30%; border-top-left-radius: 1.5rem; font-weight:bold;\">Curso<\/td>\n      <td class=\"hoverable\" style=\"border-top-right-radius: 1.5rem; font-weight:bold;\">\tProfesor<\/td>\n      <td class=\"hoverable\" style=\"border-top-right-radius: 1.5rem; font-weight:bold;\">\tE-mail<\/td>\n    <\/tr>\n    <tr style=\"background-color:#f8f9fa;\">\n      <td class=\"hoverable fw-bold\" style=\"font-weight:bold;\">1\u00ba<\/td>\n      <td class=\"hoverable\">Herminia P\u00e9rez Gonz\u00e1lez<\/a><\/td>\n      <td class=\"hoverable\"><a href=\"mailto:herperez@ull.es\" target=\"_blank\" rel=\"noopener\">herperez@ull.es<\/a><\/td>\n    <\/tr>\n    <tr style=\"background-color:#f8f9fa;\">\n      <td class=\"hoverable fw-bold\" style=\"font-weight:bold;\">2\u00ba<\/td>\n      <td class=\"hoverable\">Tom\u00e1s H. Gonz\u00e1lez Hern\u00e1ndez<\/a><\/td>\n      <td class=\"hoverable\"><a href=\"mailto:tgonhern@ull.es\" target=\"_blank\" rel=\"noopener\">tgonhern@ull.es<\/a><\/td>\n    <\/tr>\n    <tr style=\"background-color:#f8f9fa;\">\n      <td class=\"hoverable fw-bold\" style=\"font-weight:bold;\">3\u00ba<\/td>\n      <td class=\"hoverable\">Antonio M. Mart\u00ednez Riera<\/a><\/td>\n      <td class=\"hoverable\"><a href=\"mailto:tgonhern@ull.es\" target=\"_blank\" rel=\"noopener\">amartine@ull.es<\/a><\/td>\n    <\/tr>\n    <tr style=\"background-color:#f8f9fa;\">\n      <td class=\"hoverable fw-bold\" style=\"font-weight:bold;\">4\u00ba<\/td>\n      <td class=\"hoverable\">Manuel N. Hern\u00e1ndez Guerra de Aguilar<\/a><\/td>\n      <td class=\"hoverable\"><a href=\"mailto:mhernand@ull.es\" target=\"_blank\" rel=\"noopener\">mhernand@ull.es<\/a><\/td>\n    <\/tr>\n    <tr style=\"background-color:#f8f9fa;\">\n      <td class=\"hoverable fw-bold\" style=\"font-weight:bold;\">5\u00ba<\/td>\n      <td class=\"hoverable\">Fernando Ot\u00f3n S\u00e1nchez<\/a><\/td>\n      <td class=\"hoverable\"><a href=\"mailto:tgonhern@ull.es\" target=\"_blank\" rel=\"noopener\">lfoton@ull.es<\/a><\/td>\n    <\/tr>\n    <tr style=\"background-color:#f8f9fa;\">\n      <td class=\"hoverable fw-bold\" style=\"font-weight:bold;\">6\u00ba<\/td>\n      <td class=\"hoverable\">Maria Araceli Fern\u00e1ndez Rodr\u00edguez<\/a><\/td>\n      <td class=\"hoverable\"><a href=\"mailto:tgonhern@ull.es\" target=\"_blank\" rel=\"noopener\">afernaro@ull.es<\/a><\/td>\n    <\/tr>\n    <tr style=\"background-color:#f8f9fa;\">\n      <td class=\"hoverable fw-bold\" style=\"font-weight:bold;\">Optativas<\/td>\n      <td class=\"hoverable\">Aldo Augusto Gonz\u00e1lez Brito<\/a><\/td>\n      <td class=\"hoverable\"><a href=\"mailto:agbrito@ull.es\" target=\"_blank\" rel=\"noopener\">agbrito@ull.es<\/a><\/td>\n    <\/tr>\n  <\/tbody>\n<\/table>\n\n\n\n<p><strong>3. Profesorado Coordinador de Asignatura<\/strong><\/p>\n\n\n\n<p>Es el responsable de los aspectos organizativos de los grupos te\u00f3ricos y pr\u00e1cticos de la asignatura. Es el referente para la gesti\u00f3n de cualquier disfunci\u00f3n que pudiera darse a lo largo del curso poni\u00e9ndola en conocimiento del Director del Departamento y\/o Jefatura de Estudios. Asimismo, es el encargado de comunicar al Personal Coordinador de curso cualquier aspecto relativo a la organizaci\u00f3n de la asignatura.<\/p>\n\n\n\n<p>El nombramiento de estos\/as Coordinadores\/as ser\u00e1 previamente aprobado por los Consejos de Departamento de los Departamentos implicados en la asignatura.<\/p>\n\n\n\n<ul class=\"wp-block-list\">\n<li>Elaborar la Gu\u00eda Docente de la asignatura.<\/li>\n\n\n\n<li>Convocar y moderar las reuniones con el equipo docente de la asignatura, centralizando sus aportaciones.<\/li>\n\n\n\n<li>Establecer el procedimiento de trabajo a seguir: reparto de tareas y modo de funcionamiento.<\/li>\n\n\n\n<li>Acordar con el resto del equipo docente los contenidos, la elaboraci\u00f3n y\/o revisi\u00f3n del material did\u00e1ctico, las pruebas a realizar, los criterios de evaluaci\u00f3n de la asignatura y la organizaci\u00f3n de los grupos de pr\u00e1cticas si los hubiera.<\/li>\n\n\n\n<li>Asegurarse de que no hay redundancia o carencias en el temario debidas a falta de coordinaci\u00f3n con otras asignaturas. En caso de ser detectada esta falta de coordinaci\u00f3n debe de comunicarse a la Comisi\u00f3n de Calidad del Centro.<\/li>\n\n\n\n<li>Coordinar la teor\u00eda, los seminarios, las pr\u00e1cticas\u2026. Adecuar los contenidos y la temporalizaci\u00f3n de las diferentes actividades con la teor\u00eda.<\/li>\n\n\n\n<li>Asegurarse de que los contenidos, las herramientas utilizadas, el nivel de exigencia y los criterios de correcci\u00f3n de las pr\u00e1cticas son comunes en todos los grupos de pr\u00e1cticas.<\/li>\n\n\n\n<li>Convocar al resto del equipo docente de la asignatura a una reuni\u00f3n de balance del curso acad\u00e9mico.<\/li>\n<\/ul>\n\n\n\n<p>Como se indica en las&nbsp;<a href=\"https:\/\/www.ull.es\/apps\/guias\/guias\/view_degree\/608\/\" target=\"_blank\" rel=\"noreferrer noopener\" target=\"_blank\" rel=\"noopener\">Gu\u00edas Docentes<\/a>&nbsp;de cada asignatura, el primer profesor que figura en el apartado&nbsp;<em>\u00ab1.3 Profesorado que imparte la asignatura\u00bb<\/em>&nbsp;se corresponde con el coordinador de la asignatura.<\/p>\n<\/div><\/div><\/div>\n<\/div><\/div>\n","protected":false},"excerpt":{"rendered":"<p>Coordinaci\u00f3n docente El t\u00edtulo cuenta con las estructuras de coordinaci\u00f3n necesarias en sus diferentes niveles para garantizar que se organiza y desarrolla de manera adecuada. As\u00ed, para articular la coordinaci\u00f3n horizontal y vertical a nivel titulaci\u00f3n, se cuenta con: Las citadas estructuras se integran en las correspondientes comisiones del centro\/secci\u00f3n\/t\u00edtulo, las cuales establecen los mecanismos&#8230;<\/p>\n","protected":false},"author":1,"featured_media":0,"parent":252,"menu_order":6,"comment_status":"closed","ping_status":"closed","template":"templates\/template-frontpage.php","meta":{"footnotes":""},"class_list":["post-42","page","type-page","status-publish","hentry"],"_links":{"self":[{"href":"https:\/\/www.ull.es\/grados\/medicina\/wp-json\/wp\/v2\/pages\/42","targetHints":{"allow":["GET"]}}],"collection":[{"href":"https:\/\/www.ull.es\/grados\/medicina\/wp-json\/wp\/v2\/pages"}],"about":[{"href":"https:\/\/www.ull.es\/grados\/medicina\/wp-json\/wp\/v2\/types\/page"}],"author":[{"embeddable":true,"href":"https:\/\/www.ull.es\/grados\/medicina\/wp-json\/wp\/v2\/users\/1"}],"replies":[{"embeddable":true,"href":"https:\/\/www.ull.es\/grados\/medicina\/wp-json\/wp\/v2\/comments?post=42"}],"version-history":[{"count":36,"href":"https:\/\/www.ull.es\/grados\/medicina\/wp-json\/wp\/v2\/pages\/42\/revisions"}],"predecessor-version":[{"id":1195,"href":"https:\/\/www.ull.es\/grados\/medicina\/wp-json\/wp\/v2\/pages\/42\/revisions\/1195"}],"up":[{"embeddable":true,"href":"https:\/\/www.ull.es\/grados\/medicina\/wp-json\/wp\/v2\/pages\/252"}],"wp:attachment":[{"href":"https:\/\/www.ull.es\/grados\/medicina\/wp-json\/wp\/v2\/media?parent=42"}],"curies":[{"name":"wp","href":"https:\/\/api.w.org\/{rel}","templated":true}]}}