{"id":333,"date":"2021-03-19T08:18:40","date_gmt":"2021-03-19T08:18:40","guid":{"rendered":"http:\/\/www.ull.es\/institutos\/institute-biomedical-technologies\/?page_id=333"},"modified":"2021-03-19T08:18:45","modified_gmt":"2021-03-19T08:18:45","slug":"drug-release-systems","status":"publish","type":"page","link":"https:\/\/www.ull.es\/institutos\/institute-biomedical-technologies\/drug-release-systems\/","title":{"rendered":"Drug release systems"},"content":{"rendered":"<p>[vc_row][vc_column][vc_column_text]<\/p>\n<div class=\"page-header\">\n<h1>Drug release systems<\/h1>\n<\/div>\n<div class=\"content\">\n<h4>PRINCIPAL INVESTIGATORS<\/h4>\n<table class=\"jefe\">\n<tbody>\n<tr>\n<td class=\"provisional\"><\/td>\n<td><strong>Carmen Mar\u00eda \u00c9vora Garc\u00eda, PhD<\/strong><\/p>\n<p>Professor of Pharmaceutical Technology, Department of Clinical Engineering and Pharmaceutical Technology, ULL<\/td>\n<\/tr>\n<\/tbody>\n<\/table>\n<table class=\"jefe\">\n<tbody>\n<tr>\n<td class=\"provisional\"><\/td>\n<td><strong>Araceli Delgado Hern\u00e1ndez, PhD<\/strong><\/p>\n<p>Professor of Pharmaceutical Technology, Department of Clinical Engineering and Pharmaceutical Technology, ULL<\/td>\n<\/tr>\n<\/tbody>\n<\/table>\n<h4>POSTDOCTORAL RESEARCHERS:<\/h4>\n<ul>\n<li>Edgar P\u00e9rez Herrero, PhD (Assistant Lecturer; Department of Chemical Engineering and Pharmaceutical Technology, ULL)<\/li>\n<li>Ricardo Reyes Rodr\u00edguez, PhD (Assistant Lecturer, Department of Chemical Engineering and Pharmaceutical Technology, ULL)<\/li>\n<li>Patricia D\u00edaz Rodr\u00edguez, PhD (Assistant Lecturer, Department of Chemical Engineering and Pharmaceutical Technology, ULL)<\/li>\n<\/ul>\n<h4>PHD STUDENTS AND TRAINEES:<\/h4>\n<ul>\n<li>Patricia Garc\u00eda Garc\u00eda (PhD student)<\/li>\n<\/ul>\n<h4>RESEARCH LINES:<\/h4>\n<ul>\n<li>Systems of release for cartilage and bone regeneration, and for the resection of leiomyomas<\/li>\n<li>Biodistribution of nanoparticle systems<\/li>\n<\/ul>\n<h4>FUNDED PROJECTS:<\/h4>\n<ul>\n<li>Injectable systems for bone regeneration in Osteoporosis (MAT2014-55657-R \u2013 \u201cSistemas inyectables para regeneraci\u00f3n \u00f3sea en Osteoporosis\u201d). PI: Carmen M. \u00c9vora. Ministry of Economy and Competitiveness, MINECO (2014-2018, extended until September 2019, 60,500 \u20ac)<\/li>\n<li>Oligonucleotide-hybrid-nanosystems for local and systemic targeted therapies (RTI2018-097324-B-I00). PI: Carmen \u00c9vora, Araceli Delgado. Ministry of Science, Innovation and Universities (2019-2021, 181,500 \u20ac)<\/li>\n<li>Preclinical development of a new drug for the treatment of hyperuricemia and hyperuremia (Exp. Matriz 19120187 \u2013 \u00abDesarrollo precl\u00ednico de un nuevo f\u00e1rmaco para el tratamiento de la hiperuricemia e hiperuremia\u00bb). PIs: Araceli Delgado, Esteban Porrini. Arafarma Group S.A., FGULL (2019-2020, 199,870 \u20ac)<\/li>\n<\/ul>\n<h4>PUBLICATIONS 2019:<\/h4>\n<ul>\n<li>Garc\u00eda-Garc\u00eda P,Reyes R,Segredo-Morales E,P\u00e9rez-Herrero E,Delgado A,\u00c9vora C. PLGA-BMP-2 and PLA-17\u03b2-Estradiol Microspheres Reinforcing a Composite Hydrogel for Bone Regeneration in Osteoporosis. 2019 Dec 3;11(12). pii: E648. doi: 10.3390\/pharmaceutics11120648<\/li>\n<li>Goimil L, Santos-Rosales V, Delgado A, \u00c9vora C, Reyes R, Lozano-P\u00e9rez A, Aznar-Cervantes S, Cenis JL, G\u00f3mez-Amoza JL, Concheiro A, Alvarez-Lorenzo C, Garc\u00eda-Gonz\u00e1lez CA. ScCO2-foamed silk fibroin aerogel\/poly (\u03f5-caprolactone) scaffolds containing dexamethasone for bone regeneration. Journal of CO<sub>2<\/sub>\u00a02019; 31, pp. 51-64. doi: 10.1016\/j.jcou.2019.02.016<\/li>\n<li>Vayas R, Reyes R, Arnau MR, \u00c9vora C, Delgado A. Injectable Scaffold for Bone Marrow Stem Cells and Bone Morphogenetic Protein-2 to Repair Cartilage. Cartilage. 2019 Apr. doi: 10.1177\/1947603519841682 [Epub ahead of print]<\/li>\n<li>P\u00e9rez-Herrero E, Garc\u00eda-Garc\u00eda P, G\u00f3mez-Morales J, Llabr\u00e9s M, Delgado A, \u00c9vora C. New injectable two-step forming hydrogel for delivery of bioactive substances in tissue regeneration. Regenerative Biomaterials. 2019 Jun;6(3):149-162. doi: 10.1093\/rb\/rbz018<\/li>\n<li>Garc\u00eda-Garc\u00eda P, Ruiz M, Reyes R, Delgado A, \u00c9vora C, Riancho JA, Rodr\u00edguez-Rey JC, P\u00e9rez-Campo FM. Smurf1 Silencing Using a LNA-ASOs\/Lipid Nanoparticle System to Promote Bone Regeneration. Stem Cells Transl Med. 2019 Dec;8(12):1306-1317. doi: 10.1002\/sctm.19-0145<\/li>\n<li>de Moraes Lenz T, Escan\u00e9z P\u00e9rez A, Tur R, Delgado A, \u00c9vora C, Almansa E. First attempts of the use of intake tracers in encapsulated diets with chitosan for octopus paralarvae. Aquaculture Research. 2019 Oct;50(10):3070-3073. doi: 10.1111\/are.14234<\/li>\n<li>Garcia-Orue I,Gainza G,Garcia-Garcia P,Gutierrez FB,Aguirre JJ,HernandezRM,Delgado A,Igartua M. Composite nanofibrous membranes of PLGA\/Aloe vera containing lipid nanoparticles for wound dressing applications. Int J Pharm. 2019 Feb 10;556:320-329. doi: 10.1016\/j.ijpharm.2018.12.010<\/li>\n<li>Selected publications from the last 10 years:<\/li>\n<li>Segredo-Morales E,Reyes R,Arnau MR,Delgado A,\u00c9vora C.In situ gel-forming system for dual BMP-2 and 17\u03b2-estradiol controlled release for bone regeneration in osteoporotic rats. Drug Deliv Transl Res. 2018 Oct;8(5):1103-1113. doi: 10.1007\/s13346-018-0574-9<\/li>\n<li>Del Rosario C, Rodriguez-Evora M, Reyes R, \u00c9vora C. BMP-2, PDGF-BB and bone marrow mesenchymal cells in a macroporous d-TCP scaffold for critical-size bone defect repair in rats. Biomed Mater. 2015 Jul 23;10(4):045008. doi: 10.1088\/1748-6041\/10\/4\/045008<\/li>\n<li>Del Rosario C, Rodriguez-Evora M, Reyes R, Gonzalez-Orive A, Hernandez-Creus A, Shakesheff KM, White LJ, Delgado A, \u00c9vora C. Evaluation of nanostructure and microstructure of bone regenerated by BMP-2-porous scaffolds. J Biomed Mater Res A. 2015 Sep;103(9):2998-3011. doi: 10.1002\/jbm.a.35436<\/li>\n<li>Rodr\u00edguez-Evora M, Reyes R, Alvarez-Lorenzo C, Concheiro A, Delgado A, Evora C. Bone regeneration induced by an in situ gel-forming poloxamine, bone morphogenetic protein-2 system. J Biomed Nanotechnol. 2014 Jun;10(6):959-69. doi: 10.1166\/jbn.2014.1801 Modelizaci\u00f3n matem\u00e1tica de sistemas biol\u00f3gicos y enfermedades humanas<\/li>\n<\/ul>\n<\/div>\n<div class=\"foot_content\"><\/div>\n<p>[\/vc_column_text][\/vc_column][\/vc_row]<\/p>\n","protected":false},"excerpt":{"rendered":"<p>[vc_row][vc_column][vc_column_text] Drug release systems PRINCIPAL INVESTIGATORS Carmen Mar\u00eda \u00c9vora Garc\u00eda, PhD Professor of Pharmaceutical Technology, Department of Clinical Engineering and Pharmaceutical Technology, ULL Araceli Delgado Hern\u00e1ndez, PhD Professor of Pharmaceutical Technology, Department of Clinical Engineering and Pharmaceutical Technology, ULL POSTDOCTORAL RESEARCHERS: Edgar P\u00e9rez Herrero, PhD (Assistant Lecturer; Department of Chemical Engineering and Pharmaceutical Technology, ULL)&#8230;<\/p>\n","protected":false},"author":2,"featured_media":0,"parent":0,"menu_order":0,"comment_status":"closed","ping_status":"closed","template":"templates\/template-no-title.php","meta":[],"_links":{"self":[{"href":"https:\/\/www.ull.es\/institutos\/institute-biomedical-technologies\/wp-json\/wp\/v2\/pages\/333"}],"collection":[{"href":"https:\/\/www.ull.es\/institutos\/institute-biomedical-technologies\/wp-json\/wp\/v2\/pages"}],"about":[{"href":"https:\/\/www.ull.es\/institutos\/institute-biomedical-technologies\/wp-json\/wp\/v2\/types\/page"}],"author":[{"embeddable":true,"href":"https:\/\/www.ull.es\/institutos\/institute-biomedical-technologies\/wp-json\/wp\/v2\/users\/2"}],"replies":[{"embeddable":true,"href":"https:\/\/www.ull.es\/institutos\/institute-biomedical-technologies\/wp-json\/wp\/v2\/comments?post=333"}],"version-history":[{"count":1,"href":"https:\/\/www.ull.es\/institutos\/institute-biomedical-technologies\/wp-json\/wp\/v2\/pages\/333\/revisions"}],"predecessor-version":[{"id":334,"href":"https:\/\/www.ull.es\/institutos\/institute-biomedical-technologies\/wp-json\/wp\/v2\/pages\/333\/revisions\/334"}],"wp:attachment":[{"href":"https:\/\/www.ull.es\/institutos\/institute-biomedical-technologies\/wp-json\/wp\/v2\/media?parent=333"}],"curies":[{"name":"wp","href":"https:\/\/api.w.org\/{rel}","templated":true}]}}