{"id":57,"date":"2020-11-27T12:54:25","date_gmt":"2020-11-27T12:54:25","guid":{"rendered":"http:\/\/www.ull.es\/institutos\/instituto-tecnologias-biomedicas\/?page_id=57"},"modified":"2021-03-18T12:01:03","modified_gmt":"2021-03-18T12:01:03","slug":"governing-bodies","status":"publish","type":"page","link":"https:\/\/www.ull.es\/institutos\/institute-biomedical-technologies\/governing-bodies\/","title":{"rendered":"Governing Bodies"},"content":{"rendered":"<p>[vc_row full_width=\u00bbstretch_row_content\u00bb el_class=\u00bbprincipio-marcha\u00bb][vc_column css=\u00bb.vc_custom_1588939369209{padding-top: 40px !important;}\u00bb][vc_custom_heading text=\u00bbGoverning Bodies\u00bb font_container=\u00bbtag:h2|text_align:center|color:%23ffffff\u00bb use_theme_fonts=\u00bbyes\u00bb css_animation=\u00bbfadeInDownBig\u00bb][\/vc_column][\/vc_row][vc_row full_width=\u00bbstretch_row_content\u00bb css=\u00bb.vc_custom_1606909856548{padding-top: 3% !important;padding-right: 2% !important;padding-bottom: 3% !important;padding-left: 2% !important;background-color: #dbdbdb !important;}\u00bb][vc_column css=\u00bb.vc_custom_1606909646254{padding-top: 1% !important;padding-right: 2% !important;padding-bottom: 1% !important;padding-left: 2% !important;}\u00bb][vc_column_text]<\/p>\n<p style=\"text-align: center;\">The boards that govern and oversee the activities and functioning of the ITB include the Institute\u2019s General Council, the Executive Commission and the Management team. The General Council is made up of the Principal Investigators (PIs) at the institute, as well as a balanced representation of the contracted and staff researchers, the researchers in training, administrative and technical personnel.<\/p>\n<p>[\/vc_column_text][\/vc_column][\/vc_row][vc_row][vc_column][vc_column_text]<\/p>\n<h3 style=\"text-align: center;\"><strong>Management team<\/strong><\/h3>\n<p>[\/vc_column_text][vc_row_inner equal_height=\u00bbyes\u00bb gap=\u00bb20&#8243;][vc_column_inner width=\u00bb1\/3&#8243; css=\u00bb.vc_custom_1606910011087{background-color: #dbdbdb !important;}\u00bb][vc_single_image image=\u00bb62&#8243; img_size=\u00bbfull\u00bb alignment=\u00bbcenter\u00bb style=\u00bbvc_box_rounded\u00bb css_animation=\u00bbzoomIn\u00bb][vc_empty_space height=\u00bb20px\u00bb][vc_column_text]<\/p>\n<p style=\"text-align: center;\"><strong>Dr. Diego \u00c1lvarez de la Rosa<\/strong><\/p>\n<h3 class=\"sppb-addon-title sppb-feature-box-title\"><\/h3>\n<p>[\/vc_column_text][vc_column_text]<\/p>\n<p style=\"text-align: center;\"><strong>Director<\/strong><\/p>\n<p style=\"text-align: center;\">Lecturer of Physiology, Department of Basic Medical Sciences, ULL.<br \/>\nEmail: &#8212;<\/p>\n<p style=\"text-align: center;\">Between September 1, 2018 and December 21, 2019, Dr. Tom\u00e1s Gonz\u00e1lez Hern\u00e1ndez (Professor of Anatomy, Department of Basic Medical Sciences, ULL) served as the interim director until he was replaced on December 22, 2019 by the new director, Dr. Diego \u00c1lvarez de la Rosa (Lecturer of Physiology, Department of Basic Medical Sciences, ULL) following the elections held at the Institute on December 12, 2019.<\/p>\n<p>[\/vc_column_text][vc_empty_space][\/vc_column_inner][vc_column_inner width=\u00bb1\/3&#8243; css=\u00bb.vc_custom_1606910017582{background-color: #dbdbdb !important;}\u00bb][vc_single_image image=\u00bb63&#8243; img_size=\u00bbfull\u00bb alignment=\u00bbcenter\u00bb style=\u00bbvc_box_rounded\u00bb css_animation=\u00bbzoomIn\u00bb][vc_empty_space height=\u00bb20px\u00bb][vc_column_text]<\/p>\n<p style=\"text-align: center;\"><strong>Dra. Carmen Mar\u00eda \u00c9vora Garc\u00eda<\/strong><\/p>\n<p>[\/vc_column_text][vc_empty_space height=\u00bb20px\u00bb][vc_column_text]<\/p>\n<p style=\"text-align: center;\"><strong>Vice-Director<\/strong><br \/>\nProfessor in Pharmacy and Pharmaceutical Technology, Department of Chemical Engineering and Pharmaceutical Technology, ULL.<br \/>\nEmail: &#8212;<\/p>\n<p>She replaced Tom\u00e1s Gonz\u00e1lez Hern\u00e1ndez (Professor of Anatomy, Department of Basic Medical Sciences, ULL)<\/p>\n<p>[\/vc_column_text][vc_empty_space][\/vc_column_inner][vc_column_inner width=\u00bb1\/3&#8243; css=\u00bb.vc_custom_1606910023883{background-color: #dbdbdb !important;}\u00bb][vc_single_image image=\u00bb64&#8243; img_size=\u00bbfull\u00bb alignment=\u00bbcenter\u00bb style=\u00bbvc_box_rounded\u00bb css_animation=\u00bbzoomIn\u00bb][vc_empty_space height=\u00bb20px\u00bb][vc_column_text]<\/p>\n<p style=\"text-align: center;\"><strong>\u00c1ngel Acebes Vindel<\/strong><\/p>\n<h3 class=\"sppb-addon-title sppb-feature-box-title\"><\/h3>\n<p>[\/vc_column_text][vc_column_text]<\/p>\n<p style=\"text-align: center;\"><strong>Secretary<\/strong><br \/>\nContracted Lecturer, PhD Physiology, Department of Basic Medical Sciences, ULL<br \/>\nEmail:\u00a0<a href=\"mailto:aacebesv@ull.es\" target=\"_blank\" rel=\"noopener\">aacebesv@ull.es<\/a><\/p>\n<p>[\/vc_column_text][vc_empty_space][\/vc_column_inner][\/vc_row_inner][\/vc_column][\/vc_row][vc_row][vc_column][vc_column_text]<\/p>\n<h3 style=\"text-align: center;\"><strong>Executive committee<\/strong><\/h3>\n<p style=\"text-align: center;\">The Executive Committee is made up of the Director, who acts as the chairman, the Vice-Director, Secretary and the heads of the different research programmes.<\/p>\n<p>[\/vc_column_text][vc_row_inner equal_height=\u00bbyes\u00bb gap=\u00bb20&#8243;][vc_column_inner width=\u00bb1\/3&#8243; css=\u00bb.vc_custom_1606910154872{background-color: #dbdbdb !important;}\u00bb][vc_single_image image=\u00bb70&#8243; img_size=\u00bbfull\u00bb alignment=\u00bbcenter\u00bb style=\u00bbvc_box_rounded\u00bb css_animation=\u00bbzoomIn\u00bb][vc_empty_space height=\u00bb20px\u00bb][vc_column_text]<\/p>\n<p style=\"text-align: center;\"><b>Carlos Flores Infante<\/b><\/p>\n<p>[\/vc_column_text][vc_empty_space height=\u00bb20px\u00bb][vc_column_text]<\/p>\n<p style=\"text-align: center;\"><strong>Head of the Programme of Genetic &amp; Rare Diseases<\/strong><br \/>\nUniversity Hospital N\u00aa S\u00aa de la Candelaria<\/p>\n<p>[\/vc_column_text][vc_empty_space][\/vc_column_inner][vc_column_inner width=\u00bb1\/3&#8243; css=\u00bb.vc_custom_1606910195072{background-color: #dbdbdb !important;}\u00bb][vc_single_image image=\u00bb71&#8243; img_size=\u00bbfull\u00bb alignment=\u00bbcenter\u00bb style=\u00bbvc_box_rounded\u00bb css_animation=\u00bbzoomIn\u00bb][vc_empty_space height=\u00bb20px\u00bb][vc_column_text]<\/p>\n<p style=\"text-align: center;\"><strong>Estbena Porrini<\/strong><\/p>\n<h3 class=\"sppb-addon-title sppb-feature-box-title\"><\/h3>\n<p>[\/vc_column_text][vc_column_text]<\/p>\n<p style=\"text-align: center;\"><strong>Head of the Programme of Chronic &amp; Age-Related Diseases<\/strong><br \/>\nDepartment of Internal Medicine, Dermatology and Psychiatry, ULL.<\/p>\n<p>[\/vc_column_text][vc_empty_space][\/vc_column_inner][vc_column_inner width=\u00bb1\/3&#8243; css=\u00bb.vc_custom_1606910203070{background-color: #dbdbdb !important;}\u00bb][vc_single_image image=\u00bb63&#8243; img_size=\u00bbfull\u00bb alignment=\u00bbcenter\u00bb style=\u00bbvc_box_rounded\u00bb css_animation=\u00bbzoomIn\u00bb][vc_empty_space height=\u00bb20px\u00bb][vc_column_text]<\/p>\n<p style=\"text-align: center;\"><strong>Dra. Carmen Mar\u00eda \u00c9vora Garc\u00eda<\/strong><\/p>\n<p>[\/vc_column_text][vc_empty_space height=\u00bb20px\u00bb][vc_column_text]<\/p>\n<p style=\"text-align: center;\"><strong>Head of the Programme of Drug Development &amp; Target Identification<\/strong><br \/>\nDepartment of Chemical Engineering and Pharmaceutical Technology, ULL<\/p>\n<p>[\/vc_column_text][vc_empty_space][\/vc_column_inner][\/vc_row_inner][vc_row_inner equal_height=\u00bbyes\u00bb gap=\u00bb20&#8243;][vc_column_inner width=\u00bb1\/3&#8243; css=\u00bb.vc_custom_1606910218351{background-color: #dbdbdb !important;}\u00bb][vc_single_image image=\u00bb72&#8243; img_size=\u00bbfull\u00bb alignment=\u00bbcenter\u00bb style=\u00bbvc_box_rounded\u00bb css_animation=\u00bbzoomIn\u00bb][vc_empty_space height=\u00bb20px\u00bb][vc_column_text]<\/p>\n<p style=\"text-align: center;\"><b>Abraham Acevedo Arozena<\/b><\/p>\n<p>[\/vc_column_text][vc_empty_space height=\u00bb20px\u00bb][vc_column_text]<\/p>\n<p style=\"text-align: center;\"><strong>Head of the Neurobiology &amp; Brain-Related Diseases Program<\/strong><br \/>\nUniversity Hospital of The Canary Islands.<\/p>\n<p>[\/vc_column_text][vc_empty_space][\/vc_column_inner][vc_column_inner width=\u00bb1\/3&#8243; css=\u00bb.vc_custom_1606910212815{background-color: #dbdbdb !important;}\u00bb][vc_single_image image=\u00bb73&#8243; img_size=\u00bbfull\u00bb alignment=\u00bbcenter\u00bb style=\u00bbvc_box_rounded\u00bb css_animation=\u00bbzoomIn\u00bb][vc_empty_space height=\u00bb20px\u00bb][vc_column_text]<\/p>\n<p style=\"text-align: center;\"><strong>Niels Janssen<\/strong><\/p>\n<h3 class=\"sppb-addon-title sppb-feature-box-title\"><\/h3>\n<p>[\/vc_column_text][vc_column_text]<\/p>\n<p style=\"text-align: center;\"><strong>Head of the Neurobiology &amp; Brain-Related Diseases Program<\/strong><br \/>\nDepartment of Cognitive, Social and Organisational Psychology, ULL<\/p>\n<p>[\/vc_column_text][vc_empty_space][\/vc_column_inner][vc_column_inner width=\u00bb1\/3&#8243;][\/vc_column_inner][\/vc_row_inner][\/vc_column][\/vc_row]<\/p>\n","protected":false},"excerpt":{"rendered":"<p>[vc_row full_width=\u00bbstretch_row_content\u00bb el_class=\u00bbprincipio-marcha\u00bb][vc_column css=\u00bb.vc_custom_1588939369209{padding-top: 40px !important;}\u00bb][vc_custom_heading text=\u00bbGoverning Bodies\u00bb font_container=\u00bbtag:h2|text_align:center|color:%23ffffff\u00bb use_theme_fonts=\u00bbyes\u00bb css_animation=\u00bbfadeInDownBig\u00bb][\/vc_column][\/vc_row][vc_row full_width=\u00bbstretch_row_content\u00bb css=\u00bb.vc_custom_1606909856548{padding-top: 3% !important;padding-right: 2% !important;padding-bottom: 3% !important;padding-left: 2% !important;background-color: #dbdbdb !important;}\u00bb][vc_column css=\u00bb.vc_custom_1606909646254{padding-top: 1% !important;padding-right: 2% !important;padding-bottom: 1% !important;padding-left: 2% !important;}\u00bb][vc_column_text] The boards that govern and oversee the activities and functioning of the ITB include the Institute\u2019s General Council, the Executive Commission and the&#8230;<\/p>\n","protected":false},"author":4,"featured_media":0,"parent":0,"menu_order":0,"comment_status":"closed","ping_status":"closed","template":"templates\/template-no-title.php","meta":[],"_links":{"self":[{"href":"https:\/\/www.ull.es\/institutos\/institute-biomedical-technologies\/wp-json\/wp\/v2\/pages\/57"}],"collection":[{"href":"https:\/\/www.ull.es\/institutos\/institute-biomedical-technologies\/wp-json\/wp\/v2\/pages"}],"about":[{"href":"https:\/\/www.ull.es\/institutos\/institute-biomedical-technologies\/wp-json\/wp\/v2\/types\/page"}],"author":[{"embeddable":true,"href":"https:\/\/www.ull.es\/institutos\/institute-biomedical-technologies\/wp-json\/wp\/v2\/users\/4"}],"replies":[{"embeddable":true,"href":"https:\/\/www.ull.es\/institutos\/institute-biomedical-technologies\/wp-json\/wp\/v2\/comments?post=57"}],"version-history":[{"count":4,"href":"https:\/\/www.ull.es\/institutos\/institute-biomedical-technologies\/wp-json\/wp\/v2\/pages\/57\/revisions"}],"predecessor-version":[{"id":264,"href":"https:\/\/www.ull.es\/institutos\/institute-biomedical-technologies\/wp-json\/wp\/v2\/pages\/57\/revisions\/264"}],"wp:attachment":[{"href":"https:\/\/www.ull.es\/institutos\/institute-biomedical-technologies\/wp-json\/wp\/v2\/media?parent=57"}],"curies":[{"name":"wp","href":"https:\/\/api.w.org\/{rel}","templated":true}]}}