{"id":77,"date":"2020-11-27T13:32:56","date_gmt":"2020-11-27T13:32:56","guid":{"rendered":"http:\/\/www.ull.es\/institutos\/instituto-tecnologias-biomedicas\/?page_id=77"},"modified":"2021-03-18T12:05:31","modified_gmt":"2021-03-18T12:05:31","slug":"members-of-the-institute","status":"publish","type":"page","link":"https:\/\/www.ull.es\/institutos\/institute-biomedical-technologies\/members-of-the-institute\/","title":{"rendered":"Members of the institute"},"content":{"rendered":"<p>[vc_row full_width=\u00bbstretch_row_content\u00bb el_class=\u00bbprincipio-marcha\u00bb][vc_column css=\u00bb.vc_custom_1588939369209{padding-top: 40px !important;}\u00bb][vc_custom_heading text=\u00bbMembers of the institute\u00bb font_container=\u00bbtag:h2|text_align:center|color:%23ffffff\u00bb use_theme_fonts=\u00bbyes\u00bb css_animation=\u00bbfadeInDownBig\u00bb][\/vc_column][\/vc_row][vc_row full_width=\u00bbstretch_row_content\u00bb css=\u00bb.vc_custom_1606481812055{background-color: #dbdbdb !important;}\u00bb][vc_column css=\u00bb.vc_custom_1606481830104{padding-right: 2% !important;padding-left: 2% !important;}\u00bb][vc_column_text]<\/p>\n<p style=\"text-align: center;\">The current investigators at the ITB and the other collaborating researchers belong to different departments of the ULL and associated hospitals.<\/p>\n<p style=\"text-align: center;\">PhD students, collaborating researchers, administrative and technical staff will be listed in their respective research groups.<\/p>\n<p>[\/vc_column_text][\/vc_column][\/vc_row][vc_row full_width=\u00bbstretch_row_content\u00bb equal_height=\u00bbyes\u00bb][vc_column css=\u00bb.vc_custom_1588945461556{background-color: #f2f2f2 !important;}\u00bb][vc_tta_accordion active_section=\u00bb0&#8243; css_animation=\u00bbfadeInDown\u00bb collapsible_all=\u00bbtrue\u00bb][vc_tta_section title=\u00bbULL Departments\u00bb tab_id=\u00bbDepartamentos-de-la-Universidad-de-La-Laguna\u00bb][vc_empty_space height=\u00bb20px\u00bb][vc_column_text css=\u00bb.vc_custom_1616068971238{padding-right: 3% !important;padding-left: 3% !important;}\u00bb]<\/p>\n<ul>\n<li>Biochemistry, Microbiology, Cell Biology and Genetics<\/li>\n<li>Basic Medical Sciences<\/li>\n<li>Industrial Engineering<\/li>\n<li>Chemical Engineering and Pharmaceutical Technology<\/li>\n<li>Internal Medicine, Dermatology and Psychiatry<\/li>\n<li>Clinical Psychology, Psychobiology and Methodology<\/li>\n<li>Cognitive, Social and Organisational Psychology<\/li>\n<li>Organic Chemistry<\/li>\n<\/ul>\n<p>[\/vc_column_text][vc_empty_space height=\u00bb20px\u00bb][\/vc_tta_section][vc_tta_section title=\u00bbUniversity Hospitals\u00bb tab_id=\u00bbHospitales-Universitarios-y-otras-unidades-del-Servicio-Canario-de-Salud\u00bb][vc_empty_space height=\u00bb20px\u00bb][vc_column_text css=\u00bb.vc_custom_1616069036323{padding-right: 3% !important;padding-left: 3% !important;}\u00bb]<\/p>\n<ul>\n<li>University Hospital of The Canary Islands (HUC)<\/li>\n<li>University Hospital N\u00aa S\u00aa de la Candelaria (HUNSC)<\/li>\n<\/ul>\n<p>[\/vc_column_text][vc_empty_space height=\u00bb20px\u00bb][\/vc_tta_section][vc_tta_section title=\u00bbPrincipal Investigators and Heads of Research Lines\u00bb tab_id=\u00bbInvestigadores-principales-y-responsables-de-lineas-de-investigaci\u00f3n\u00bb][vc_empty_space height=\u00bb20px\u00bb][vc_column_text css=\u00bb.vc_custom_1616069093675{padding-right: 3% !important;padding-left: 3% !important;}\u00bb]<\/p>\n<ul>\n<li>\u00c1ngel Acebes Vindel, PhD (Programme of Neurobiology &amp; Brain-Related Diseases \u2013 Contracted Lecturer, PhD in Physiology, Basic Medical Sciences Department, ULL)<\/li>\n<li>Abraham Acevedo Arozena, PhD (Programme of Neurobiology &amp; Brain-Related Diseases \u2013 \u201cMiguel Servet\u201d Investigator of the SCS\/FIISC; HUC Research Unit)<\/li>\n<li>Diego \u00c1lvarez de la Rosa, PhD (Programme of Chronic &amp; Age-Related Diseases \u2013 Lecturer of Physiology, Basic Medical Sciences Department, ULL)<\/li>\n<li>Julio T. \u00c1vila Marrero (Programme of Genetic &amp; Rare Diseases \u2013 Professor of Biochemistry and Molecular Biology; Department of Biochemistry, Microbiology, Cellular Biology and Genetics, ULL)<\/li>\n<li>Horacio Barber Friend, PhD (Programme of Neurobiology &amp; Brain-Related Diseases \u2013 Lecturer of Basic Psychology, Department of Cognitive, Social and Organisational Psychology, ULL)<\/li>\n<li>Markus Conrad, PhD (Programme of Neurobiology &amp; Brain-Related Diseases \u2013 \u201cRam\u00f3n y Cajal\u201d Investigator, Department of Cognitive, Social and Organisational Psychology, ULL)<\/li>\n<li>Araceli Delgado Hern\u00e1ndez, PhD (Programme of Drug Development &amp; Target Identification \u2013 Lecturer of Pharmaceutical Technology, Department of Chemical Engineering and Pharmaceutical Technology, ULL)<\/li>\n<li>Jos\u00e9 Federico D\u00edaz Gonz\u00e1lez, MD, PhD (Programme of Chronic &amp; Age-Related Diseases \u2013 Professor of Medicine, Department of Internal Medicine, Dermatology and Psychiatry, ULL \u2013 Head of the Rheumatology Service, HUC)<\/li>\n<li>Carmen Mar\u00eda \u00c9vora Garc\u00eda, PhD (Programme of Drug Development &amp; Target Identification \u2013 Professor of Pharmaceutical Technology, Department of Chemical Engineering and Pharmaceutical Technology, ULL)<\/li>\n<li>Carlos Flores Infante, PhD (Programme of Genetic &amp; Rare Diseases \u2013 Contracted Investigator SCS\/FIISC; HUNSC Research Unit; Genomics Unit at the Technological and Renewable Energy Institute)<\/li>\n<li>Raimundo Freire Betancor, PhD (Programme of Genetic &amp; Rare Diseases \u2013 Contracted Investigator SCS\/FUNCANIS, HUC Research Unit)<\/li>\n<li>Antonio Z. Gimeno Garc\u00eda, MD, PhD (Programme of Chronic &amp; Age-Related Diseases \u2013 Associate Professor; Department of Internal Medicine, Dermatology and Psychiatry, ULL \u2013 Attending Physician in Gastroenterology, HUC)<\/li>\n<li>Teresa Gir\u00e1ldez Fern\u00e1ndez, PhD (Programme of Neurobiology &amp; Brain-Related Diseases \u2013 Professor of Physiology, Basic Medical Sciences Department, ULL)<\/li>\n<li>Jos\u00e9 Fco. G\u00f3mez Gonz\u00e1lez, PhD (Programme of Neurobiology &amp; Brain-Related Diseases \u2013 Contracted Lecturer, Department of Industrial Engineering, ULL)<\/li>\n<li>Tom\u00e1s Gonz\u00e1lez Hern\u00e1ndez, MD, PhD (Programme of Neurobiology &amp; Brain-Related Diseases \u2013 Professor of Human Anatomy, Basic Medical Sciences Department, ULL)<\/li>\n<li>Jos\u00e9 Luis Gonz\u00e1lez Mora (Programme of Neurobiology &amp; Brain-Related Diseases \u2013 Professor of Physiology; Basic Medical Sciences Department, ULL)<\/li>\n<li>Manuel Hern\u00e1ndez-Guerra de Aguilar, MD, PhD (Programme of Chronic &amp; Age-Related Diseases \u2013 Lecturer, Department of Internal Medicine, Dermatology and Psychiatry, ULL \u2013Head of the Gastroenterology Service since December 2019, HUC)<\/li>\n<li>Niels Janssen, PhD (Programme of Neurobiology &amp; Brain-Related Diseases \u2013 Contracted Lecturer PhD in Basic Psychology, Department of Cognitive, Social and Organisational Psychology, ULL)<\/li>\n<li>F\u00e9lix M. Mach\u00edn Concepci\u00f3n, PhD (Programme of Genetic &amp; Rare Diseases \u2013 Contracted Investigator SCS\/FIICS, Research Unit HUNSC)<\/li>\n<li>Pablo Mart\u00edn Vasallo (Programme of Genetic &amp; Rare Diseases \u2013 Professor of Biochemistry and Molecular Biology, Department of Biochemistry, Microbiology, Cellular Biology and Genetics, ULL)<\/li>\n<li>Juan Francisco Navarro Gonz\u00e1lez, MD, PhD (Programme of Chronic &amp; Age-Related Diseases \u2013 Head of Service of the Research Unit, HUNSC)<\/li>\n<li>Jos\u00e9 Manuel Padr\u00f3n (Programme of Drug Development &amp; Target Identification \u2013 University Lecturer; Department of Organic Chemistry, ULL)<\/li>\n<li>Ernesto Pereda de Pablo, PhD (Programme of Neurobiology &amp; Brain-Related Diseases \u2013 Professor of Electrical Engineering; Department of Industrial Engineering, ULL).<\/li>\n<li>Mar\u00eda del Mar del Pino Yanes, PhD (Programme of Genetic &amp; Rare Diseases \u2013 \u201cRam\u00f3n y Cajal\u201d Investigator, Department of Biochemistry, Microbiology, Cellular Biology and Genetics, ULL)<\/li>\n<li>Esteban Porrini, MD, PhD (Programme of Chronic &amp; Age-Related Diseases \u2013 Investigator \u201cRam\u00f3n y Cajal\u201d; Department of Internal Medicine, Dermatology and Psychiatry, ULL)<\/li>\n<li>Enrique Quintero Carri\u00f3n, MD, PhD (Programme of Chronic &amp; Age-Related Diseases \u2013 Professor of Medicine, Department of Internal Medicine, Dermatology and Psychiatry, ULL \u2013 Head of the Gastroenterology Service until December 2019, HUC)<\/li>\n<li>Eduardo Salido Ruiz, MD, PhD (Programme of Genetic &amp; Rare Diseases \u2013 Professor of Pathological Anatomy, Basic Medical Sciences Department, ULL; Head of Pathological Anatomy Service HUC)<\/li>\n<li>Veronique Smits, PhD (Programme of Genetic &amp; Rare Diseases \u2013 Contracted Investigator SCS\/FIISC, Research Unit, HUC)<\/li>\n<li>N\u00e9stor Torres Darias, PhD (Programme of Drug Development &amp; Target Identification \u2013 Professor of Biochemistry and Molecular Biology, Department of Biochemistry, Microbiology, Cellular Biology and Genetics, ULL)<\/li>\n<li>Armando Torres Ram\u00edrez, MD, PhD (Programme of Chronic &amp; Age-Related Diseases \u2013 Professor of Medicine, Department of Internal Medicine, Dermatology and Psychiatry, ULL \u2013 Head of the Nephrology Service, HUC)<\/li>\n<\/ul>\n<p>[\/vc_column_text][vc_empty_space height=\u00bb20px\u00bb][\/vc_tta_section][vc_tta_section title=\u00bbResearch Staff &#8211; doctors, postdoctoral and contract researchers\u00bb tab_id=\u00bb1606816515990-0a4124e0-14de\u00bb][vc_empty_space height=\u00bb20px\u00bb][vc_column_text css=\u00bb.vc_custom_1616069127805{padding-right: 3% !important;padding-left: 3% !important;}\u00bb]<\/p>\n<section id=\"sp-main-body\">\n<div class=\"row\">\n<div id=\"sp-component\" class=\"col-sm-12 col-md-12\">\n<div class=\"sp-column \">\n<div id=\"sp-page-builder\" class=\"sp-page-builder page-13\">\n<div class=\"page-content\">\n<section id=\"section-id-1537545565744\" class=\"sppb-section \">\n<div class=\"sppb-row-container\">\n<div class=\"sppb-row\">\n<div class=\"sppb-col-md-12\">\n<div id=\"column-id-1477309431054\" class=\"sppb-column\">\n<div class=\"sppb-column-addons\">\n<div id=\"sppb-addon-1477309431104\" class=\"clearfix\">\n<div class=\"sppb-addon sppb-addon-accordion \">\n<div class=\"sppb-addon-content\">\n<div class=\"sppb-panel-group\">\n<div class=\"sppb-panel sppb-panel-faq\">\n<div class=\"sppb-panel-collapse\">\n<div class=\"sppb-panel-body\">\n<ul>\n<li>Domingo Afonso Oramas, PhD (Programme of Neurobiology &amp; Brain-Related Diseases\u2013 Contracted Lecturer Doctor, Basic Medical Sciences Department, ULL)<\/li>\n<li>Pedro Barroso Chinea, PhD (Programme of Neurobiology &amp; Brain-Related Diseases \u2013 Lecturer Doctor, Department of Basic Medical Sciences, ULL)<\/li>\n<li>David Bartolom\u00e9 Mart\u00edn, PhD (Programme of Neurobiology &amp; Brain-Related Diseases \u2013 Postdoctoral researcher, Contracted by ERC project, ULL)<\/li>\n<li>Alejandro Cerrada de Due\u00f1as, PhD (Programme of Neurobiology &amp; Brain-Related Diseases \u2013 Postdoctoral researcher, contracted by ERC project, ULL; until September 2019)<\/li>\n<li>Laura Ciuffreda, PhD (Programme of Genetic &amp; Rare Diseases Postdoctoral researcher, SCS\/FIISC, Research Unit, HUNSC)<\/li>\n<li>Julien Dampur\u00e9, PhD (Programme of Neurobiology &amp; Brain-Related Diseases \u2013 Postdoctoral researcher, \u201cAgust\u00edn de Betancourt\u201d programme, ULL)<\/li>\n<li>Ignacio de La Cruz Muros, PhD (Programme of Neurobiology &amp; Brain-Related Diseases \u2013 Contracted Lecturer, Department of Basic Medical Sciences, ULL)<\/li>\n<li>Patricia D\u00edaz Rodr\u00edguez, PhD (Programme of Drug Development &amp; Target Identification &#8211; Lecturer, Department of Chemical Engineering and Pharmaceutical Technology, ULL)<\/li>\n<li>Miguel X. Fernandes (Programme of Drug Development &amp; Target Identification \u2013 Postdoctoral researcher, \u201cAgust\u00edn de Betancourt\u201d programme, ULL)<\/li>\n<li>David Gillespie, PhD (Programme of Genetic &amp; Rare Diseases &#8211; Postdoctoral researcher, \u201cAgust\u00edn de Betancourt\u201d programme, ULL)<\/li>\n<li>Ricardo G\u00f3mez Garc\u00eda, PhD (Programme of Neurobiology &amp; Brain-Related Diseases \u2013 Postdoctoral researcher, contracted by ERC project, ULL)<\/li>\n<li>Daniel V. Guebel, PhD (Programme of Drug Development &amp; Target Identification \u2013 Postdoctoral researcher, \u201cAgust\u00edn de Betancourt\u201d programme, ULL)<\/li>\n<li>Juan A. Hern\u00e1ndez Cabrera, PhD (Programme of Neurobiology &amp; Brain-Related Diseases \u2013 Lecturer of Basic Psychology, Department of Clinical Psychology, Psychobiology and Methodology, ULL)<\/li>\n<li>Guadalberto Hern\u00e1ndez Hern\u00e1ndez, MD, PhD (Programme of Chronic &amp; Age-Related Diseases \u2013 Professor of Physiology; Department of Basic Medical Sciences, ULL)<\/li>\n<li>Aravind Kshatri, PhD (Programme of Neurobiology &amp; Brain-Related Diseases \u2013 \u201cJuan de la Cierva\u201d Postdoctoral researcher, Department of Basic Medical Sciences, ULL)<\/li>\n<li>Diego Luis-Ravelo Salazar, PhD (Programme of Neurobiology &amp; Brain-Related Diseases \u2013 Postdoctoral researcher, \u201cAgust\u00edn de Betancourt\u201d programme, ULL)<\/li>\n<li>Laura E. Maglio, PhD (Programme of Neurobiology &amp; Brain-Related Diseases \u2013 Postdoctoral researcher, contracted by ERC project, ULL)<\/li>\n<li>Itahisa Marcelino Rodr\u00edguez, PhD (Programme of Genetic &amp; Rare Diseases \u2013 Postdoctoral researcher, SCS\/FIISC, Research Unit, HUNSC)<\/li>\n<li>Cristina Mart\u00edn Higueras, PhD (Programme of Chronic &amp; Age-Related Diseases \u2013 \u201cJuan de la Cierva\u201d Postdoctoral researcher since 01\/02\/2020, Department of Basic Medical Sciences, ULL)<\/li>\n<li>Cristi\u00e1n D. Modro\u00f1o Pascual, PhD (Programme of Neurobiology &amp; Brain-Related Diseases \u2013 Assistant Lecturer; Department of Basic Medical Sciences, ULL)<\/li>\n<li>Edgar P\u00e9rez Herrero, PhD (Programme of Drug Development &amp; Target Identification \u2013 Assistant Lecturer, Department of Chemical Engineering and Pharmaceutical Technology, ULL)<\/li>\n<li>Elena Quintana, PhD (Programme of Neurobiology &amp; Brain-Related Diseases \u2013 Postdoctoral researcher, contract ACIISI, until July 2019, ULL)<\/li>\n<li>Ricardo Reyes Rodr\u00edguez, PhD Programme of Drug Development &amp; Target Identification \u2013 Assistant Lecturer; Department of Biochemistry, Microbiology, Cellular Biology and Genetics, ULL)<\/li>\n<li>Belinda Rivero P\u00e9rez, PhD (Programme of Neurobiology &amp; Brain-Related Diseases \u2013 Postdoctoral researcher; \u201cAgust\u00edn de Betancourt\u201d programme, ULL)<\/li>\n<li>Carmen Laura Sayas Casanova, PhD (Programme of Neurobiology &amp; Brain-Related Diseases \u2013 Postdoctoral researcher, \u201cAgust\u00edn de Betancourt\u201d programme, ULL)<\/li>\n<li>Silvia Vel\u00e1zquez Garc\u00eda, PhD (Programme of Chronic &amp; Age-Related Diseases \u2013 Postdoctoral researcher, \u201cAgust\u00edn de Betancourt\u201d programme, ULL)<\/li>\n<\/ul>\n<\/div>\n<\/div>\n<\/div>\n<\/div>\n<\/div>\n<\/div>\n<\/div>\n<\/div>\n<\/div>\n<\/div>\n<\/div>\n<\/div>\n<\/section>\n<\/div>\n<\/div>\n<\/div>\n<\/div>\n<\/div>\n<\/section>\n<p>[\/vc_column_text][vc_empty_space height=\u00bb20px\u00bb][\/vc_tta_section][\/vc_tta_accordion][vc_empty_space height=\u00bb120px\u00bb][\/vc_column][\/vc_row]<\/p>\n","protected":false},"excerpt":{"rendered":"<p>[vc_row full_width=\u00bbstretch_row_content\u00bb el_class=\u00bbprincipio-marcha\u00bb][vc_column css=\u00bb.vc_custom_1588939369209{padding-top: 40px !important;}\u00bb][vc_custom_heading text=\u00bbMembers of the institute\u00bb font_container=\u00bbtag:h2|text_align:center|color:%23ffffff\u00bb use_theme_fonts=\u00bbyes\u00bb css_animation=\u00bbfadeInDownBig\u00bb][\/vc_column][\/vc_row][vc_row full_width=\u00bbstretch_row_content\u00bb css=\u00bb.vc_custom_1606481812055{background-color: #dbdbdb !important;}\u00bb][vc_column css=\u00bb.vc_custom_1606481830104{padding-right: 2% !important;padding-left: 2% !important;}\u00bb][vc_column_text] The current investigators at the ITB and the other collaborating researchers belong to different departments of the ULL and associated hospitals. PhD students, collaborating researchers, administrative and technical staff will be listed in&#8230;<\/p>\n","protected":false},"author":4,"featured_media":0,"parent":0,"menu_order":0,"comment_status":"closed","ping_status":"closed","template":"templates\/template-no-title.php","meta":[],"_links":{"self":[{"href":"https:\/\/www.ull.es\/institutos\/institute-biomedical-technologies\/wp-json\/wp\/v2\/pages\/77"}],"collection":[{"href":"https:\/\/www.ull.es\/institutos\/institute-biomedical-technologies\/wp-json\/wp\/v2\/pages"}],"about":[{"href":"https:\/\/www.ull.es\/institutos\/institute-biomedical-technologies\/wp-json\/wp\/v2\/types\/page"}],"author":[{"embeddable":true,"href":"https:\/\/www.ull.es\/institutos\/institute-biomedical-technologies\/wp-json\/wp\/v2\/users\/4"}],"replies":[{"embeddable":true,"href":"https:\/\/www.ull.es\/institutos\/institute-biomedical-technologies\/wp-json\/wp\/v2\/comments?post=77"}],"version-history":[{"count":2,"href":"https:\/\/www.ull.es\/institutos\/institute-biomedical-technologies\/wp-json\/wp\/v2\/pages\/77\/revisions"}],"predecessor-version":[{"id":266,"href":"https:\/\/www.ull.es\/institutos\/institute-biomedical-technologies\/wp-json\/wp\/v2\/pages\/77\/revisions\/266"}],"wp:attachment":[{"href":"https:\/\/www.ull.es\/institutos\/institute-biomedical-technologies\/wp-json\/wp\/v2\/media?parent=77"}],"curies":[{"name":"wp","href":"https:\/\/api.w.org\/{rel}","templated":true}]}}