{"id":116,"date":"2020-11-30T10:33:40","date_gmt":"2020-11-30T10:33:40","guid":{"rendered":"http:\/\/www.ull.es\/institutos\/instituto-tecnologias-biomedicas\/?page_id=116"},"modified":"2026-04-21T07:56:58","modified_gmt":"2026-04-21T07:56:58","slug":"programas-grupos-y-lineas-de-investigacion","status":"publish","type":"page","link":"https:\/\/www.ull.es\/institutos\/instituto-tecnologias-biomedicas\/programas-grupos-y-lineas-de-investigacion\/","title":{"rendered":"Programas, grupos y l\u00edneas de investigaci\u00f3n"},"content":{"rendered":"<p>[vc_row full_width=\u00bbstretch_row_content\u00bb el_class=\u00bbprincipio-marcha\u00bb][vc_column css=\u00bb.vc_custom_1588939369209{padding-top: 40px !important;}\u00bb][vc_custom_heading text=\u00bbProgramas, grupos y l\u00edneas de investigaci\u00f3n\u00bb font_container=\u00bbtag:h2|text_align:center|color:%23ffffff\u00bb use_theme_fonts=\u00bbyes\u00bb css_animation=\u00bbfadeInDownBig\u00bb][\/vc_column][\/vc_row][vc_row full_width=\u00bbstretch_row_content\u00bb equal_height=\u00bbyes\u00bb][vc_column width=\u00bb1\/2&#8243; css=\u00bb.vc_custom_1588936329456{padding-top: 5% !important;padding-right: 10% !important;padding-bottom: 5% !important;padding-left: 10% !important;background-color: #f2f2f2 !important;}\u00bb][vc_column_text]<span style=\"font-weight: 400\">Los grupos de investigaci\u00f3n est\u00e1n constituidos de acuerdo con las l\u00edneas de investigaci\u00f3n que desarrollan. La definici\u00f3n de grupo requiere la colaboraci\u00f3n efectiva de sus miembros, a trav\u00e9s de la participaci\u00f3n en proyectos comunes y a la existencia de un registro de publicaciones conjuntas de calidad contrastada y n\u00famero suficiente, a juicio de la Comisi\u00f3n Ejecutiva, cada grupo de investigaci\u00f3n requiere la existencia de un proyecto financiado de suficiente entidad.<\/span><\/p>\n<p><span style=\"font-weight: 400\">Adicionalmente, aunque no forme parte estricta de esta estructura, en el instituto est\u00e1n integrados grupos de investigaci\u00f3n con actividades complementarias y potencialmente colaboradoras en \u00e1reas en fase de desarrollo, o que tienen la funci\u00f3n de proporcionar servicios a los miembros del instituto, como laboratorios y unidades asociadas en la Plataforma de Innovaci\u00f3n Biosanitaria.<\/span><\/p>\n<p><span style=\"font-weight: 400\">En la descripci\u00f3n de cada grupo se incluye la relaci\u00f3n de sus componentes que son miembros formales del Instituto, incluyendo Investigadores Responsables, Investigadores Asociados e Investigadores en Formaci\u00f3n. En cada grupo se incluyen, adem\u00e1s, investigadores colaboradores externos e investigadores asistenciales que no son formalmente miembros del instituto. <\/span>[\/vc_column_text][\/vc_column][vc_column width=\u00bb1\/2&#8243; css=\u00bb.vc_custom_1606731534693{background: #e5e5e5 url(http:\/\/www.ull.es\/institutos\/instituto-tecnologias-biomedicas\/wp-content\/uploads\/sites\/15\/2020\/11\/fondo-cabecera-01.jpg?id=117) !important;background-position: center !important;background-repeat: no-repeat !important;background-size: cover !important;}\u00bb][vc_empty_space height=\u00bb500px\u00bb][\/vc_column][\/vc_row][vc_row full_width=\u00bbstretch_row_content\u00bb equal_height=\u00bbyes\u00bb][vc_column css=\u00bb.vc_custom_1588945461556{background-color: #f2f2f2 !important;}\u00bb][vc_column_text]<\/p>\n<h2 style=\"text-align: center\">Programas<\/h2>\n<p>[\/vc_column_text][vc_tta_accordion active_section=\u00bb0&#8243; css_animation=\u00bbfadeInDown\u00bb collapsible_all=\u00bbtrue\u00bb][vc_tta_section title=\u00bbEnfermedades de base gen\u00e9ticas y raras\u00bb tab_id=\u00bbEnfermedades-de-base-geneticas-y-raras\u00bb][vc_empty_space height=\u00bb20px\u00bb][vc_column_text css=\u00bb.vc_custom_1760525865083{padding-right: 3% !important;padding-left: 3% !important;}\u00bb]<\/p>\n<ul>\n<li>La definici\u00f3n de este programa viene marcada por las caracter\u00edsticas de las Islas Canarias debido a su historia y su localizaci\u00f3n geogr\u00e1fica. El genoma actual de la poblaci\u00f3n Canaria proviene de la herencia abor\u00edgen norteafricana, que junto a la Europea a partir del siglo XV componen un genoma \u00fanico en el mundo. Adem\u00e1s, muchas patolog\u00edas tienen un componente gen\u00e9tico influenciado por el concepto insular, debido al efecto fundador y a la falta de infraestructuras que en el pasado favoreci\u00f3 la endogamia. Los grupos investigadores participantes en este programa est\u00e1n enfocados en el estudio de las bases moleculares del c\u00e1ncer y las enfermedades metab\u00f3licas raras. En el caso del c\u00e1ncer los objetivos de estos grupos son avanzar en la prevenci\u00f3n, el diagn\u00f3stico, la identificaci\u00f3n de las causas biol\u00f3gicas y el desarrollo de tratamientos efectivos, con objeto de conseguir que este grave problema de salud pueda convertirse en una enfermedad cr\u00f3nica en lugar de un trastorno fatal. Por otra parte, a pesar de que las enfermedades raras afectan \u00fanicamente a una poblaci\u00f3n limitada (menos de 2.000 individuos en Europa), el n\u00famero de enfermedades diferentes es muy grande (m\u00e1s de 5.000), con lo que el n\u00famero total de pacientes afectados podr\u00eda alcanzar una cifra mayor de 30 millones en la Uni\u00f3n Europea. A medio y largo plazo, este programa est\u00e1 dirigido al desarrollo de la medicina personalizada y a un refuerzo de las colaboraciones con la industria.<br \/>\n<h4>Listado de grupos ( pulse para ampliar la informaci\u00f3n)<\/h4>\n<ul>\n<li style=\"font-weight: 400\"><a href=\"https:\/\/www.ull.es\/institutos\/instituto-tecnologias-biomedicas\/checkpoint-en-respuesta-a-dano-en-el-dna-y-enfermedades-humanas\/\" target=\"_blank\" rel=\"noopener\"><span style=\"font-weight: 400\">Checkpoint en respuesta a da\u00f1o en el DNA y enfermedades humanas<\/span><\/a><span style=\"font-weight: 400\"> (<\/span><a href=\"https:\/\/portalciencia.ull.es\/investigadores\/205536\/detalle\" target=\"_blank\" rel=\"noopener\"><span style=\"font-weight: 400\">Dra. Veronique Smits<\/span><\/a><span style=\"font-weight: 400\">)<\/span><\/li>\n<li style=\"font-weight: 400\"><a href=\"https:\/\/www.ull.es\/institutos\/instituto-tecnologias-biomedicas\/estres-replicativo-y-tumorogenesis\/\" target=\"_blank\" rel=\"noopener\"><span style=\"font-weight: 400\">Estr\u00e9s replicativo y tumorog\u00e9nesis<\/span><\/a><span style=\"font-weight: 400\"> (<\/span><a href=\"https:\/\/www.ull.es\/institutos\/instituto-tecnologias-biomedicas\/estres-replicativo-y-tumorogenesis\/\" target=\"_blank\" rel=\"noopener\"><span style=\"font-weight: 400\">Dr. Raimundo Freire Betancor<\/span><\/a><span style=\"font-weight: 400\">)<\/span><\/li>\n<li style=\"font-weight: 400\"><a href=\"https:\/\/portalciencia.ull.es\/grupos\/6393\/detalle\" target=\"_blank\" rel=\"noopener\"><span style=\"font-weight: 400\">Gen\u00f3mica y salud<\/span><\/a><span style=\"font-weight: 400\"> (<\/span><a href=\"https:\/\/portalciencia.ull.es\/investigadores\/82078\/detalle\" target=\"_blank\" rel=\"noopener\"><span style=\"font-weight: 400\">Dra. M\u00aa del Mar del Pino Yanes<\/span><\/a><span style=\"font-weight: 400\">)<\/span><\/li>\n<li style=\"font-weight: 400\"><a href=\"https:\/\/www.ull.es\/institutos\/instituto-tecnologias-biomedicas\/inestabilidad-genomica-y-cancer\/\" target=\"_blank\" rel=\"noopener\"><span style=\"font-weight: 400\">Inestabilidad gen\u00f3mica y c\u00e1ncer<\/span><\/a><span style=\"font-weight: 400\"> (<\/span><a href=\"https:\/\/portalciencia.ull.es\/investigadores\/205539\/detalle\" target=\"_blank\" rel=\"noopener\"><span style=\"font-weight: 400\">Dr. F\u00e9lix Mach\u00edn Concepci\u00f3n<\/span><\/a><span style=\"font-weight: 400\">)<\/span><\/li>\n<li style=\"font-weight: 400\"><a href=\"https:\/\/www.ull.es\/institutos\/instituto-tecnologias-biomedicas\/patologia-molecular-de-enfermedades-raras-y-metabolicas\/\" target=\"_blank\" rel=\"noopener\"><span style=\"font-weight: 400\">Patolog\u00eda molecular de enfermedades raras y metab\u00f3licas<\/span><\/a><span style=\"font-weight: 400\"> (<\/span><a href=\"https:\/\/portalciencia.ull.es\/investigadores\/81925\/detalle\" target=\"_blank\" rel=\"noopener\"><span style=\"font-weight: 400\">Dr. Eduardo Salido Ruiz<\/span><\/a><span style=\"font-weight: 400\">)<\/span><\/li>\n<li style=\"font-weight: 400\"><a href=\"https:\/\/www.ull.es\/institutos\/instituto-tecnologias-biomedicas\/variacion-genetica-y-enfermedad\/\" target=\"_blank\" rel=\"noopener\"><span style=\"font-weight: 400\">Variaci\u00f3n gen\u00e9tica y enfermedad<\/span><\/a><span style=\"font-weight: 400\"> (<\/span><a href=\"https:\/\/portalciencia.ull.es\/investigadores\/205537\/detalle\" target=\"_blank\" rel=\"noopener\"><span style=\"font-weight: 400\">Dr. Carlos Flores Infante<\/span><\/a><span style=\"font-weight: 400\">)<\/span><\/li>\n<li style=\"font-weight: 400\"><a href=\"https:\/\/portalciencia.ull.es\/grupos\/6286\/detalle\" target=\"_blank\" rel=\"noopener\"><span style=\"font-weight: 400\">Biolog\u00eda del desarrollo<\/span><\/a><span style=\"font-weight: 400\"> (<\/span><a href=\"https:\/\/portalciencia.ull.es\/investigadores\/81785\/detalle\" target=\"_blank\" rel=\"noopener\"><span style=\"font-weight: 400\">Dr. Pablo Mart\u00edn Vasallo<\/span><\/a><span style=\"font-weight: 400\">, <\/span><a href=\"https:\/\/portalciencia.ull.es\/investigadores\/82364\/detalle\" target=\"_blank\" rel=\"noopener\"><span style=\"font-weight: 400\">Dr. Julio T. \u00c1vila Marrero<\/span><\/a><span style=\"font-weight: 400\">)<\/span><\/li>\n<li style=\"font-weight: 400\"><a href=\"https:\/\/portalciencia.ull.es\/grupos\/6441\/detalle\" target=\"_blank\" rel=\"noopener\"><span style=\"font-weight: 400\">BioLab \u2013 Early pharmacological profiling of small molecules (perfil farmacol\u00f3gico temprano de mol\u00e9culas peque\u00f1as)<\/span><\/a><span style=\"font-weight: 400\"> (<\/span><a href=\"https:\/\/portalciencia.ull.es\/investigadores\/81195\/detalle\" target=\"_blank\" rel=\"noopener\"><span style=\"font-weight: 400\">Dr. Jos\u00e9 M. Padr\u00f3n Carrillo<\/span><\/a><span style=\"font-weight: 400\">)<\/span><\/li>\n<li style=\"font-weight: 400\"><a href=\"https:\/\/portalciencia.ull.es\/grupos\/24600\/detalle\" target=\"_blank\" rel=\"noopener\"><span style=\"font-weight: 400\">Epidemiolog\u00eda cl\u00ednica, gen\u00e9tica y molecular (EpiGeM)<\/span><\/a><span style=\"font-weight: 400\"> (<\/span><a href=\"https:\/\/portalciencia.ull.es\/investigadores\/152401\/detalle\" target=\"_blank\" rel=\"noopener\"><span style=\"font-weight: 400\">Dra. Itahisa Marcelino Rodr\u00edguez<\/span><\/a><span style=\"font-weight: 400\">, <\/span><a href=\"https:\/\/portalciencia.ull.es\/investigadores\/82552\/detalle\" target=\"_blank\" rel=\"noopener\"><span style=\"font-weight: 400\">Dr. V\u00edctor Garc\u00eda Tagua<\/span><\/a><span style=\"font-weight: 400\">)<\/span><\/li>\n<li style=\"font-weight: 400\"><a href=\"https:\/\/www.ull.es\/institutos\/instituto-tecnologias-biomedicas\/personalizacion-de-tratamientos-oncologicos\/\" target=\"_blank\" rel=\"noopener\"><span style=\"font-weight: 400\">Personalizaci\u00f3n de tratamientos oncol\u00f3gicos<\/span><\/a><span style=\"font-weight: 400\"> (Dr. Fernando Guti\u00e9rrez Nicol\u00e1s)<\/span><\/li>\n<li><a href=\"https:\/\/portalciencia.ull.es\/grupos\/199109\/detalle\" target=\"_blank\" rel=\"noopener\"><span style=\"font-weight: 400\">Metabolismo de la Cromatina<\/span><\/a><span style=\"font-weight: 400\"> (<\/span><a href=\"https:\/\/portalciencia.ull.es\/investigadores\/152341\/detalle\" target=\"_blank\" rel=\"noopener\"><span style=\"font-weight: 400\">Dr. Jonay Garc\u00eda Luis<\/span><\/a><span style=\"font-weight: 400\">)<\/span><\/li>\n<\/ul>\n<\/li>\n<\/ul>\n<p>[\/vc_column_text][vc_empty_space height=\u00bb20px\u00bb][\/vc_tta_section][vc_tta_section title=\u00bbEnfermedades cr\u00f3nicas relacionadas con el envejecimiento\u00bb tab_id=\u00bbEnfermedades-cronicas-relacionadas-con-el-evenjecimiento\u00bb][vc_column_text css=\u00bb.vc_custom_1776758217051{padding-right: 3% !important;padding-left: 3% !important;}\u00bb]<\/p>\n<ul>\n<li>Este programa est\u00e1 dedicado a la investigaci\u00f3n sobre las bases biol\u00f3gicas de las principales enfermedades humanas y la b\u00fasqueda de nuevas terapias frente a las mismas. Teniendo en cuenta que la severidad de la mayor parte de estas enfermedades aumenta dram\u00e1ticamente con la edad y el incremento de la poblaci\u00f3n envejecida en Uni\u00f3n Europea, las consecuencias econ\u00f3micas de estas patolog\u00edas son enormes. Adicionalmente, la mayor parte de las enfermedades relacionadas con el envejecimiento tienen un desarrollo complejo y afectan a diferentes sistemas corporales, con lo cual requieren un planteamiento preventivo, una aproximaci\u00f3n terap\u00e9utica global y una regulaci\u00f3n estricta del estilo de vida.<br \/>\n<h4>Listado de grupos ( pulse para ampliar la informaci\u00f3n)<\/h4>\n<ul>\n<li style=\"font-weight: 400\"><a href=\"https:\/\/portalciencia.ull.es\/grupos\/6455\/detalle\" target=\"_blank\" rel=\"noopener\"><span style=\"font-weight: 400\">Enfermedad renal cr\u00f3nica, diabetes y complicaciones del trasplante renal<\/span><\/a><span style=\"font-weight: 400\"> (<\/span><a href=\"https:\/\/portalciencia.ull.es\/investigadores\/82291\/detalle\" target=\"_blank\" rel=\"noopener\"><span style=\"font-weight: 400\">Dr. Esteban Porrini<\/span><\/a><span style=\"font-weight: 400\">, <\/span><a href=\"https:\/\/portalciencia.ull.es\/investigadores\/823392\/detalle\" target=\"_blank\" rel=\"noopener\"><span style=\"font-weight: 400\">Dr. Domingo J. Hern\u00e1ndez Marrero<\/span><\/a><span style=\"font-weight: 400\">)<\/span><\/li>\n<li style=\"font-weight: 400\"><a href=\"https:\/\/portalciencia.ull.es\/grupos\/6576\/detalle\" target=\"_blank\" rel=\"noopener\"><span style=\"font-weight: 400\">Enfermedades inflamatorias y neopl\u00e1sicas del tracto gastrointestinal. Enfermedades hep\u00e1ticas prevalentes<\/span><\/a><span style=\"font-weight: 400\"> (<\/span><a href=\"https:\/\/portalciencia.ull.es\/investigadores\/82337\/detalle\" target=\"_blank\" rel=\"noopener\"><span style=\"font-weight: 400\">Dr. Manuel Hern\u00e1ndez Guerra de Aguilar<\/span><\/a><span style=\"font-weight: 400\">)<\/span><\/li>\n<li style=\"font-weight: 400\"><a href=\"https:\/\/portalciencia.ull.es\/grupos\/6509\/detalle\" target=\"_blank\" rel=\"noopener\"><span style=\"font-weight: 400\">Fisiopatolog\u00eda de los mineralocorticoides<\/span><\/a><span style=\"font-weight: 400\"> (<\/span><a href=\"https:\/\/portalciencia.ull.es\/investigadores\/81922\/detalle\" target=\"_blank\" rel=\"noopener\"><span style=\"font-weight: 400\">Dr. Diego \u00c1lvarez de la Rosa Rodr\u00edguez<\/span><\/a><span style=\"font-weight: 400\">)<\/span><\/li>\n<li style=\"font-weight: 400\"><a href=\"https:\/\/portalciencia.ull.es\/grupos\/6541\/detalle\" target=\"_blank\" rel=\"noopener\"><span style=\"font-weight: 400\">Sistemas de liberaci\u00f3n de f\u00e1rmacos<\/span><\/a><span style=\"font-weight: 400\"> (<\/span><a href=\"https:\/\/portalciencia.ull.es\/investigadores\/81528\/detalle\" target=\"_blank\" rel=\"noopener\"><span style=\"font-weight: 400\">Dra. Araceli Delgado Hern\u00e1ndez<\/span><\/a><span style=\"font-weight: 400\">)<\/span><\/li>\n<li style=\"font-weight: 400\"><a href=\"https:\/\/www.ull.es\/institutos\/instituto-tecnologias-biomedicas\/investigacion-en-enfermedad-renal-y-cardiovascular\/\" target=\"_blank\" rel=\"noopener\"><span style=\"font-weight: 400\">Investigaci\u00f3n en enfermedad renal y cardiovascular<\/span><\/a><span style=\"font-weight: 400\"> (<\/span><a href=\"https:\/\/portalciencia.ull.es\/investigadores\/205540\/detalle\" target=\"_blank\" rel=\"noopener\"><span style=\"font-weight: 400\">Dr. Juan F. Navarro Gonz\u00e1lez<\/span><\/a><span style=\"font-weight: 400\">)<\/span><\/li>\n<li style=\"font-weight: 400\"><a href=\"https:\/\/www.ull.es\/institutos\/instituto-tecnologias-biomedicas\/respuesta-inflamatoria-y-dano-tisular-en-la-artritis-reumatoide\/\" target=\"_blank\" rel=\"noopener\"><span style=\"font-weight: 400\">Respuesta inflamatoria y da\u00f1o tisular en la artritis reumatoide<\/span><\/a><span style=\"font-weight: 400\"> (<\/span><a href=\"https:\/\/portalciencia.ull.es\/investigadores\/81156\/detalle\" target=\"_blank\" rel=\"noopener\"><span style=\"font-weight: 400\">Dr. Federico D\u00edaz Gonz\u00e1lez<\/span><\/a><span style=\"font-weight: 400\">)<\/span><\/li>\n<li style=\"font-weight: 400\"><a href=\"https:\/\/www.ull.es\/institutos\/instituto-tecnologias-biomedicas\/fisiopatologia-del-metabolismo-mineral\/\" target=\"_blank\" rel=\"noopener\"><span style=\"font-weight: 400\">Fisiopatolog\u00eda del metabolismo mineral<\/span><\/a><span style=\"font-weight: 400\"> (Dr. Javier Donate Correa)<\/span><\/li>\n<li><span style=\"font-weight: 400\">Integridad telom\u00e9rica en envejecimiento y c\u00e1ncer (<\/span><a href=\"https:\/\/portalciencia.ull.es\/investigadores\/1244729\/detalle\" target=\"_blank\" rel=\"noopener\"><span style=\"font-weight: 400\">Dr. Jonathan Barroso Gonz\u00e1lez<\/span><\/a><span style=\"font-weight: 400\">)<\/span><\/li>\n<\/ul>\n<\/li>\n<\/ul>\n<p>[\/vc_column_text][vc_empty_space height=\u00bb20px\u00bb][\/vc_tta_section][vc_tta_section title=\u00bbNeurobiolog\u00eda y enfermedades del sistema nervioso\u00bb tab_id=\u00bbNeurobiologia-enfermedades-sistema-nervioso\u00bb][vc_column_text css=\u00bb.vc_custom_1760525934017{padding-right: 3% !important;padding-left: 3% !important;}\u00bb]<\/p>\n<ul>\n<li>Programa en el que se integran los grupos de investigaci\u00f3n que estudian la biolog\u00eda y patolog\u00eda del Sistema Nervioso, con un \u00e9nfasis particular en las enfermedades neurodegenerativas, las bases moleculares y celulares de la vulnerabilidad neuronal, el desarrollo de modelos animales para el estudio de las bases gen\u00e9ticas de la neurodegeneraci\u00f3n, y el an\u00e1lisis de la funci\u00f3n cerebral global y las bases biol\u00f3gicas de la cognici\u00f3n. A nivel celular y molecular se estudia el papel de prote\u00ednas espec\u00edficas de membrana (canales i\u00f3nicos y transportadores) y mol\u00e9culas de se\u00f1alizaci\u00f3n en diferentes tipos de c\u00e9lulas excitables utilizando aproximaciones electrofisiol\u00f3gicas, moleculares y morfol\u00f3gicas. Una plataforma emergente en este programa est\u00e1 dedicada al desarrollo de nuevos modelos animales de enfermedades neurodegenerativas. Varias l\u00edneas de investigaci\u00f3n est\u00e1n enfocadas en el an\u00e1lisis del cerebro humano como un todo mediante t\u00e9cnicas electrofisiol\u00f3gicas y de neuroimagen. En conjunto, esta aproximaci\u00f3n garantiza una visi\u00f3n hol\u00edstica del sistema nervioso humano que, una vez alcanzada la escala adecuada, resultar\u00e1 \u00fatil en la b\u00fasqueda de nuevas terapias frente a las enfermedades neurodegenerativas.<\/li>\n<\/ul>\n<h4>Listado de grupos ( pulse para ampliar la informaci\u00f3n)<\/h4>\n<h4>A. Neurobiolog\u00eda celular y molecular<\/h4>\n<ul>\n<li style=\"font-weight: 400\"><a href=\"https:\/\/portalciencia.ull.es\/grupos\/6376\/detalle\" target=\"_blank\" rel=\"noopener\"><span style=\"font-weight: 400\">Bases moleculares de las canalopat\u00edas humanas (MOLCAN)<\/span><\/a><span style=\"font-weight: 400\"> (<\/span><a href=\"https:\/\/portalciencia.ull.es\/investigadores\/82446\/detalle\" target=\"_blank\" rel=\"noopener\"><span style=\"font-weight: 400\">Dra. Teresa Gir\u00e1ldez Fern\u00e1ndez<\/span><\/a><span style=\"font-weight: 400\">)<\/span><\/li>\n<li style=\"font-weight: 400\"><a href=\"https:\/\/portalciencia.ull.es\/grupos\/6418\/detalle\" target=\"_blank\" rel=\"noopener\"><span style=\"font-weight: 400\">Mecanismos moleculares en neurodegeneraci\u00f3n<\/span><\/a><span style=\"font-weight: 400\"> (<\/span><a href=\"https:\/\/portalciencia.ull.es\/investigadores\/81920\/detalle\" target=\"_blank\" rel=\"noopener\"><span style=\"font-weight: 400\">Dr. \u00c1ngel Acebes Vindel<\/span><\/a><span style=\"font-weight: 400\">)<\/span><\/li>\n<li style=\"font-weight: 400\"><a href=\"https:\/\/www.ull.es\/institutos\/instituto-tecnologias-biomedicas\/modelos-animales-en-neurodegeneracion\/\" target=\"_blank\" rel=\"noopener\"><span style=\"font-weight: 400\">Modelos animales en neurodegeneraci\u00f3n<\/span><\/a><span style=\"font-weight: 400\"> (<\/span><a href=\"https:\/\/portalciencia.ull.es\/investigadores\/205538\/detalle\" target=\"_blank\" rel=\"noopener\"><span style=\"font-weight: 400\">Dr. Abraham Acevedo Arozena<\/span><\/a><span style=\"font-weight: 400\">)<\/span><\/li>\n<li style=\"font-weight: 400\"><a href=\"https:\/\/portalciencia.ull.es\/grupos\/6353\/detalle\" target=\"_blank\" rel=\"noopener\"><span style=\"font-weight: 400\">Vulnerabilidad y plasticidad neuronal<\/span><\/a><span style=\"font-weight: 400\"> (<\/span><a href=\"https:\/\/portalciencia.ull.es\/investigadores\/82447\/detalle\" target=\"_blank\" rel=\"noopener\"><span style=\"font-weight: 400\">Dr. Tom\u00e1s Gonz\u00e1lez Hern\u00e1ndez<\/span><\/a><span style=\"font-weight: 400\">)<\/span><\/li>\n<li><a href=\"https:\/\/www.ull.es\/institutos\/instituto-tecnologias-biomedicas\/neurologia-y-neurobiologia-experimental-nne\/\" target=\"_blank\" rel=\"noopener\"><span style=\"font-weight: 400\">Neurolog\u00eda y Neurobiolog\u00eda Experimental (NNE)<\/span><\/a><span style=\"font-weight: 400\"> (<\/span><a href=\"https:\/\/portalciencia.ull.es\/investigadores\/81932\/detalle\" target=\"_blank\" rel=\"noopener\"><span style=\"font-weight: 400\">Dr. Manuel Rodr\u00edguez D\u00edaz<\/span><\/a><span style=\"font-weight: 400\">)<\/span><\/li>\n<\/ul>\n<h4>B. Neurociencia cl\u00ednica y cognitiva<\/h4>\n<ul>\n<li style=\"font-weight: 400\"><a href=\"https:\/\/www.ull.es\/institutos\/instituto-tecnologias-biomedicas\/laboratorio-de-imagen-cerebral\/\" target=\"_blank\" rel=\"noopener\"><span style=\"font-weight: 400\">Laboratorio de imagen cerebral<\/span><\/a><span style=\"font-weight: 400\"> (<\/span><a href=\"https:\/\/portalciencia.ull.es\/investigadores\/81758\/detalle\" target=\"_blank\" rel=\"noopener\"><span style=\"font-weight: 400\">Dr. Niels Janssen<\/span><\/a><span style=\"font-weight: 400\">)<\/span><\/li>\n<li style=\"font-weight: 400\"><a href=\"https:\/\/portalciencia.ull.es\/grupos\/6317\/detalle\" target=\"_blank\" rel=\"noopener\"><span style=\"font-weight: 400\">Ingenier\u00eda el\u00e9ctrica y bioingenier\u00eda<\/span><\/a><span style=\"font-weight: 400\"> (<\/span><a href=\"https:\/\/portalciencia.ull.es\/investigadores\/80814\/detalle\" target=\"_blank\" rel=\"noopener\"><span style=\"font-weight: 400\">Dr. Ernesto Pereda de Pablo<\/span><\/a><span style=\"font-weight: 400\">)<\/span><\/li>\n<li style=\"font-weight: 400\"><a href=\"https:\/\/www.ull.es\/institutos\/instituto-tecnologias-biomedicas\/neurociencia-cognitiva-y-psicolinguistica\/\" target=\"_blank\" rel=\"noopener\"><span style=\"font-weight: 400\">Neurociencia cognitiva y psicoling\u00fc\u00edstica<\/span><\/a><span style=\"font-weight: 400\"> (<\/span><a href=\"https:\/\/portalciencia.ull.es\/investigadores\/81614\/detalle\" target=\"_blank\" rel=\"noopener\"><span style=\"font-weight: 400\">Dr. Horacio A. Barber Friend<\/span><\/a><span style=\"font-weight: 400\">)<\/span><\/li>\n<li style=\"font-weight: 400\"><a href=\"https:\/\/portalciencia.ull.es\/grupos\/6274\/detalle\" target=\"_blank\" rel=\"noopener\"><span style=\"font-weight: 400\">Neuroqu\u00edmica y Neuroimagen<\/span><\/a><span style=\"font-weight: 400\"> (<\/span><a href=\"https:\/\/portalciencia.ull.es\/investigadores\/81174\/detalle\" target=\"_blank\" rel=\"noopener\"><span style=\"font-weight: 400\">Dr. Jos\u00e9 Luis Gonz\u00e1lez Mora<\/span><\/a><span style=\"font-weight: 400\">)<\/span><\/li>\n<li style=\"font-weight: 400\"><a href=\"https:\/\/www.ull.es\/institutos\/instituto-tecnologias-biomedicas\/neurociencia-clinica\/\" target=\"_blank\" rel=\"noopener\"><span style=\"font-weight: 400\">Neurociencia cl\u00ednica<\/span><\/a><span style=\"font-weight: 400\"> (<\/span><a href=\"https:\/\/portalciencia.ull.es\/investigadores\/82290\/detalle\" target=\"_blank\" rel=\"noopener\"><span style=\"font-weight: 400\">Dr. Julio Plata Bello<\/span><\/a><span style=\"font-weight: 400\">)<\/span><\/li>\n<li><a href=\"https:\/\/portalciencia.ull.es\/grupos\/6933\/detalle\" target=\"_blank\" rel=\"noopener\"><span style=\"font-weight: 400\">AFM-NANO &#8211; Advanced Functional Materials and Nanoscience<\/span><\/a><span style=\"font-weight: 400\"> (<\/span><a href=\"https:\/\/portalciencia.ull.es\/investigadores\/82481\/detalle\" target=\"_blank\" rel=\"noopener\"><span style=\"font-weight: 400\">Dr. David D\u00edaz D\u00edaz<\/span><\/a><span style=\"font-weight: 400\">)<\/span><\/li>\n<\/ul>\n<p>[\/vc_column_text][\/vc_tta_section][\/vc_tta_accordion][vc_empty_space height=\u00bb120px\u00bb][\/vc_column][\/vc_row]<\/p>\n","protected":false},"excerpt":{"rendered":"<p>[vc_row full_width=\u00bbstretch_row_content\u00bb el_class=\u00bbprincipio-marcha\u00bb][vc_column css=\u00bb.vc_custom_1588939369209{padding-top: 40px !important;}\u00bb][vc_custom_heading text=\u00bbProgramas, grupos y l\u00edneas de investigaci\u00f3n\u00bb font_container=\u00bbtag:h2|text_align:center|color:%23ffffff\u00bb use_theme_fonts=\u00bbyes\u00bb css_animation=\u00bbfadeInDownBig\u00bb][\/vc_column][\/vc_row][vc_row full_width=\u00bbstretch_row_content\u00bb equal_height=\u00bbyes\u00bb][vc_column width=\u00bb1\/2&#8243; css=\u00bb.vc_custom_1588936329456{padding-top: 5% !important;padding-right: 10% !important;padding-bottom: 5% !important;padding-left: 10% !important;background-color: #f2f2f2 !important;}\u00bb][vc_column_text]Los grupos de investigaci\u00f3n est\u00e1n constituidos de acuerdo con las l\u00edneas de investigaci\u00f3n que desarrollan. La definici\u00f3n de grupo requiere la colaboraci\u00f3n efectiva de sus miembros, a&#8230;<\/p>\n","protected":false},"author":2,"featured_media":0,"parent":0,"menu_order":0,"comment_status":"closed","ping_status":"closed","template":"templates\/template-no-title.php","meta":[],"_links":{"self":[{"href":"https:\/\/www.ull.es\/institutos\/instituto-tecnologias-biomedicas\/wp-json\/wp\/v2\/pages\/116"}],"collection":[{"href":"https:\/\/www.ull.es\/institutos\/instituto-tecnologias-biomedicas\/wp-json\/wp\/v2\/pages"}],"about":[{"href":"https:\/\/www.ull.es\/institutos\/instituto-tecnologias-biomedicas\/wp-json\/wp\/v2\/types\/page"}],"author":[{"embeddable":true,"href":"https:\/\/www.ull.es\/institutos\/instituto-tecnologias-biomedicas\/wp-json\/wp\/v2\/users\/2"}],"replies":[{"embeddable":true,"href":"https:\/\/www.ull.es\/institutos\/instituto-tecnologias-biomedicas\/wp-json\/wp\/v2\/comments?post=116"}],"version-history":[{"count":43,"href":"https:\/\/www.ull.es\/institutos\/instituto-tecnologias-biomedicas\/wp-json\/wp\/v2\/pages\/116\/revisions"}],"predecessor-version":[{"id":820,"href":"https:\/\/www.ull.es\/institutos\/instituto-tecnologias-biomedicas\/wp-json\/wp\/v2\/pages\/116\/revisions\/820"}],"wp:attachment":[{"href":"https:\/\/www.ull.es\/institutos\/instituto-tecnologias-biomedicas\/wp-json\/wp\/v2\/media?parent=116"}],"curies":[{"name":"wp","href":"https:\/\/api.w.org\/{rel}","templated":true}]}}