{"id":139,"date":"2020-11-30T12:06:38","date_gmt":"2020-11-30T12:06:38","guid":{"rendered":"http:\/\/www.ull.es\/institutos\/instituto-tecnologias-biomedicas\/?page_id=139"},"modified":"2024-09-12T10:39:41","modified_gmt":"2024-09-12T10:39:41","slug":"innovacion-y-transferencia","status":"publish","type":"page","link":"https:\/\/www.ull.es\/institutos\/instituto-tecnologias-biomedicas\/innovacion-y-transferencia\/","title":{"rendered":"Innovaci\u00f3n y transferencia"},"content":{"rendered":"<p>[vc_row full_width=\u00bbstretch_row_content\u00bb el_class=\u00bbprincipio-marcha\u00bb][vc_column css=\u00bb.vc_custom_1588939369209{padding-top: 40px !important;}\u00bb][vc_custom_heading text=\u00bbInnovaci\u00f3n y transferencia\u00bb font_container=\u00bbtag:h2|text_align:center|color:%23ffffff\u00bb use_theme_fonts=\u00bbyes\u00bb css_animation=\u00bbfadeInDownBig\u00bb][\/vc_column][\/vc_row][vc_row full_width=\u00bbstretch_row_content\u00bb equal_height=\u00bbyes\u00bb][vc_column width=\u00bb1\/2&#8243; css=\u00bb.vc_custom_1588936329456{padding-top: 5% !important;padding-right: 10% !important;padding-bottom: 5% !important;padding-left: 10% !important;background-color: #f2f2f2 !important;}\u00bb][vc_column_text]<\/p>\n<h2 class=\"\">L\u00edneas emergentes asociadas trasferencia a transferencia tecnol\u00f3gica: Programa \u00abAgust\u00edn de Betancourt\u00bb<\/h2>\n<p><span style=\"font-weight: 400;\">El programa \u201cAgust\u00edn de Betancourt\u201d es una iniciativa del Cabildo\u00a0 Insular de Tenerife, iniciada en 2016, de apoyo a los grupos e institutos de investigaci\u00f3n de la ULL, con objeto de mantener la actividad investigadora con alto potencial de transferencia, y que apuesta por la contrataci\u00f3n de recursos humanos con capacidad tecnol\u00f3gica orientada al desarrollo de productos y servicios tecnol\u00f3gicos avanzados que puedan impactar en el mercado y puedan posibilitar su explotaci\u00f3n comercial en sectores prioritarios para la econom\u00eda insular. Tras su selecci\u00f3n a trav\u00e9s de un concurso p\u00fablico, el personal investigador contratado a trav\u00e9s de este programa se incorpora a grupos de investigaci\u00f3n consolidados, bajo la tutorizaci\u00f3n de un investigador responsable del grupo, para desarrollar su propio proyecto investigador.<\/span><\/p>\n<p><span style=\"font-weight: 400;\">Los proyectos de investigaci\u00f3n activos que se desarrollan en el ITB y que constituyen l\u00edneas emergentes asociadas a transferencia tecnol\u00f3gica son los siguientes:<\/span><\/p>\n<ol>\n<li style=\"font-weight: 400;\" aria-level=\"1\"><b>Servicio de edici\u00f3n gen\u00e9tica<\/b><span style=\"font-weight: 400;\"> (Investigadora responsable: <\/span><b>Belinda Rivero P\u00e9rez<\/b><span style=\"font-weight: 400;\">, PhD; IP-ULL: Eduardo Salido Ruiz; Departamento de Ciencias M\u00e9dicas B\u00e1sicas). Programa \u00abEnfermedades cr\u00f3nicas relacionadas con el envejecimiento\u00bb (2020-2024)<\/span><\/li>\n<li style=\"font-weight: 400;\" aria-level=\"1\"><b>MICROFAVAR: Desarrollo de un microscopio de contraste de fase cuantitativa de alta resoluci\u00f3n y alta velocidad para la obtenci\u00f3n de im\u00e1genes en 3D de muestras biol\u00f3gicas<\/b><span style=\"font-weight: 400;\"> (Investigador responsable: <\/span><b>Carlos Cair\u00f3s<\/b><span style=\"font-weight: 400;\">; IP-ULL: \u00c1ngel Acebes Vindel, Departamento de Ciencias M\u00e9dicas B\u00e1sicas, ULL). Programa \u00abNeurobiolog\u00eda y Enfermedades del Sistema Nervioso\u00bb, 2020-2024.<\/span><\/li>\n<li style=\"font-weight: 400;\" aria-level=\"1\"><b>Desarrollo de un m\u00e9todo molecular para la selecci\u00f3n de embriones humanos de calidad \u00f3ptima para su transferencia<\/b><span style=\"font-weight: 400;\"> (Investigadora responsable: <\/span><b>Rebeca Gonz\u00e1lez Fern\u00e1ndez<\/b><span style=\"font-weight: 400;\">; IP-ULL: Julio T. \u00c1vila Marrero, Departamento de Bioqu\u00edmica, Microbiolog\u00eda, Biolog\u00eda Celular y Gen\u00e9tica, ULL). Programa \u201cEnfermedades de Base Gen\u00e9tica y Raras\u201d, hasta 29\/06\/2023.<\/span><\/li>\n<li style=\"font-weight: 400;\" aria-level=\"1\"><b>Desarrollo y aplicaci\u00f3n de plataformas magn\u00e9ticas nanoestructuradas en la detecci\u00f3 de agentes pat\u00f3genos: aplicaciones medioambientales, en la industria agroalimentaria y en aguas de consumo humano<\/b><span style=\"font-weight: 400;\"> (Investigador responsable: <\/span><b>\u00cd\u00f1igo Fern\u00e1ndez Bats<\/b><span style=\"font-weight: 400;\">; IP-ULL: Jos\u00e9 L. Glez. Mora, Departamento de Ciencias M\u00e9dicas B\u00e1sicas, ULL). Programa \u00abNeurobiolog\u00eda y Enfermedades del Sistema Nervioso\u00bb, hasta 29\/01\/2023.<\/span><\/li>\n<li style=\"font-weight: 400;\" aria-level=\"1\"><b>Desarrollo de un sistema de neurorehabilitaci\u00f3n basado en la estimulaci\u00f3n cortical utilizando el control de miembros virtuales por seguimiento ocular (NRET)<\/b><span style=\"font-weight: 400;\"> (Investigadora responsable: <\/span><b>Rebeca Villarroel Ram\u00edrez<\/b><span style=\"font-weight: 400;\">; IP-ULL: Jos\u00e9 L. Glez. Mora, Departamento de Ciencias M\u00e9dicas B\u00e1sicas, ULL). Programa \u00abNeurobiolog\u00eda y Enfermedades del Sistema Nervioso\u00bb, 2020-2024.<\/span><\/li>\n<\/ol>\n<p>[\/vc_column_text][\/vc_column][vc_column width=\u00bb1\/2&#8243; css=\u00bb.vc_custom_1606737952696{background: #e5e5e5 url(http:\/\/www.ull.es\/institutos\/instituto-tecnologias-biomedicas\/wp-content\/uploads\/sites\/15\/2020\/11\/inves-1.jpg?id=144) !important;background-position: center !important;background-repeat: no-repeat !important;background-size: cover !important;}\u00bb][vc_empty_space height=\u00bb500px\u00bb][\/vc_column][\/vc_row][vc_row full_width=\u00bbstretch_row_content\u00bb equal_height=\u00bbyes\u00bb][vc_column width=\u00bb1\/2&#8243; css=\u00bb.vc_custom_1606737994504{background: #f2f2f2 url(http:\/\/www.ull.es\/institutos\/instituto-tecnologias-biomedicas\/wp-content\/uploads\/sites\/15\/2020\/11\/inves-4.jpg?id=143) !important;background-position: center !important;background-repeat: no-repeat !important;background-size: cover !important;}\u00bb][vc_empty_space height=\u00bb500px\u00bb][\/vc_column][vc_column width=\u00bb1\/2&#8243; css=\u00bb.vc_custom_1606729073944{padding-top: 5% !important;padding-right: 10% !important;padding-bottom: 5% !important;padding-left: 10% !important;}\u00bb][vc_column_text]<\/p>\n<h2 class=\"sppb-addon-title\">Actividades de transferencia<\/h2>\n<div class=\"sppb-addon-content\">\n<ol>\n<li style=\"font-weight: 400;\" aria-level=\"1\"><span style=\"font-weight: 400;\">Direcci\u00f3n cient\u00edfica de la Fundaci\u00f3n Bioavance. Cabildo Insular de Tenerife (desde 2020). <\/span><b>Dr. Diego \u00c1lvarez de la Rosa<\/b><\/li>\n<li style=\"font-weight: 400;\" aria-level=\"1\"><span style=\"font-weight: 400;\">Specific collaboration agreement between FIISC, HUNSC and CEAMED SA for the construction of cell systems to screen against novel anti-tumor targets (from 30\/06\/2021). <\/span><b>Dr. F\u00e9lix Mach\u00edn<\/b><\/li>\n<li style=\"font-weight: 400;\" aria-level=\"1\"><span style=\"font-weight: 400;\">Specific collaboration agreement between FIISC, HUNSC and CEAMED SA for the genotoxicity screening of compounds through a simplified test of micronucleus cytoma (from 29\/05\/2018). <\/span><b>Dr. F\u00e9lix Mach\u00edn<\/b><\/li>\n<li style=\"font-weight: 400;\" aria-level=\"1\"><span style=\"font-weight: 400;\">Specific collaboration agreement between FIISC, HUNSC and CEAMED SA for the screening of compounds in a panel of in vitro cellular bioassays (from 14\/12\/2017). <\/span><b>Dr. F\u00e9lix Mach\u00edn<\/b><\/li>\n<li style=\"font-weight: 400;\" aria-level=\"1\">Propiedad intelectual: \u201cTest Interactivo para la evaluaci\u00f3n de Heminegligencia\u201d. <b>Dr. Julio Manuel Plata Bello<\/b><\/li>\n<li style=\"font-weight: 400;\" aria-level=\"1\">Patente: Material compuesto de poliacrilonitrilo y nanoplaquetas de grafeno, procedimiento de obtenci\u00f3n y uso como sustrato de cultivos in vitro de c\u00e9lulas cancerosas. (14\/09\/2023). <b>Dra. Olga Tapia Mart\u00ednez<\/b><\/li>\n<li style=\"font-weight: 400;\" aria-level=\"1\">Convenio de colaboraci\u00f3n: Desarrollo de una nueva cepa de levadura Kluyveromyces lactis para la producci\u00f3n de quimosina bovina recombinante y su uso en la industria quesera. Laboratorios Arroyo y SODERCAN (01\/06\/2022 \u2013 31\/07\/2023. <b>Dra. Olga Tapia Mart\u00ednez<\/b><\/li>\n<\/ol>\n<\/div>\n<p>[\/vc_column_text][\/vc_column][\/vc_row]<\/p>\n","protected":false},"excerpt":{"rendered":"<p>[vc_row full_width=\u00bbstretch_row_content\u00bb el_class=\u00bbprincipio-marcha\u00bb][vc_column css=\u00bb.vc_custom_1588939369209{padding-top: 40px !important;}\u00bb][vc_custom_heading text=\u00bbInnovaci\u00f3n y transferencia\u00bb font_container=\u00bbtag:h2|text_align:center|color:%23ffffff\u00bb use_theme_fonts=\u00bbyes\u00bb css_animation=\u00bbfadeInDownBig\u00bb][\/vc_column][\/vc_row][vc_row full_width=\u00bbstretch_row_content\u00bb equal_height=\u00bbyes\u00bb][vc_column width=\u00bb1\/2&#8243; css=\u00bb.vc_custom_1588936329456{padding-top: 5% !important;padding-right: 10% !important;padding-bottom: 5% !important;padding-left: 10% !important;background-color: #f2f2f2 !important;}\u00bb][vc_column_text] L\u00edneas emergentes asociadas trasferencia a transferencia tecnol\u00f3gica: Programa \u00abAgust\u00edn de Betancourt\u00bb El programa \u201cAgust\u00edn de Betancourt\u201d es una iniciativa del Cabildo\u00a0 Insular de Tenerife, iniciada en 2016, de apoyo&#8230;<\/p>\n","protected":false},"author":2,"featured_media":0,"parent":0,"menu_order":0,"comment_status":"closed","ping_status":"closed","template":"templates\/template-no-title.php","meta":[],"_links":{"self":[{"href":"https:\/\/www.ull.es\/institutos\/instituto-tecnologias-biomedicas\/wp-json\/wp\/v2\/pages\/139"}],"collection":[{"href":"https:\/\/www.ull.es\/institutos\/instituto-tecnologias-biomedicas\/wp-json\/wp\/v2\/pages"}],"about":[{"href":"https:\/\/www.ull.es\/institutos\/instituto-tecnologias-biomedicas\/wp-json\/wp\/v2\/types\/page"}],"author":[{"embeddable":true,"href":"https:\/\/www.ull.es\/institutos\/instituto-tecnologias-biomedicas\/wp-json\/wp\/v2\/users\/2"}],"replies":[{"embeddable":true,"href":"https:\/\/www.ull.es\/institutos\/instituto-tecnologias-biomedicas\/wp-json\/wp\/v2\/comments?post=139"}],"version-history":[{"count":14,"href":"https:\/\/www.ull.es\/institutos\/instituto-tecnologias-biomedicas\/wp-json\/wp\/v2\/pages\/139\/revisions"}],"predecessor-version":[{"id":632,"href":"https:\/\/www.ull.es\/institutos\/instituto-tecnologias-biomedicas\/wp-json\/wp\/v2\/pages\/139\/revisions\/632"}],"wp:attachment":[{"href":"https:\/\/www.ull.es\/institutos\/instituto-tecnologias-biomedicas\/wp-json\/wp\/v2\/media?parent=139"}],"curies":[{"name":"wp","href":"https:\/\/api.w.org\/{rel}","templated":true}]}}