{"id":251,"date":"2021-03-11T11:21:21","date_gmt":"2021-03-11T11:21:21","guid":{"rendered":"http:\/\/www.ull.es\/institutos\/instituto-tecnologias-biomedicas\/?page_id=251"},"modified":"2024-09-11T09:03:25","modified_gmt":"2024-09-11T09:03:25","slug":"checkpoint-en-respuesta-a-dano-en-el-dna-y-enfermedades-humanas","status":"publish","type":"page","link":"https:\/\/www.ull.es\/institutos\/instituto-tecnologias-biomedicas\/checkpoint-en-respuesta-a-dano-en-el-dna-y-enfermedades-humanas\/","title":{"rendered":"Checkpoint en respuesta a da\u00f1o en el DNA y enfermedades humanas"},"content":{"rendered":"<p>[vc_row][vc_column][vc_column_text]<\/p>\n<div class=\"page-header\">\n<h1>Checkpoint en respuesta a da\u00f1o en el DNA y enfermedades humanas<\/h1>\n<\/div>\n<div class=\"content\">\n<h4><strong>INVESTIGADORA RESPONSABLE<\/strong><\/h4>\n<table class=\"jefe\">\n<tbody>\n<tr>\n<td class=\"provisional\"><\/td>\n<td><strong><a href=\"https:\/\/portalciencia.ull.es\/investigadores\/205536\/detalle\" target=\"_blank\" rel=\"noopener\" target=\"_blank\" rel=\"noopener\">Veronique Smits<\/a> PhD<\/strong><\/p>\n<p>Investigadora contratada del SCS\/FIISC; Unidad de Investigaci\u00f3n, HUC<\/td>\n<\/tr>\n<\/tbody>\n<\/table>\n<h4><strong>INVESTIGADORES DOCTORES<\/strong><\/h4>\n<ul>\n<li><span style=\"font-weight: 400;\">Jessel Ayra Plasencia, PhD (investigador postdoctoral \u201cJuan de la Cierva &#8211; Formaci\u00f3n\u201d; FIISC, Unidad de Investigaci\u00f3n, HUC)<\/span><\/li>\n<\/ul>\n<h4><strong>ESTUDIANTES DE DOCTORADO, BECARIOS E INVESTIGADORES EN FORMACI\u00d3N:<\/strong><\/h4>\n<ul>\n<li style=\"font-weight: 400;\" aria-level=\"1\"><span style=\"font-weight: 400;\">Yeray Hern\u00e1ndez Reyes (Programa de Doctorado Ciencias de la Salud ULL, Fundaci\u00f3n Canaria Instituto de Investigaci\u00f3n Sanitaria de Canarias, FIISC. Beca ACIISI, 2018-2023)<\/span><\/li>\n<li style=\"font-weight: 400;\" aria-level=\"1\"><span style=\"font-weight: 400;\">Cintia Fonseca Rodr\u00edguez (Programa de Doctorado Ciencias de la Salud ULL, Fundaci\u00f3n Canaria Instituto de Investigaci\u00f3n Sanitaria de Canarias, FIISC. Contrato FPI, MICINN, 2021-2025)<\/span><\/li>\n<\/ul>\n<h4><strong>PERSONAL T\u00c9CNICO O DE GESTI\u00d3N<\/strong><\/h4>\n<ul>\n<li><span style=\"font-weight: 400;\">Cristina Paz Cabrera (Fundaci\u00f3n Canaria Instituto de Investigaci\u00f3n Sanitaria de Canarias, FIISC)<\/span><\/li>\n<\/ul>\n<h4><strong>L\u00cdNEAS DE INVESTIGACI\u00d3N<\/strong><\/h4>\n<p><span style=\"font-weight: 400;\">La respuesta al da\u00f1o en el ADN (DDR) detecta, se\u00f1ala y repara las lesiones del ADN, y es esencial en el mantenimiento de la integridad del genoma y funciona como primera l\u00ednea de defensa en las primeras etapas del desarrollo del c\u00e1ncer. La reparaci\u00f3n eficiente del ADN requiere la correcta y oportuna coordinaci\u00f3n de una multitud de eventos de se\u00f1alizaci\u00f3n, en los que las modificaciones postraduccionales (PTMs) tienen un papel fundamental. Como las lesiones del ADN ocurren y se reparan en el contexto de la cromatina, las PTMs de la cromatina tambi\u00e9n influyen este proceso. Juntos, las PTMs funcionan para abrir localmente la estructura de la cromatina, ayudan a la localizaci\u00f3n prote\u00ednas de reparaci\u00f3n en los sitios del da\u00f1o en el ADN y activan quinasas que paren el ciclo celular.<\/span><\/p>\n<p><span style=\"font-weight: 400;\">El grupo de Veronique Smits estudia los detalles mecan\u00edsticos de las enzimas que regulan estas PTMs, por ejemplo las hidrolasas de ubiquitina y reguladores de la cromatina, y su importancia en diferentes procesos que previenen la inestabilidad gen\u00f3mica, como la reparaci\u00f3n del ADN y la estructura de la cromatina.\u00a0<\/span><\/p>\n<p><span style=\"font-weight: 400;\">Adem\u00e1s, los agentes que dan\u0303an el ADN se utilizan ampliamente en los tratamientos contra el ca\u0301ncer, debido a su toxicidad para las ce\u0301lulas en proliferacio\u0301n, y la eficacia de los tratamientos antitumorales esta\u0301 determinada por la capacidad de las ce\u0301lulas para reparar el dan\u0303o. Por lo tanto, se investiga el papel potencial de estas enzimas como una forma de modular el tratamiento contra el ca\u0301ncer.<\/span><\/p>\n<h4><strong>PROYECTOS FINANCIADOS<\/strong><\/h4>\n<ul>\n<li><span style=\"font-weight: 400;\">Post-translational modifications in the control of genome stability and their role in cancer and other pathologies (PID2019-109222RB-I00). IP: Raimundo Freire y Veronique Smits. Ministerio de Ciencia e Innovaci\u00f3n (06\/2020 &#8211; 05\/2023, 278.300 \u20ac)<\/span><\/li>\n<li><span style=\"font-weight: 400;\">Control enzim\u00e1tico del mantenimiento de la integridad del genoma: mecanismos moleculares y oportunidades para el tratamiento del c\u00e1ncer (PID2022-139691OB-I00). IP: Raimundo Freire y Veronique Smits. Ministerio de Ciencia e Innovaci\u00f3n (10\/2023 &#8211; 09\/2026, 400.000 \u20ac)<\/span><\/li>\n<li><span style=\"font-weight: 400;\">Control de la estabilidad del genoma por las demetilasas de la familia KDM4 y su conexi\u00f3n con c\u00e1ncer (PIFIISC21\/16). IP: Veronique Smits. Fundaci\u00f3n Canaria de Investigaci\u00f3n Sanitaria, FIISC (01\/2022 &#8211; 12\/2024, 21.750 \u20ac)<\/span><\/li>\n<\/ul>\n<p><b>Publicaciones 2023:<\/b><\/p>\n<ul>\n<li style=\"font-weight: 400;\" aria-level=\"1\"><span style=\"font-weight: 400;\">Hern\u00e1ndez\u2010Carralero E, Cabrera E, Rodr\u00edguez-Torres G, Hern\u00e1ndez-Reyes Y, Singh AN, Santa-Mar\u00eda C, Fern\u00e1ndez-Justel JM, Janssens RC, Marteijn JA, Evert BO, Mailand N, G\u00f3mez M, Ramadan K, <\/span><b>Smits VAJ<\/b><span style=\"font-weight: 400;\">, <\/span><b>Freire R<\/b><span style=\"font-weight: 400;\">. ATXN3 controls DNA replication and transcription by regulating chromatin structure. <\/span><i><span style=\"font-weight: 400;\">Nucleic acids research<\/span><\/i><span style=\"font-weight: 400;\">. 2023;51(11):5396-413. DOI: 10.1093\/nar\/gkad212<\/span><\/li>\n<\/ul>\n<p><b>Otras publicaciones representativas de los \u00faltimos a\u00f1os:<\/b><\/p>\n<ul>\n<li style=\"font-weight: 400;\" aria-level=\"1\"><span style=\"font-weight: 400;\">Warmerdam DO, Alonso-de Vega I, Wiegant WW, van den Broek B, Krawitowska-Rother MB, <\/span><b>Freire R<\/b><span style=\"font-weight: 400;\">, van Attikum H, Medema RH, <\/span><b>Smits VAJ<\/b><span style=\"font-weight: 400;\">. PHF6 promotes non-homologous end joining and G2 checkpoint recovery. <\/span><i><span style=\"font-weight: 400;\">EMBO Rep<\/span><\/i><span style=\"font-weight: 400;\">. 2020. 21: e48460. DOI: 10.15252\/embr.201948460<\/span><\/li>\n<li style=\"font-weight: 400;\" aria-level=\"1\"><span style=\"font-weight: 400;\">Alonso-de Vega I, Paz-Cabrera MC, Rother MB, Wiegant WW, Checa-Rodr\u00edguez C, <\/span><b>Hern\u00e1ndez-Fernaud JR<\/b><span style=\"font-weight: 400;\">, Huertas P, <\/span><b>Freire R<\/b><span style=\"font-weight: 400;\">, van Attikum H, <\/span><b>Smits VAJ<\/b><span style=\"font-weight: 400;\">. PHF2 regulates homology-directed DNA repair by controlling the resection of DNA double strand breaks. <\/span><i><span style=\"font-weight: 400;\">Nucl. Acids Res<\/span><\/i><span style=\"font-weight: 400;\">. 2020. 48: 4915-4927. DOI: 10.1093\/nar\/gkaa196<\/span><\/li>\n<li style=\"font-weight: 400;\" aria-level=\"1\"><b>Smits VAJ<\/b><span style=\"font-weight: 400;\">, Alonso-de Vega I, Warmerdam DO. Chromatin regulators and their impact on DNA repair and G2 checkpoint recovery. <\/span><i><span style=\"font-weight: 400;\">Cell Cycle<\/span><\/i><span style=\"font-weight: 400;\">. 2020. 19: 2083-2093. DOI: 10.1080\/15384101.2020.1796037<\/span><\/li>\n<\/ul>\n<\/div>\n<div class=\"foot_content\">\n<div class=\"row\">\n<div class=\"col-sm-6\"><\/div>\n<div class=\"col-sm-6\">\n<div class=\"helix-social-share\">\n<div class=\"helix-social-share-icon\">\n<div class=\"facebook\" title=\"\" data-toggle=\"tooltip\" data-placement=\"top\" data-original-title=\"Share On Facebook\"><\/div>\n<\/div>\n<\/div>\n<\/div>\n<\/div>\n<\/div>\n<p>[\/vc_column_text][\/vc_column][\/vc_row]<\/p>\n","protected":false},"excerpt":{"rendered":"<p>[vc_row][vc_column][vc_column_text] Checkpoint en respuesta a da\u00f1o en el DNA y enfermedades humanas INVESTIGADORA RESPONSABLE Veronique Smits PhD Investigadora contratada del SCS\/FIISC; Unidad de Investigaci\u00f3n, HUC INVESTIGADORES DOCTORES Jessel Ayra Plasencia, PhD (investigador postdoctoral \u201cJuan de la Cierva &#8211; Formaci\u00f3n\u201d; FIISC, Unidad de Investigaci\u00f3n, HUC) ESTUDIANTES DE DOCTORADO, BECARIOS E INVESTIGADORES EN FORMACI\u00d3N: Yeray Hern\u00e1ndez Reyes&#8230;<\/p>\n","protected":false},"author":2,"featured_media":0,"parent":0,"menu_order":0,"comment_status":"closed","ping_status":"closed","template":"templates\/template-no-title.php","meta":[],"_links":{"self":[{"href":"https:\/\/www.ull.es\/institutos\/instituto-tecnologias-biomedicas\/wp-json\/wp\/v2\/pages\/251"}],"collection":[{"href":"https:\/\/www.ull.es\/institutos\/instituto-tecnologias-biomedicas\/wp-json\/wp\/v2\/pages"}],"about":[{"href":"https:\/\/www.ull.es\/institutos\/instituto-tecnologias-biomedicas\/wp-json\/wp\/v2\/types\/page"}],"author":[{"embeddable":true,"href":"https:\/\/www.ull.es\/institutos\/instituto-tecnologias-biomedicas\/wp-json\/wp\/v2\/users\/2"}],"replies":[{"embeddable":true,"href":"https:\/\/www.ull.es\/institutos\/instituto-tecnologias-biomedicas\/wp-json\/wp\/v2\/comments?post=251"}],"version-history":[{"count":9,"href":"https:\/\/www.ull.es\/institutos\/instituto-tecnologias-biomedicas\/wp-json\/wp\/v2\/pages\/251\/revisions"}],"predecessor-version":[{"id":589,"href":"https:\/\/www.ull.es\/institutos\/instituto-tecnologias-biomedicas\/wp-json\/wp\/v2\/pages\/251\/revisions\/589"}],"wp:attachment":[{"href":"https:\/\/www.ull.es\/institutos\/instituto-tecnologias-biomedicas\/wp-json\/wp\/v2\/media?parent=251"}],"curies":[{"name":"wp","href":"https:\/\/api.w.org\/{rel}","templated":true}]}}