{"id":48,"date":"2020-11-27T12:47:37","date_gmt":"2020-11-27T12:47:37","guid":{"rendered":"http:\/\/www.ull.es\/institutos\/instituto-tecnologias-biomedicas\/?page_id=48"},"modified":"2022-06-06T12:27:42","modified_gmt":"2022-06-06T12:27:42","slug":"historia","status":"publish","type":"page","link":"https:\/\/www.ull.es\/institutos\/instituto-tecnologias-biomedicas\/historia\/","title":{"rendered":"Historia"},"content":{"rendered":"<p>[vc_row full_width=\u00bbstretch_row_content\u00bb el_class=\u00bbprincipio-marcha\u00bb][vc_column css=\u00bb.vc_custom_1588939369209{padding-top: 40px !important;}\u00bb][vc_custom_heading text=\u00bbHistoria\u00bb font_container=\u00bbtag:h2|text_align:center|color:%23ffffff\u00bb use_theme_fonts=\u00bbyes\u00bb css_animation=\u00bbfadeInDownBig\u00bb][\/vc_column][\/vc_row][vc_row full_width=\u00bbstretch_row_content\u00bb equal_height=\u00bbyes\u00bb][vc_column width=\u00bb1\/2&#8243; css=\u00bb.vc_custom_1588936329456{padding-top: 5% !important;padding-right: 10% !important;padding-bottom: 5% !important;padding-left: 10% !important;background-color: #f2f2f2 !important;}\u00bb][vc_column_text]<\/p>\n<p><span style=\"font-weight: 400;\">Desde su creaci\u00f3n el ITB ha desarrollado una serie de actividades dirigidas a su\u00a0 consolidaci\u00f3n como un centro de excelencia, para lo cual ha contado con el apoyo\u00a0 decidido de los diferentes equipos de gobierno de la ULL y de instituciones locales\u00a0 como el Cabildo Insular de Tenerife, dise\u00f1\u00e1ndose un plan estrat\u00e9gico basado en\u00a0 objetivos con el asesoramiento de comit\u00e9s cient\u00edficos externos.\u00a0<\/span><\/p>\n<p><span style=\"font-weight: 400;\">Tras una primera fase de elaboraci\u00f3n del proyecto y aprobaci\u00f3n de la propuesta de\u00a0 constituci\u00f3n por parte del Consejo de Gobierno de la ULL, el Gobierno de Canarias\u00a0 procedi\u00f3 a la creaci\u00f3n del instituto por decreto 11\/2006 (BOC de 20 de febrero de\u00a0 2006). El primer Reglamento de R\u00e9gimen Interior (RRI) del instituto fue aprobado en\u00a0 Consejo de Gobierno de la ULL en 2010, aprob\u00e1ndose una modificaci\u00f3n el 21 de\u00a0 diciembre de 2018 con objeto de adecuar su estructura y sistema de gobernanza a los\u00a0 objetivos perseguidos.\u00a0\u00a0<\/span>[\/vc_column_text][\/vc_column][vc_column width=\u00bb1\/2&#8243; css=\u00bb.vc_custom_1606481298501{background: #e5e5e5 url(http:\/\/www.ull.es\/institutos\/instituto-tecnologias-biomedicas\/wp-content\/uploads\/sites\/15\/2020\/11\/historia-main.jpg?id=49) !important;background-position: center !important;background-repeat: no-repeat !important;background-size: cover !important;}\u00bb][vc_empty_space height=\u00bb500px\u00bb][\/vc_column][\/vc_row]<\/p>\n","protected":false},"excerpt":{"rendered":"<p>[vc_row full_width=\u00bbstretch_row_content\u00bb el_class=\u00bbprincipio-marcha\u00bb][vc_column css=\u00bb.vc_custom_1588939369209{padding-top: 40px !important;}\u00bb][vc_custom_heading text=\u00bbHistoria\u00bb font_container=\u00bbtag:h2|text_align:center|color:%23ffffff\u00bb use_theme_fonts=\u00bbyes\u00bb css_animation=\u00bbfadeInDownBig\u00bb][\/vc_column][\/vc_row][vc_row full_width=\u00bbstretch_row_content\u00bb equal_height=\u00bbyes\u00bb][vc_column width=\u00bb1\/2&#8243; css=\u00bb.vc_custom_1588936329456{padding-top: 5% !important;padding-right: 10% !important;padding-bottom: 5% !important;padding-left: 10% !important;background-color: #f2f2f2 !important;}\u00bb][vc_column_text] Desde su creaci\u00f3n el ITB ha desarrollado una serie de actividades dirigidas a su\u00a0 consolidaci\u00f3n como un centro de excelencia, para lo cual ha contado con el apoyo\u00a0 decidido de los&#8230;<\/p>\n","protected":false},"author":2,"featured_media":0,"parent":0,"menu_order":0,"comment_status":"closed","ping_status":"closed","template":"templates\/template-no-title.php","meta":[],"_links":{"self":[{"href":"https:\/\/www.ull.es\/institutos\/instituto-tecnologias-biomedicas\/wp-json\/wp\/v2\/pages\/48"}],"collection":[{"href":"https:\/\/www.ull.es\/institutos\/instituto-tecnologias-biomedicas\/wp-json\/wp\/v2\/pages"}],"about":[{"href":"https:\/\/www.ull.es\/institutos\/instituto-tecnologias-biomedicas\/wp-json\/wp\/v2\/types\/page"}],"author":[{"embeddable":true,"href":"https:\/\/www.ull.es\/institutos\/instituto-tecnologias-biomedicas\/wp-json\/wp\/v2\/users\/2"}],"replies":[{"embeddable":true,"href":"https:\/\/www.ull.es\/institutos\/instituto-tecnologias-biomedicas\/wp-json\/wp\/v2\/comments?post=48"}],"version-history":[{"count":3,"href":"https:\/\/www.ull.es\/institutos\/instituto-tecnologias-biomedicas\/wp-json\/wp\/v2\/pages\/48\/revisions"}],"predecessor-version":[{"id":482,"href":"https:\/\/www.ull.es\/institutos\/instituto-tecnologias-biomedicas\/wp-json\/wp\/v2\/pages\/48\/revisions\/482"}],"wp:attachment":[{"href":"https:\/\/www.ull.es\/institutos\/instituto-tecnologias-biomedicas\/wp-json\/wp\/v2\/media?parent=48"}],"curies":[{"name":"wp","href":"https:\/\/api.w.org\/{rel}","templated":true}]}}