{"id":57,"date":"2020-11-27T12:54:25","date_gmt":"2020-11-27T12:54:25","guid":{"rendered":"http:\/\/www.ull.es\/institutos\/instituto-tecnologias-biomedicas\/?page_id=57"},"modified":"2024-05-06T09:10:56","modified_gmt":"2024-05-06T09:10:56","slug":"organos-de-gobierno","status":"publish","type":"page","link":"https:\/\/www.ull.es\/institutos\/instituto-tecnologias-biomedicas\/organos-de-gobierno\/","title":{"rendered":"\u00d3rganos de Gobierno"},"content":{"rendered":"<p>[vc_row full_width=\u00bbstretch_row_content\u00bb el_class=\u00bbprincipio-marcha\u00bb][vc_column css=\u00bb.vc_custom_1588939369209{padding-top: 40px !important;}\u00bb][vc_custom_heading text=\u00bb\u00d3rganos de Gobierno\u00bb font_container=\u00bbtag:h2|text_align:center|color:%23ffffff\u00bb use_theme_fonts=\u00bbyes\u00bb css_animation=\u00bbfadeInDownBig\u00bb][\/vc_column][\/vc_row][vc_row full_width=\u00bbstretch_row_content\u00bb css=\u00bb.vc_custom_1606909856548{padding-top: 3% !important;padding-right: 2% !important;padding-bottom: 3% !important;padding-left: 2% !important;background-color: #dbdbdb !important;}\u00bb][vc_column css=\u00bb.vc_custom_1606909646254{padding-top: 1% !important;padding-right: 2% !important;padding-bottom: 1% !important;padding-left: 2% !important;}\u00bb][vc_column_text]<\/p>\n<p style=\"text-align: center;\"><span style=\"font-weight: 400;\">Los \u00f3rganos de gobierno colegiados y unipersonales corresponden, respectivamente,\u00a0 al Consejo del instituto, la Comisi\u00f3n Ejecutiva y la Direcci\u00f3n. El Consejo est\u00e1 integrado\u00a0 por los investigadores o investigadoras responsables de proyectos de investigaci\u00f3n,\u00a0 junto a una representaci\u00f3n ponderada del personal investigador contratado o de\u00a0 plantilla, del personal investigador en formaci\u00f3n y del personal de administraci\u00f3n y\u00a0 t\u00e9cnico. <\/span><\/p>\n<p>[\/vc_column_text][\/vc_column][\/vc_row][vc_row][vc_column][vc_column_text]<\/p>\n<h3 style=\"text-align: center;\"><strong>Equipo Directivo<\/strong><\/h3>\n<p>[\/vc_column_text][vc_row_inner equal_height=\u00bbyes\u00bb gap=\u00bb20&#8243;][vc_column_inner width=\u00bb1\/3&#8243; css=\u00bb.vc_custom_1606910011087{background-color: #dbdbdb !important;}\u00bb][vc_single_image image=\u00bb62&#8243; img_size=\u00bbfull\u00bb alignment=\u00bbcenter\u00bb style=\u00bbvc_box_rounded\u00bb css_animation=\u00bbzoomIn\u00bb][vc_empty_space height=\u00bb20px\u00bb][vc_column_text]<\/p>\n<p style=\"text-align: center;\"><strong>Dr. Diego \u00c1lvarez de la Rosa<\/strong><\/p>\n<h3 class=\"sppb-addon-title sppb-feature-box-title\"><\/h3>\n<p>[\/vc_column_text][vc_column_text]<\/p>\n<p style=\"text-align: center;\"><strong>Director<\/strong><br \/>\nCatedr\u00e1tico de Fisiolog\u00eda, Departamento de Ciencias M\u00e9dicas B\u00e1sicas, ULL.<br \/>\nCorreo electr\u00f3nico: <a href=\"mailto:dalrosa@ull.es\" target=\"_blank\" rel=\"noopener\" target=\"_blank\" rel=\"noopener\">dalrosa@ull.es<\/a><\/p>\n<p>[\/vc_column_text][vc_empty_space][\/vc_column_inner][vc_column_inner width=\u00bb1\/3&#8243; css=\u00bb.vc_custom_1606910017582{background-color: #dbdbdb !important;}\u00bb][vc_single_image image=\u00bb64&#8243; img_size=\u00bbfull\u00bb alignment=\u00bbcenter\u00bb style=\u00bbvc_box_rounded\u00bb css_animation=\u00bbzoomIn\u00bb][vc_empty_space height=\u00bb20px\u00bb][vc_column_text]<\/p>\n<p style=\"text-align: center;\"><strong>\u00c1ngel Acebes Vindel<\/strong><\/p>\n<h3 class=\"sppb-addon-title sppb-feature-box-title\"><\/h3>\n<p>[\/vc_column_text][vc_empty_space height=\u00bb20px\u00bb][vc_column_text]<\/p>\n<p style=\"text-align: center;\"><strong>Subdirector<\/strong><br \/>\nProfesor Titular de Fisiolog\u00eda. Departamento de Ciencias M\u00e9dicas B\u00e1sicas, ULL<br \/>\nCorreo electr\u00f3nico: <a href=\"mailto:aacebesv@ull.es\" target=\"_blank\" rel=\"noopener\">aacebesv@ull.es<\/a><\/p>\n<p>[\/vc_column_text][vc_empty_space][\/vc_column_inner][vc_column_inner width=\u00bb1\/3&#8243; css=\u00bb.vc_custom_1606910023883{background-color: #dbdbdb !important;}\u00bb][vc_single_image image=\u00bb575&#8243; img_size=\u00bbfull\u00bb alignment=\u00bbcenter\u00bb style=\u00bbvc_box_rounded\u00bb css_animation=\u00bbzoomIn\u00bb][vc_empty_space height=\u00bb20px\u00bb][vc_column_text]<\/p>\n<p style=\"text-align: center;\"><strong>Dra. Olga Tapia Mart\u00ednez<\/strong><\/p>\n<p>[\/vc_column_text][vc_column_text]<\/p>\n<p style=\"text-align: center;\"><strong>Secretaria<\/strong><br \/>\nProfesora Ayudante Doctora. Departamento de Ciencias M\u00e9dicas B\u00e1sicas, ULL<br \/>\nCorreo electr\u00f3nico: <a href=\"mailto:otapiama@ull.edu.es\" target=\"_blank\" rel=\"noopener\">otapiama@ull.es<\/a><\/p>\n<p>[\/vc_column_text][vc_empty_space][\/vc_column_inner][\/vc_row_inner][\/vc_column][\/vc_row][vc_row][vc_column][vc_column_text]<\/p>\n<h3 style=\"text-align: center;\"><strong>Comisi\u00f3n ejecutiva<\/strong><\/h3>\n<p>[\/vc_column_text][vc_row_inner equal_height=\u00bbyes\u00bb gap=\u00bb20&#8243;][vc_column_inner width=\u00bb1\/3&#8243; css=\u00bb.vc_custom_1606910154872{background-color: #dbdbdb !important;}\u00bb][vc_single_image image=\u00bb70&#8243; img_size=\u00bbfull\u00bb alignment=\u00bbcenter\u00bb style=\u00bbvc_box_rounded\u00bb css_animation=\u00bbzoomIn\u00bb][vc_empty_space height=\u00bb20px\u00bb][vc_column_text]<\/p>\n<p style=\"text-align: center;\"><b>Carlos Flores Infante<\/b><\/p>\n<p>[\/vc_column_text][vc_empty_space height=\u00bb20px\u00bb][vc_column_text]<\/p>\n<p style=\"text-align: center;\"><strong>Coordinador del programa de Enfermedades de Base Gen\u00e9tica y Raras<\/strong><br \/>\nHospital Universitario N\u00aa S\u00aa de Candelaria<br \/>\nCorreo electr\u00f3nico: <a href=\"mailto:cflores@ull.es\" target=\"_blank\" rel=\"noopener\">cflores@ull.es<\/a><\/p>\n<p>[\/vc_column_text][vc_empty_space][\/vc_column_inner][vc_column_inner width=\u00bb1\/3&#8243; css=\u00bb.vc_custom_1606910195072{background-color: #dbdbdb !important;}\u00bb][vc_single_image image=\u00bb71&#8243; img_size=\u00bbfull\u00bb alignment=\u00bbcenter\u00bb style=\u00bbvc_box_rounded\u00bb css_animation=\u00bbzoomIn\u00bb][vc_empty_space height=\u00bb20px\u00bb][vc_column_text]<\/p>\n<p style=\"text-align: center;\"><strong>Esteban Porrini<\/strong><\/p>\n<h3 class=\"sppb-addon-title sppb-feature-box-title\"><\/h3>\n<p>[\/vc_column_text][vc_column_text]<\/p>\n<p style=\"text-align: center;\"><strong>Coordinador del programa de Enfermedades Cr\u00f3nicas relacionadas con el Envejecimiento<\/strong><br \/>\nDepartamento de Medicina Interna, Dermatolog\u00eda y Psiquiatr\u00eda; ULL.<br \/>\nCorreo electr\u00f3nico: <a href=\"mailto:eporrini@ull.es\" target=\"_blank\" rel=\"noopener\">eporrini@ull.es<\/a><\/p>\n<p>[\/vc_column_text][vc_empty_space][\/vc_column_inner][vc_column_inner width=\u00bb1\/3&#8243; css=\u00bb.vc_custom_1606910203070{background-color: #dbdbdb !important;}\u00bb][vc_single_image image=\u00bb72&#8243; img_size=\u00bbfull\u00bb alignment=\u00bbcenter\u00bb style=\u00bbvc_box_rounded\u00bb css_animation=\u00bbzoomIn\u00bb][vc_empty_space height=\u00bb20px\u00bb][vc_column_text]<\/p>\n<p style=\"text-align: center;\"><b>Abraham Acevedo Arozena<\/b><\/p>\n<p>[\/vc_column_text][vc_empty_space height=\u00bb20px\u00bb][vc_column_text]<\/p>\n<p style=\"text-align: center;\"><strong>Coordinador del programa de Neurobiolog\u00eda y Enfermedades del Sistema Nervioso<\/strong><br \/>\nHospital Universitario de Canarias.<br \/>\nCorreo electr\u00f3nico: <a href=\"mailto:aacevedo@ull.es\" target=\"_blank\" rel=\"noopener\">aacevedo@ull.es<\/a><\/p>\n<p>[\/vc_column_text][vc_empty_space][\/vc_column_inner][\/vc_row_inner][vc_row_inner equal_height=\u00bbyes\u00bb gap=\u00bb20&#8243;][vc_column_inner width=\u00bb1\/3&#8243; css=\u00bb.vc_custom_1606910212815{background-color: #dbdbdb !important;}\u00bb][vc_single_image image=\u00bb73&#8243; img_size=\u00bbfull\u00bb alignment=\u00bbcenter\u00bb style=\u00bbvc_box_rounded\u00bb css_animation=\u00bbzoomIn\u00bb][vc_empty_space height=\u00bb20px\u00bb][vc_column_text]<\/p>\n<p style=\"text-align: center;\"><strong>Niels Janssen<\/strong><\/p>\n<h3 class=\"sppb-addon-title sppb-feature-box-title\"><\/h3>\n<p>[\/vc_column_text][vc_column_text]<\/p>\n<p style=\"text-align: center;\"><strong>Coordinador del programa de Neurobiolog\u00eda y Enfermedades del Sistema Nervioso<\/strong><br \/>\nDepartamento de Psicolog\u00eda Cognitiva, Social y Organizacional. ULL.<br \/>\nCorreo electr\u00f3nico: <a href=\"mailto:njanssen@ull.es\" target=\"_blank\" rel=\"noopener\">njanssen@ull.es<\/a><\/p>\n<p>[\/vc_column_text][vc_empty_space][\/vc_column_inner][vc_column_inner width=\u00bb1\/3&#8243; css=\u00bb.vc_custom_1714725282161{background-color: #dbdbdb !important;}\u00bb][vc_empty_space height=\u00bb20px\u00bb][vc_empty_space height=\u00bb20px\u00bb][vc_empty_space][\/vc_column_inner][vc_column_inner width=\u00bb1\/3&#8243; css=\u00bb.vc_custom_1714725309249{background-color: #dbdbdb !important;}\u00bb][\/vc_column_inner][\/vc_row_inner][\/vc_column][\/vc_row]<\/p>\n","protected":false},"excerpt":{"rendered":"<p>[vc_row full_width=\u00bbstretch_row_content\u00bb el_class=\u00bbprincipio-marcha\u00bb][vc_column css=\u00bb.vc_custom_1588939369209{padding-top: 40px !important;}\u00bb][vc_custom_heading text=\u00bb\u00d3rganos de Gobierno\u00bb font_container=\u00bbtag:h2|text_align:center|color:%23ffffff\u00bb use_theme_fonts=\u00bbyes\u00bb css_animation=\u00bbfadeInDownBig\u00bb][\/vc_column][\/vc_row][vc_row full_width=\u00bbstretch_row_content\u00bb css=\u00bb.vc_custom_1606909856548{padding-top: 3% !important;padding-right: 2% !important;padding-bottom: 3% !important;padding-left: 2% !important;background-color: #dbdbdb !important;}\u00bb][vc_column css=\u00bb.vc_custom_1606909646254{padding-top: 1% !important;padding-right: 2% !important;padding-bottom: 1% !important;padding-left: 2% !important;}\u00bb][vc_column_text] Los \u00f3rganos de gobierno colegiados y unipersonales corresponden, respectivamente,\u00a0 al Consejo del instituto, la Comisi\u00f3n Ejecutiva y la Direcci\u00f3n. El Consejo est\u00e1&#8230;<\/p>\n","protected":false},"author":2,"featured_media":0,"parent":0,"menu_order":0,"comment_status":"closed","ping_status":"closed","template":"templates\/template-no-title.php","meta":[],"_links":{"self":[{"href":"https:\/\/www.ull.es\/institutos\/instituto-tecnologias-biomedicas\/wp-json\/wp\/v2\/pages\/57"}],"collection":[{"href":"https:\/\/www.ull.es\/institutos\/instituto-tecnologias-biomedicas\/wp-json\/wp\/v2\/pages"}],"about":[{"href":"https:\/\/www.ull.es\/institutos\/instituto-tecnologias-biomedicas\/wp-json\/wp\/v2\/types\/page"}],"author":[{"embeddable":true,"href":"https:\/\/www.ull.es\/institutos\/instituto-tecnologias-biomedicas\/wp-json\/wp\/v2\/users\/2"}],"replies":[{"embeddable":true,"href":"https:\/\/www.ull.es\/institutos\/instituto-tecnologias-biomedicas\/wp-json\/wp\/v2\/comments?post=57"}],"version-history":[{"count":38,"href":"https:\/\/www.ull.es\/institutos\/instituto-tecnologias-biomedicas\/wp-json\/wp\/v2\/pages\/57\/revisions"}],"predecessor-version":[{"id":576,"href":"https:\/\/www.ull.es\/institutos\/instituto-tecnologias-biomedicas\/wp-json\/wp\/v2\/pages\/57\/revisions\/576"}],"wp:attachment":[{"href":"https:\/\/www.ull.es\/institutos\/instituto-tecnologias-biomedicas\/wp-json\/wp\/v2\/media?parent=57"}],"curies":[{"name":"wp","href":"https:\/\/api.w.org\/{rel}","templated":true}]}}