{"id":121,"date":"2021-08-17T19:04:56","date_gmt":"2021-08-17T19:04:56","guid":{"rendered":"https:\/\/www.ull.es\/institutos\/instituto-universitario-bio-organica\/?page_id=121"},"modified":"2021-10-27T10:13:02","modified_gmt":"2021-10-27T10:13:02","slug":"infraestructura-equipamiento","status":"publish","type":"page","link":"https:\/\/www.ull.es\/institutos\/instituto-universitario-bio-organica\/infraestructura-equipamiento\/","title":{"rendered":"Infraestructura \/ equipamiento"},"content":{"rendered":"<p>[vc_row full_width=\u00bbstretch_row_content\u00bb el_class=\u00bbprincipio-marcha\u00bb][vc_column css=\u00bb.vc_custom_1588939369209{padding-top: 40px !important;}\u00bb][vc_custom_heading text=\u00bbInfraestructura \/ equipamiento\u00bb font_container=\u00bbtag:h2|text_align:center|color:%23ffffff\u00bb use_theme_fonts=\u00bbyes\u00bb css_animation=\u00bbfadeInDownBig\u00bb][\/vc_column][\/vc_row][vc_row][vc_column][vc_empty_space][vc_column_text]<\/p>\n<table>\n<tbody>\n<tr>\n<td><b>Nombre Infraestructura<\/b><\/td>\n<td><b>\u00c1rea asociada<\/b><\/td>\n<td><b>Descripci\u00f3n y etiquetas<\/b><\/td>\n<td><b>Descripci\u00f3n del equipamiento<\/b><\/td>\n<\/tr>\n<tr>\n<td><span style=\"font-weight: 400;\">Destilaci\u00f3n<\/span><\/td>\n<td><span style=\"font-weight: 400;\">Servicios generales<\/span><\/td>\n<td><span style=\"font-weight: 400;\">Sala de destilaci\u00f3n de disolventes a granel<\/span><\/td>\n<td><span style=\"font-weight: 400;\">Sistemas de destilaci\u00f3n por vapor para purificaic\u00f3n de disolventes org\u00e1nicos a granel<\/span><\/td>\n<\/tr>\n<tr>\n<td><span style=\"font-weight: 400;\">Screening<\/span><\/td>\n<td><span style=\"font-weight: 400;\">Plataforma de Biodiversidad<\/span><\/td>\n<td><span style=\"font-weight: 400;\">Sala de cultivo de c\u00e9lulas humanas tumorales y sanas para el estudio de la actividad biol\u00f3gica de extractos y compuestos qu\u00edmicos<\/span><\/td>\n<td><span style=\"font-weight: 400;\">Campanas de flujo laminar vertical, incubador termostatizado, centr\u00edfugas, contadores de c\u00e9lulas, autoclave, espectrofot\u00f3metro y lumin\u00f3metro lectores de placa multipocillo, microscopio \u00f3ptico, ultracongelador<\/span><\/td>\n<\/tr>\n<tr>\n<td><span style=\"font-weight: 400;\">Biocultivos<\/span><\/td>\n<td><span style=\"font-weight: 400;\">Plataforma de Biodiversidad<\/span><\/td>\n<td><span style=\"font-weight: 400;\">Sala de cultivo de organismos unicelulares (bacterias y microalgas) de origen marino<\/span><\/td>\n<td><span style=\"font-weight: 400;\">C\u00e1mara termostatizada, campana de flujo laminar horizontal, microscopio \u00f3ptico, autoclave, centr\u00edfugas, cromat\u00f3grafos, ultracongelador<\/span><\/td>\n<\/tr>\n<tr>\n<td><span style=\"font-weight: 400;\">Fitoqu\u00edmica<\/span><\/td>\n<td><span style=\"font-weight: 400;\">Plataforma de Biodiversidad<\/span><\/td>\n<td><span style=\"font-weight: 400;\">Salas de extracci\u00f3n, aislamiento y purificaic\u00f3n de compuestos naturales<\/span><\/td>\n<td><span style=\"font-weight: 400;\">Equipos de eliminaci\u00f3n de disolvente (rotavapores industrial y de sobremesa), Soxhlets de diversos tama\u00f1os para extracci\u00f3n de material vegetal con disolvente, equipo de cromatrograf\u00eda en contracorriente y de alta eficiencia (HPLC), cromatotr\u00f3n,<\/span><\/td>\n<\/tr>\n<tr>\n<td><span style=\"font-weight: 400;\">Biomarcadores de cambio clim\u00e1tico<\/span><\/td>\n<td><span style=\"font-weight: 400;\">Plataforma de Biodiversidad<\/span><\/td>\n<td><span style=\"font-weight: 400;\">Laboratorio de an\u00e1lisis lip\u00eddico y de registro isotr\u00f3pico de deuterio<\/span><\/td>\n<td><span style=\"font-weight: 400;\">Cromat\u00f3grafo de gases para determinaci\u00f3n de compuestos org\u00e1nicos, sistema para medida de proporciones isot\u00f3picas en compuestos espec\u00edficos, sistema para medida de proporciones isot\u00f3picas elementales, equipo para obtenci\u00f3n de espectro de infrarrojos<\/span><\/td>\n<\/tr>\n<tr>\n<td><span style=\"font-weight: 400;\">S\u00edntesis de quimiotecas<\/span><\/td>\n<td><span style=\"font-weight: 400;\">Plataforma de Librer\u00edas Qu\u00edmicas de Inter\u00e9s Terap\u00e9utico<\/span><\/td>\n<td><span style=\"font-weight: 400;\">Equipamiento e infraestructura que permite la s\u00edntesis y purificaci\u00f3n de productos qu\u00edmicos org\u00e1nicos<\/span><\/td>\n<td>Reactor de microondas, placas agitadoras y calefactoras, equipo de cromatograf\u00eda<\/td>\n<\/tr>\n<tr>\n<td><span style=\"font-weight: 400;\">Preparaci\u00f3n de l\u00e1minas<\/span><\/td>\n<td><span style=\"font-weight: 400;\">Plataforma de Materiales y Nanomateriales<\/span><\/td>\n<td><span style=\"font-weight: 400;\">Fabricaci\u00f3n de l\u00e1minas delgadas para laa observaci\u00f3n microsc\u00f3pica, minimizando el uso de productos qu\u00edmicos t\u00f3xicos y sus residuos<\/span><\/td>\n<td><span style=\"font-weight: 400;\">Pulidora de precisi\u00f3n para metales, rocas y otros materiales, cortadora de precisi\u00f3n para metales, rocas y otros materiales, cortadora radial para rocas y otros materiales, estufa de baja temperatura<\/span><\/td>\n<\/tr>\n<\/tbody>\n<\/table>\n<p>[\/vc_column_text][\/vc_column][\/vc_row]<\/p>\n","protected":false},"excerpt":{"rendered":"<p>[vc_row full_width=\u00bbstretch_row_content\u00bb el_class=\u00bbprincipio-marcha\u00bb][vc_column css=\u00bb.vc_custom_1588939369209{padding-top: 40px !important;}\u00bb][vc_custom_heading text=\u00bbInfraestructura \/ equipamiento\u00bb font_container=\u00bbtag:h2|text_align:center|color:%23ffffff\u00bb use_theme_fonts=\u00bbyes\u00bb css_animation=\u00bbfadeInDownBig\u00bb][\/vc_column][\/vc_row][vc_row][vc_column][vc_empty_space][vc_column_text] Nombre Infraestructura \u00c1rea asociada Descripci\u00f3n y etiquetas Descripci\u00f3n del equipamiento Destilaci\u00f3n Servicios generales Sala de destilaci\u00f3n de disolventes a granel Sistemas de destilaci\u00f3n por vapor para purificaic\u00f3n de disolventes org\u00e1nicos a granel Screening Plataforma de Biodiversidad Sala de cultivo de c\u00e9lulas humanas tumorales&#8230;<\/p>\n","protected":false},"author":2,"featured_media":0,"parent":0,"menu_order":0,"comment_status":"closed","ping_status":"closed","template":"templates\/template-no-title.php","meta":[],"_links":{"self":[{"href":"https:\/\/www.ull.es\/institutos\/instituto-universitario-bio-organica\/wp-json\/wp\/v2\/pages\/121"}],"collection":[{"href":"https:\/\/www.ull.es\/institutos\/instituto-universitario-bio-organica\/wp-json\/wp\/v2\/pages"}],"about":[{"href":"https:\/\/www.ull.es\/institutos\/instituto-universitario-bio-organica\/wp-json\/wp\/v2\/types\/page"}],"author":[{"embeddable":true,"href":"https:\/\/www.ull.es\/institutos\/instituto-universitario-bio-organica\/wp-json\/wp\/v2\/users\/2"}],"replies":[{"embeddable":true,"href":"https:\/\/www.ull.es\/institutos\/instituto-universitario-bio-organica\/wp-json\/wp\/v2\/comments?post=121"}],"version-history":[{"count":7,"href":"https:\/\/www.ull.es\/institutos\/instituto-universitario-bio-organica\/wp-json\/wp\/v2\/pages\/121\/revisions"}],"predecessor-version":[{"id":387,"href":"https:\/\/www.ull.es\/institutos\/instituto-universitario-bio-organica\/wp-json\/wp\/v2\/pages\/121\/revisions\/387"}],"wp:attachment":[{"href":"https:\/\/www.ull.es\/institutos\/instituto-universitario-bio-organica\/wp-json\/wp\/v2\/media?parent=121"}],"curies":[{"name":"wp","href":"https:\/\/api.w.org\/{rel}","templated":true}]}}